{"id":12,"date":"2012-01-24T13:52:03","date_gmt":"2012-01-24T12:52:03","guid":{"rendered":"http:\/\/capv2012.pedf.cuni.cz\/?page_id=12"},"modified":"2015-05-07T13:33:04","modified_gmt":"2015-05-07T11:33:04","slug":"konferencni-poplatek","status":"publish","type":"page","link":"https:\/\/pages.pedf.cuni.cz\/capv2012\/konferencni-poplatek\/","title":{"rendered":"Konferen\u010dn\u00ed poplatek"},"content":{"rendered":"<p><span style=\"color: #ff0000\">Pasivn\u00ed \u00fa\u010dastn\u00edci konference bez n\u00e1roku na vystoupen\u00ed v sekci anebo zve\u0159ejn\u011bn\u00ed posteru a \u00fa\u010dast na slavnostn\u00ed shrom\u00e1\u017ed\u011bn\u00ed v Karolinu plat\u00ed konferen\u010dn\u00ed poplatek ve v\u00fd\u0161i <strong>400 K\u010d. <\/strong><\/span><span style=\"color: #ff0000\">\u00da\u010dast na rautu je mo\u017eno zaplatit p\u0159i prezenci. Jednor\u00e1zov\u00fd poplatek \u010din\u00ed <strong>360 K\u010d<\/strong>.<br \/>\n<\/span><\/p>\n<p>\u00da\u010dastn\u00edci s p\u0159\u00edsp\u011bvkem:<\/p>\n<p>V\u00fd\u0161e poplatku: 1800K\u010d\u00a0 (z\u00e1kladn\u00ed), 1400K\u010d (pro \u010dleny \u010cAPV), 1100K\u010d (pro prezen\u010dn\u00ed studenty).<\/p>\n<p>V\u010dasn\u00e1 platba (early birds) &#8211;<span style=\"color: #000000\"><strong> prodlou\u017eena do 15. \u010dervna 2012:<\/strong>\u00a0<\/span> 1600 K\u010d (z\u00e1kladn\u00ed),\u00a0 1200 K\u010d (pro \u010dleny \u010cAPV),\u00a0 900 K\u010d (pro prezen\u010dn\u00ed studenty).<\/p>\n<p>Poplatek zahrnuje informa\u010dn\u00ed materi\u00e1ly v\u010detn\u011b sborn\u00edku anotac\u00ed, ob\u010derstven\u00ed a \u00fa\u010dast na slavnostn\u00edm shrom\u00e1\u017ed\u011bn\u00ed a rautu v Karolinu.<\/p>\n<p>Metodologick\u00fd semin\u00e1\u0159: 400 K\u010d (plat\u00ed se samostatn\u011b)<\/p>\n<p>Bankovn\u00ed\u00a0 \u00fadaje fakulty:<\/p>\n<p>N\u00e1zev majitele \u00fa\u010dtu: Univerzita Karlova v Praze, Pedagogick\u00e1 fakulta<br \/>\nAdresa: M.D.Rettigov\u00e9 4, 116 39 Praha 1<br \/>\nN\u00e1zev a adresa banky: Komer\u010dn\u00ed banka, Sp\u00e1len\u00e1 51, 111\u00a021 Praha 1<br \/>\n\u010c\u00edslo bankovn\u00edho \u00fa\u010dtu: 85236011\/0100<br \/>\npro zahrani\u010dn\u00ed pl\u00e1tce: IBAN: CZ4301000000000085236011<br \/>\nSWIFT CODE: KOMBCZPPXXX<\/p>\n<p>variabiln\u00ed symbol: 892912<\/p>\n<p><strong>Do informace pro p\u0159\u00edjemce platby pros\u00edm uve\u010fte p\u0159\u00edjmen\u00ed pl\u00e1tce!<\/strong><\/p>\n","protected":false},"excerpt":{"rendered":"<p>Pasivn\u00ed \u00fa\u010dastn\u00edci konference bez n\u00e1roku na vystoupen\u00ed v sekci anebo zve\u0159ejn\u011bn\u00ed posteru a \u00fa\u010dast na slavnostn\u00ed shrom\u00e1\u017ed\u011bn\u00ed v Karolinu plat\u00ed konferen\u010dn\u00ed poplatek ve v\u00fd\u0161i 400 K\u010d. \u00da\u010dast na rautu je mo\u017eno zaplatit p\u0159i prezenci. Jednor\u00e1zov\u00fd poplatek \u010din\u00ed 360 K\u010d. \u00da\u010dastn\u00edci s p\u0159\u00edsp\u011bvkem: V\u00fd\u0161e poplatku: 1800K\u010d\u00a0 (z\u00e1kladn\u00ed), 1400K\u010d (pro \u010dleny \u010cAPV), 1100K\u010d (pro prezen\u010dn\u00ed studenty). V\u010dasn\u00e1 &hellip; <a href=\"https:\/\/pages.pedf.cuni.cz\/capv2012\/konferencni-poplatek\/\">Continue reading <span class=\"meta-nav\">&rarr;<\/span><\/a><\/p>\n","protected":false},"author":35,"featured_media":0,"parent":0,"menu_order":0,"comment_status":"closed","ping_status":"closed","template":"","meta":{"footnotes":""},"class_list":["post-12","page","type-page","status-publish","hentry"],"_links":{"self":[{"href":"https:\/\/pages.pedf.cuni.cz\/capv2012\/wp-json\/wp\/v2\/pages\/12","targetHints":{"allow":["GET"]}}],"collection":[{"href":"https:\/\/pages.pedf.cuni.cz\/capv2012\/wp-json\/wp\/v2\/pages"}],"about":[{"href":"https:\/\/pages.pedf.cuni.cz\/capv2012\/wp-json\/wp\/v2\/types\/page"}],"author":[{"embeddable":true,"href":"https:\/\/pages.pedf.cuni.cz\/capv2012\/wp-json\/wp\/v2\/users\/35"}],"replies":[{"embeddable":true,"href":"https:\/\/pages.pedf.cuni.cz\/capv2012\/wp-json\/wp\/v2\/comments?post=12"}],"version-history":[{"count":0,"href":"https:\/\/pages.pedf.cuni.cz\/capv2012\/wp-json\/wp\/v2\/pages\/12\/revisions"}],"wp:attachment":[{"href":"https:\/\/pages.pedf.cuni.cz\/capv2012\/wp-json\/wp\/v2\/media?parent=12"}],"curies":[{"name":"wp","href":"https:\/\/api.w.org\/{rel}","templated":true}]}}