{"id":148,"date":"2012-01-31T23:47:58","date_gmt":"2012-01-31T22:47:58","guid":{"rendered":"http:\/\/capv2012.pedf.cuni.cz\/?page_id=148"},"modified":"2012-01-31T23:47:58","modified_gmt":"2012-01-31T22:47:58","slug":"dulezite-terminy-2","status":"publish","type":"page","link":"https:\/\/pages.pedf.cuni.cz\/capv2012\/dulezite-terminy-2\/","title":{"rendered":"D\u016fle\u017eit\u00e9 term\u00edny"},"content":{"rendered":"<h2><\/h2>\n<table border=\"0\">\n<tbody>\n<tr align=\"left\">\n<td>1.\u201331. b\u0159ezen<\/td>\n<td>\u00a0online p\u0159ihla\u0161ov\u00e1n\u00ed \u00fa\u010dastn\u00edk\u016f<\/td>\n<\/tr>\n<tr align=\"left\">\n<td><strong>31. b\u0159ezen 24.00 hod.<\/strong><\/td>\n<td>\u00a0<strong>deadline pro vlo\u017een\u00ed abstraktu<\/strong><\/td>\n<\/tr>\n<tr>\n<td colspan=\"1\"><strong>10. dubna 12.00 hod. <\/strong><\/td>\n<td colspan=\"1\"><strong>deadline pro \u00fapravy abstrakt\u016f autory<\/strong><\/td>\n<\/tr>\n<tr align=\"left\">\n<td>konec dubna<\/td>\n<td>\u00a0vyrozum\u011bn\u00ed \u00fa\u010dastn\u00edk\u016f o za\u0159azen\u00ed p\u0159\u00edsp\u011bvku do sekce<\/td>\n<\/tr>\n<tr align=\"left\">\n<td>konec kv\u011btna<\/td>\n<td>\u00a0p\u0159edb\u011b\u017en\u00fd program konference<\/td>\n<\/tr>\n<tr>\n<td colspan=\"1\"><span style=\"color: #ff0000\">do 15. \u010dervna<\/span><\/td>\n<td colspan=\"1\">\u00a0v\u010dasn\u00e1 platba konferen\u010dn\u00edho poplatku se slevou<\/td>\n<\/tr>\n<tr>\n<td colspan=\"1\">do 30. \u010dervna<\/td>\n<td colspan=\"1\">\u00a0platba konferen\u010dn\u00edho poplatku<\/td>\n<\/tr>\n<tr>\n<td colspan=\"1\">do 30. \u010dervna<\/td>\n<td colspan=\"1\">\u00a0p\u0159ihl\u00e1\u0161en\u00ed bez p\u0159\u00edsp\u011bvku<\/td>\n<\/tr>\n<tr align=\"left\">\n<td>konec \u010dervence<\/td>\n<td>\u00a0definitivn\u00ed program konference<\/td>\n<\/tr>\n<tr align=\"left\">\n<td>konec srpna<\/td>\n<td>\u00a0vyd\u00e1n\u00ed sborn\u00edku anotac\u00ed<\/td>\n<\/tr>\n<tr align=\"left\">\n<td><strong>10.\u201312. z\u00e1\u0159\u00ed 2012<\/strong><\/td>\n<td>\u00a0<strong>term\u00edn kon\u00e1n\u00ed konference<\/strong><\/td>\n<\/tr>\n<tr>\n<td colspan=\"1\"><del>30. z\u00e1\u0159\u00ed<\/del>15. \u0159\u00edjna<\/td>\n<td colspan=\"1\">\u00a0nejzaz\u0161\u00ed term\u00edn odevzd\u00e1n\u00ed p\u0159\u00edsp\u011bvku do sborn\u00edku<\/td>\n<\/tr>\n<tr align=\"left\">\n<td>listopad 2012<\/td>\n<td>\u00a0vyd\u00e1n\u00ed recenzovan\u00e9ho sborn\u00edku z konference<\/td>\n<\/tr>\n<\/tbody>\n<\/table>\n","protected":false},"excerpt":{"rendered":"<p>1.\u201331. b\u0159ezen \u00a0online p\u0159ihla\u0161ov\u00e1n\u00ed \u00fa\u010dastn\u00edk\u016f 31. b\u0159ezen 24.00 hod. \u00a0deadline pro vlo\u017een\u00ed abstraktu 10. dubna 12.00 hod. deadline pro \u00fapravy abstrakt\u016f autory konec dubna \u00a0vyrozum\u011bn\u00ed \u00fa\u010dastn\u00edk\u016f o za\u0159azen\u00ed p\u0159\u00edsp\u011bvku do sekce konec kv\u011btna \u00a0p\u0159edb\u011b\u017en\u00fd program konference do 15. \u010dervna \u00a0v\u010dasn\u00e1 platba konferen\u010dn\u00edho poplatku se slevou do 30. \u010dervna \u00a0platba konferen\u010dn\u00edho poplatku do 30. \u010dervna \u00a0p\u0159ihl\u00e1\u0161en\u00ed &hellip; <a href=\"https:\/\/pages.pedf.cuni.cz\/capv2012\/dulezite-terminy-2\/\">Continue reading <span class=\"meta-nav\">&rarr;<\/span><\/a><\/p>\n","protected":false},"author":35,"featured_media":0,"parent":0,"menu_order":0,"comment_status":"closed","ping_status":"closed","template":"","meta":{"footnotes":""},"class_list":["post-148","page","type-page","status-publish","hentry"],"_links":{"self":[{"href":"https:\/\/pages.pedf.cuni.cz\/capv2012\/wp-json\/wp\/v2\/pages\/148","targetHints":{"allow":["GET"]}}],"collection":[{"href":"https:\/\/pages.pedf.cuni.cz\/capv2012\/wp-json\/wp\/v2\/pages"}],"about":[{"href":"https:\/\/pages.pedf.cuni.cz\/capv2012\/wp-json\/wp\/v2\/types\/page"}],"author":[{"embeddable":true,"href":"https:\/\/pages.pedf.cuni.cz\/capv2012\/wp-json\/wp\/v2\/users\/35"}],"replies":[{"embeddable":true,"href":"https:\/\/pages.pedf.cuni.cz\/capv2012\/wp-json\/wp\/v2\/comments?post=148"}],"version-history":[{"count":0,"href":"https:\/\/pages.pedf.cuni.cz\/capv2012\/wp-json\/wp\/v2\/pages\/148\/revisions"}],"wp:attachment":[{"href":"https:\/\/pages.pedf.cuni.cz\/capv2012\/wp-json\/wp\/v2\/media?parent=148"}],"curies":[{"name":"wp","href":"https:\/\/api.w.org\/{rel}","templated":true}]}}