{"id":450,"date":"2012-01-24T13:51:37","date_gmt":"2012-01-24T12:51:37","guid":{"rendered":"http:\/\/capv2012.pedf.cuni.cz\/?page_id=8"},"modified":"2015-05-07T13:32:38","modified_gmt":"2015-05-07T11:32:38","slug":"formy-prezentace","status":"publish","type":"page","link":"https:\/\/pages.pedf.cuni.cz\/capv2012\/formy-prezentace\/","title":{"rendered":"Formy prezentace"},"content":{"rendered":"<div>\n<ul>\n<li>\n<h3><strong>Poster <\/strong><strong><br \/>\n<\/strong><\/h3>\n<\/li>\n<\/ul>\n<p>Akademick\u00fd poster je grafick\u00e1 prezentace v\u00fdsledk\u016f v\u011bdeck\u00e9 pr\u00e1ce. Preferov\u00e1ny jsou zejm\u00e9na postery empiricko-v\u00fdzkumn\u00e9ho charakteru: informace o chystan\u00fdch v\u00fdzkumn\u00fdch \u0161et\u0159en\u00edch, prezentace pr\u016fb\u011b\u017en\u00fdch v\u00fdsledk\u016f v\u00fdzkumu apod. Auto\u0159i poster\u016f budou p\u0159\u00edtomni na posterov\u00e9 sekci, kde budou m\u00edt p\u0159\u00edle\u017eitost p\u0159edstavit sv\u016fj poster a diskutovat s ostatn\u00edmi \u00fa\u010dastn\u00edky konference.\u00a0 Nejlep\u0161\u00ed postery v kategori\u00edch \u201eAkademi\u010dt\u00ed pracovn\u00edci\u201c a \u201eDoktorandi\u201c budou ocen\u011bny. Seznam p\u0159ihl\u00e1\u0161en\u00fdch poster\u016f najdete ve <a href=\"http:\/\/capv2012.pedf.cuni.cz\/wp-content\/uploads\/2012\/08\/Kvalita_ve_vzdelavani_nahled5.pdf\" target=\"_blank\">Sborn\u00edku anotac\u00ed<\/a>, <a href=\"http:\/\/capv2012.pedf.cuni.cz\/wp-content\/uploads\/2012\/06\/CAPV_postery.pdf\" target=\"_blank\">pokyny pro form\u00e1ln\u00ed \u00fapravu a krit\u00e9ria hodnocen\u00ed<\/a> ve slo\u017ece <a href=\"http:\/\/capv2012.pedf.cuni.cz\/?page_id=10\">Ke sta\u017een\u00ed<\/a>. <em><br \/>\n<\/em><\/p>\n<ul>\n<li>\n<h3><strong>Vystoupen\u00ed v sekci<\/strong><\/h3>\n<\/li>\n<\/ul>\n<p>Vystoupen\u00edm v sekci se rozum\u00ed p\u0159ednesen\u00ed p\u0159\u00edsp\u011bvku v tematicky zam\u011b\u0159en\u00e9 sekci dle programu sestaven\u00e9ho organiz\u00e1tory konference. Prezentov\u00e1ny budou teoretick\u00e9, p\u0159ehledov\u00e9 nebo empiricko-v\u00fdzkumn\u00e9 p\u0159\u00edsp\u011bvky, kter\u00e9 p\u0159in\u00e1\u0161ej\u00ed ucelen\u00e9 v\u00fdsledky.<\/p>\n<p><strong>Jednotliv\u00e9 bloky maj\u00ed d\u00e9lku 90 minut<\/strong>, zpravidla je za\u0159azeno 5 vystoupen\u00ed do bloku. Organiz\u00e1to\u0159i a garanti \u017e\u00e1daj\u00ed, aby byl dodr\u017een <strong>\u010dasov\u00fd limit 10 minut <\/strong>na jedno vystoupen\u00ed a v\u0161echny p\u0159\u00edsp\u011bvky tak mohly b\u00fdt p\u0159edneseny. Zb\u00fdvaj\u00edc\u00ed \u010das je ur\u010den diskusi, kterou moderuje a jej\u00ed\u017e pravidla ur\u010duje p\u0159edsedaj\u00edc\u00ed.<\/p>\n<p><em><span style=\"color: #000000\">P\u0159\u00edsp\u011bvky ze sekc\u00ed je mo\u017eno publikovat ve sborn\u00edku. <strong>Sborn\u00edk vybran\u00fdch p\u0159\u00edsp\u011bvk\u016f<\/strong>, kter\u00e9 projdou recenzn\u00edm \u0159\u00edzen\u00edm, bude vyd\u00e1n po skon\u010den\u00ed konference v\u00a0elektronick\u00e9 podob\u011b. Stanoven\u00fd rozsah p\u0159\u00edsp\u011bvk\u016f je 8 \u2013 15 NS. <a href=\"http:\/\/capv2012.pedf.cuni.cz\/wp-content\/uploads\/2012\/01\/PokynyProAutoryDleAPA_120111.pdf\" target=\"_blank\">Po\u017eadavky k\u00a0jejich form\u00e1ln\u00ed \u00faprav\u011b<\/a> jsou uve\u0159ejn\u011bny na webov\u00e9 str\u00e1nce konference v\u00a0rubrice <a href=\"http:\/\/capv2012.pedf.cuni.cz\/?page_id=10\">Ke sta\u017een\u00ed<\/a>. \u00a0Texty p\u0159\u00edsp\u011bvk\u016f zas\u00edlejte na adresu <a href=\"mailto:vera.jezkova@pedf.cuni.cz\"><span style=\"color: #000000\">vera.jezkova@pedf.cuni.cz<\/span><\/a> nejpozd\u011bji <strong>do konce z\u00e1\u0159\u00ed.<\/strong><\/span><\/em><\/p>\n<ul>\n<li>\n<h3><strong>Sympozium<\/strong><\/h3>\n<\/li>\n<\/ul>\n<p>Sympoziem rozum\u00edme \u00fazce tematicky zam\u011b\u0159en\u00e9 setk\u00e1n\u00ed odborn\u00edk\u016f spojen\u00e9 s v\u011bdeckou diskus\u00ed o dan\u00e9 problematice. B\u011bhem jedn\u00e1n\u00ed v sympoziu prob\u00edh\u00e1 n\u011bkolik (zpravidla 3\u20135) vystoupen\u00ed k p\u0159\u00edslu\u0161n\u00e9mu t\u00e9matu, reprezentuj\u00edc\u00ed v\u011bt\u0161inou r\u016fzn\u00e9 \u00fahly pohledu, p\u0159\u00edpadn\u011b i r\u016fzn\u00e9 v\u00fdzkumn\u00e9 t\u00fdmy. Tematick\u00e1 profilace symp\u00f3zia a tematick\u00e9 i \u010dasov\u00e9 \u0159azen\u00ed vystoupen\u00ed je v kompetenci organiz\u00e1tora sympozia, d\u00e9lka trv\u00e1n\u00ed sympozia je 90 minut. Sou\u010d\u00e1st\u00ed jedn\u00e1n\u00ed sympozia je vystoupen\u00ed diskutanta, kter\u00fd je odborn\u00edkem na dan\u00e9 t\u00e9ma, ale nen\u00ed spolu\u0159e\u0161itelem prezentovan\u00fdch v\u00fdzkum<\/p>\n<\/div>\n","protected":false},"excerpt":{"rendered":"<p>Poster Akademick\u00fd poster je grafick\u00e1 prezentace v\u00fdsledk\u016f v\u011bdeck\u00e9 pr\u00e1ce. Preferov\u00e1ny jsou zejm\u00e9na postery empiricko-v\u00fdzkumn\u00e9ho charakteru: informace o chystan\u00fdch v\u00fdzkumn\u00fdch \u0161et\u0159en\u00edch, prezentace pr\u016fb\u011b\u017en\u00fdch v\u00fdsledk\u016f v\u00fdzkumu apod. Auto\u0159i poster\u016f budou p\u0159\u00edtomni na posterov\u00e9 sekci, kde budou m\u00edt p\u0159\u00edle\u017eitost p\u0159edstavit sv\u016fj poster a diskutovat s ostatn\u00edmi \u00fa\u010dastn\u00edky konference.\u00a0 Nejlep\u0161\u00ed postery v kategori\u00edch \u201eAkademi\u010dt\u00ed pracovn\u00edci\u201c a \u201eDoktorandi\u201c budou ocen\u011bny. &hellip; <a href=\"https:\/\/pages.pedf.cuni.cz\/capv2012\/formy-prezentace\/\">Continue reading <span class=\"meta-nav\">&rarr;<\/span><\/a><\/p>\n","protected":false},"author":35,"featured_media":0,"parent":0,"menu_order":0,"comment_status":"closed","ping_status":"closed","template":"","meta":{"footnotes":""},"class_list":["post-450","page","type-page","status-publish","hentry"],"_links":{"self":[{"href":"https:\/\/pages.pedf.cuni.cz\/capv2012\/wp-json\/wp\/v2\/pages\/450","targetHints":{"allow":["GET"]}}],"collection":[{"href":"https:\/\/pages.pedf.cuni.cz\/capv2012\/wp-json\/wp\/v2\/pages"}],"about":[{"href":"https:\/\/pages.pedf.cuni.cz\/capv2012\/wp-json\/wp\/v2\/types\/page"}],"author":[{"embeddable":true,"href":"https:\/\/pages.pedf.cuni.cz\/capv2012\/wp-json\/wp\/v2\/users\/35"}],"replies":[{"embeddable":true,"href":"https:\/\/pages.pedf.cuni.cz\/capv2012\/wp-json\/wp\/v2\/comments?post=450"}],"version-history":[{"count":0,"href":"https:\/\/pages.pedf.cuni.cz\/capv2012\/wp-json\/wp\/v2\/pages\/450\/revisions"}],"wp:attachment":[{"href":"https:\/\/pages.pedf.cuni.cz\/capv2012\/wp-json\/wp\/v2\/media?parent=450"}],"curies":[{"name":"wp","href":"https:\/\/api.w.org\/{rel}","templated":true}]}}

<div>
<ul>
<li>
<h3><strong>Poster </strong><strong><br />
</strong></h3>
</li>
</ul>
<p>Akademický poster je grafická prezentace výsledků vědecké práce. Preferovány jsou zejména postery empiricko-výzkumného charakteru: informace o chystaných výzkumných šetřeních, prezentace průběžných výsledků výzkumu apod. Autoři posterů budou přítomni na posterové sekci, kde budou mít příležitost představit svůj poster a diskutovat s ostatními účastníky konference.  Nejlepší postery v kategoriích „Akademičtí pracovníci“ a „Doktorandi“ budou oceněny. Seznam přihlášených posterů najdete ve <a href="http://capv2012.pedf.cuni.cz/wp-content/uploads/2012/08/Kvalita_ve_vzdelavani_nahled5.pdf" target="_blank">Sborníku anotací</a>, <a href="http://capv2012.pedf.cuni.cz/wp-content/uploads/2012/06/CAPV_postery.pdf" target="_blank">pokyny pro formální úpravu a kritéria hodnocení</a> ve složce <a href="http://capv2012.pedf.cuni.cz/?page_id=10">Ke stažení</a>. <em><br />
</em></p>
<ul>
<li>
<h3><strong>Vystoupení v sekci</strong></h3>
</li>
</ul>
<p>Vystoupením v sekci se rozumí přednesení příspěvku v tematicky zaměřené sekci dle programu sestaveného organizátory konference. Prezentovány budou teoretické, přehledové nebo empiricko-výzkumné příspěvky, které přinášejí ucelené výsledky.</p>
<p><strong>Jednotlivé bloky mají délku 90 minut</strong>, zpravidla je zařazeno 5 vystoupení do bloku. Organizátoři a garanti žádají, aby byl dodržen <strong>časový limit 10 minut </strong>na jedno vystoupení a všechny příspěvky tak mohly být předneseny. Zbývající čas je určen diskusi, kterou moderuje a jejíž pravidla určuje předsedající.</p>
<p><em><span style="color: #000000">Příspěvky ze sekcí je možno publikovat ve sborníku. <strong>Sborník vybraných příspěvků</strong>, které projdou recenzním řízením, bude vydán po skončení konference v elektronické podobě. Stanovený rozsah příspěvků je 8 – 15 NS. <a href="http://capv2012.pedf.cuni.cz/wp-content/uploads/2012/01/PokynyProAutoryDleAPA_120111.pdf" target="_blank">Požadavky k jejich formální úpravě</a> jsou uveřejněny na webové stránce konference v rubrice <a href="http://capv2012.pedf.cuni.cz/?page_id=10">Ke stažení</a>.  Texty příspěvků zasílejte na adresu <a href="mailto:vera.jezkova@pedf.cuni.cz"><span style="color: #000000">vera.jezkova@pedf.cuni.cz</span></a> nejpozději <strong>do konce září.</strong></span></em></p>
<ul>
<li>
<h3><strong>Sympozium</strong></h3>
</li>
</ul>
<p>Sympoziem rozumíme úzce tematicky zaměřené setkání odborníků spojené s vědeckou diskusí o dané problematice. Během jednání v sympoziu probíhá několik (zpravidla 3–5) vystoupení k příslušnému tématu, reprezentující většinou různé úhly pohledu, případně i různé výzkumné týmy. Tematická profilace sympózia a tematické i časové řazení vystoupení je v kompetenci organizátora sympozia, délka trvání sympozia je 90 minut. Součástí jednání sympozia je vystoupení diskutanta, který je odborníkem na dané téma, ale není spoluřešitelem prezentovaných výzkum</p>
</div>

<p>Poster Akademický poster je grafická prezentace výsledků vědecké práce. Preferovány jsou zejména postery empiricko-výzkumného charakteru: informace o chystaných výzkumných šetřeních, prezentace průběžných výsledků výzkumu apod. Autoři posterů budou přítomni na posterové sekci, kde budou mít příležitost představit svůj poster a diskutovat s ostatními účastníky konference.  Nejlepší postery v kategoriích „Akademičtí pracovníci“ a „Doktorandi“ budou oceněny. &hellip; <a href="https://pages.pedf.cuni.cz/capv2012/formy-prezentace/">Continue reading <span class="meta-nav">&rarr;</span></a></p>
