{"id":481,"date":"2012-09-12T15:07:09","date_gmt":"2012-09-12T13:07:09","guid":{"rendered":"http:\/\/capv2012.pedf.cuni.cz\/?page_id=481"},"modified":"2015-05-07T13:34:20","modified_gmt":"2015-05-07T11:34:20","slug":"zprava-z-konference","status":"publish","type":"page","link":"https:\/\/pages.pedf.cuni.cz\/capv2012\/zprava-z-konference\/","title":{"rendered":"Zpr\u00e1va z konference"},"content":{"rendered":"<p>E. Walterov\u00e1, <a href=\"http:\/\/capv2012.pedf.cuni.cz\/wp-content\/uploads\/2012\/09\/XX_v%C3%BDro%C4%8Dn%C3%AD_konference_%C4%8CAPV_bilan%C4%8Dn%C3%AD_%C4%8D%C3%A1st.pdf\" target=\"_blank\">Bilance XX. v\u00fdro\u010dn\u00ed konference \u010cAPV<\/a><\/p>\n","protected":false},"excerpt":{"rendered":"<p>E. Walterov\u00e1, Bilance XX. v\u00fdro\u010dn\u00ed konference \u010cAPV<\/p>\n","protected":false},"author":35,"featured_media":0,"parent":0,"menu_order":0,"comment_status":"closed","ping_status":"closed","template":"","meta":{"footnotes":""},"class_list":["post-481","page","type-page","status-publish","hentry"],"_links":{"self":[{"href":"https:\/\/pages.pedf.cuni.cz\/capv2012\/wp-json\/wp\/v2\/pages\/481","targetHints":{"allow":["GET"]}}],"collection":[{"href":"https:\/\/pages.pedf.cuni.cz\/capv2012\/wp-json\/wp\/v2\/pages"}],"about":[{"href":"https:\/\/pages.pedf.cuni.cz\/capv2012\/wp-json\/wp\/v2\/types\/page"}],"author":[{"embeddable":true,"href":"https:\/\/pages.pedf.cuni.cz\/capv2012\/wp-json\/wp\/v2\/users\/35"}],"replies":[{"embeddable":true,"href":"https:\/\/pages.pedf.cuni.cz\/capv2012\/wp-json\/wp\/v2\/comments?post=481"}],"version-history":[{"count":0,"href":"https:\/\/pages.pedf.cuni.cz\/capv2012\/wp-json\/wp\/v2\/pages\/481\/revisions"}],"wp:attachment":[{"href":"https:\/\/pages.pedf.cuni.cz\/capv2012\/wp-json\/wp\/v2\/media?parent=481"}],"curies":[{"name":"wp","href":"https:\/\/api.w.org\/{rel}","templated":true}]}}