{"id":641,"date":"2012-10-15T23:39:43","date_gmt":"2012-10-15T21:39:43","guid":{"rendered":"http:\/\/capv2012.pedf.cuni.cz\/?page_id=641"},"modified":"2015-05-07T13:34:16","modified_gmt":"2015-05-07T11:34:16","slug":"videozaznam","status":"publish","type":"page","link":"https:\/\/pages.pedf.cuni.cz\/capv2012\/videozaznam\/","title":{"rendered":"Videoz\u00e1znamy"},"content":{"rendered":"<p>Zde si m\u016f\u017eete st\u00e1hnout videoz\u00e1znamy plen\u00e1rn\u00edch jedn\u00e1n\u00ed konference:<\/p>\n<p><a href=\"http:\/\/capv2012.pedf.cuni.cz\/wp-content\/uploads\/2012\/09\/1-CAPV2012-Moos-Prucha.wmv\">1 &#8211; zah\u00e1jen\u00ed, prof. Moos a prof. Pr\u016fcha<\/a><\/p>\n<p><a href=\"http:\/\/capv2012.pedf.cuni.cz\/wp-content\/uploads\/2012\/09\/2-CAPV2012-Santiago.wmv\">2 &#8211;\u00a0dr. Santiago<\/a><\/p>\n<p><a href=\"http:\/\/capv2012.pedf.cuni.cz\/wp-content\/uploads\/2012\/09\/3-CAPV2012-diskuse-zaver.wmv\">3 &#8211; panelov\u00e1 diskuse, z\u00e1v\u011br<\/a><\/p>\n","protected":false},"excerpt":{"rendered":"<p>Zde si m\u016f\u017eete st\u00e1hnout videoz\u00e1znamy plen\u00e1rn\u00edch jedn\u00e1n\u00ed konference: 1 &#8211; zah\u00e1jen\u00ed, prof. Moos a prof. Pr\u016fcha 2 &#8211;\u00a0dr. Santiago 3 &#8211; panelov\u00e1 diskuse, z\u00e1v\u011br<\/p>\n","protected":false},"author":35,"featured_media":0,"parent":0,"menu_order":0,"comment_status":"closed","ping_status":"closed","template":"","meta":{"footnotes":""},"class_list":["post-641","page","type-page","status-publish","hentry"],"_links":{"self":[{"href":"https:\/\/pages.pedf.cuni.cz\/capv2012\/wp-json\/wp\/v2\/pages\/641","targetHints":{"allow":["GET"]}}],"collection":[{"href":"https:\/\/pages.pedf.cuni.cz\/capv2012\/wp-json\/wp\/v2\/pages"}],"about":[{"href":"https:\/\/pages.pedf.cuni.cz\/capv2012\/wp-json\/wp\/v2\/types\/page"}],"author":[{"embeddable":true,"href":"https:\/\/pages.pedf.cuni.cz\/capv2012\/wp-json\/wp\/v2\/users\/35"}],"replies":[{"embeddable":true,"href":"https:\/\/pages.pedf.cuni.cz\/capv2012\/wp-json\/wp\/v2\/comments?post=641"}],"version-history":[{"count":0,"href":"https:\/\/pages.pedf.cuni.cz\/capv2012\/wp-json\/wp\/v2\/pages\/641\/revisions"}],"wp:attachment":[{"href":"https:\/\/pages.pedf.cuni.cz\/capv2012\/wp-json\/wp\/v2\/media?parent=641"}],"curies":[{"name":"wp","href":"https:\/\/api.w.org\/{rel}","templated":true}]}}