{"id":84,"date":"2012-01-25T04:24:57","date_gmt":"2012-01-25T03:24:57","guid":{"rendered":"http:\/\/capv2012.pedf.cuni.cz\/?page_id=84"},"modified":"2015-05-07T13:33:43","modified_gmt":"2015-05-07T11:33:43","slug":"online-prihlasovani","status":"publish","type":"page","link":"https:\/\/pages.pedf.cuni.cz\/capv2012\/online-prihlasovani\/","title":{"rendered":"P\u0159ihla\u0161ov\u00e1n\u00ed"},"content":{"rendered":"<p style=\"text-align: left\">Online p\u0159ihla\u0161ov\u00e1n\u00ed <strong>na konferenci<\/strong> bylo otev\u0159eno od 1. b\u0159ezna 2012, p\u0159\u00edsp\u011bvky bylo mo\u017en\u00e9 p\u0159ihl\u00e1sit do 31. b\u0159ezna 2012. <span style=\"color: #000000\">Vzhledem k tomu, \u017ee n\u011bkte\u0159\u00ed auto\u0159i se nestihli v\u010das p\u0159ihl\u00e1sit, rozhodli jsme se prodlou\u017eit term\u00edn do \u00fater\u00fd 10. dubna do 12.00 hod. <\/span><\/p>\n<p style=\"text-align: left\">Online p\u0159ihla\u0161ov\u00e1n\u00ed p\u0159\u00edsp\u011bvk\u016f na konferenci bylo uzav\u0159eno. Pokud se chcete p\u0159ihl\u00e1sit k \u00fa\u010dasti bez p\u0159\u00edsp\u011bvku, m\u016f\u017eete tak u\u010dinit zasl\u00e1n\u00edm osobn\u00edch \u00fadaj\u016f (shodn\u00fdch jako pro p\u0159ihl\u00e1\u0161en\u00ed do metodologick\u00e9ho semin\u00e1\u0159e &#8211; viz dole)\u00a0na kontaktn\u00ed email<strong>:\u00a0 <a href=\"mailto:capv2012@pedf.cuni.cz\">capv2012@pedf.cuni.cz<\/a><\/strong><\/p>\n<p><em><strong>Pro za\u0159azen\u00ed p\u0159\u00edsp\u011bvku byly po\u017eadov\u00e1ny n\u00e1sleduj\u00edc\u00ed informace:<br \/>\n<\/strong><br \/>\n<\/em><\/p>\n<ul>\n<li>Forma p\u0159\u00edsp\u011bvku &#8211; poster, vystoupen\u00ed v sekci nebo vystoupen\u00ed v sympoziu<\/li>\n<\/ul>\n<ul>\n<li>Charakter p\u0159\u00edsp\u011bvku &#8211;\u00a0 empirick\u00fd, teoretick\u00fd, komparativn\u00ed nebo metodologick\u00fd<\/li>\n<\/ul>\n<ul>\n<li>Tem<a href=\"http:\/\/capv2012.pedf.cuni.cz\/?page_id=22\">atick\u00e9 za\u0159azen\u00ed p\u0159\u00edsp\u011bvku<\/a><\/li>\n<\/ul>\n<ul>\n<li>\u00dadaje do ti\u0161t\u011bn\u00e9ho konferen\u010dn\u00edho materi\u00e1lu (v z\u00e1vorce je max. po\u010det znak\u016f v\u010detn\u011b mezer):<\/li>\n<\/ul>\n<p style=\"padding-left: 60px\">1. N\u00e1zev CZ (200)<br \/>\n2. N\u00e1zev EN (200)<br \/>\n3. Kl\u00ed\u010dov\u00e1 slova CZ (150)<br \/>\n4. Kl\u00ed\u010dov\u00e1 slova EN (150)<br \/>\n5. Anotace p\u0159\u00edsp\u011bvku pro zve\u0159ejn\u011bn\u00ed v ti\u0161t\u011bn\u00e9m sborn\u00edku (min. 800 &#8211; max. 1200 znak\u016f v\u010detn\u011b mezer)<\/p>\n<ul>\n<li>Strukturovan\u00fd abstrakt pro zve\u0159ejn\u011bn\u00ed na webu konference:<\/li>\n<\/ul>\n<p style=\"padding-left: 60px\">6. T\u00e9ma, c\u00edle a kontext v\u00fdzkumu (500)<br \/>\n7. Teoretick\u00e1 v\u00fdchodiska (500)<br \/>\n8. Metodologie (zdroje dat, v\u00fdzkumn\u00e9 metody)(500)<br \/>\n9. V\u00fdsledky a z\u00e1v\u011bry (500)<\/p>\n<p style=\"padding-left: 60px\">10. Bibliografie (max. 5 nejv\u00fdznamn\u011bj\u0161\u00edch titul\u016f)<\/p>\n<p>&nbsp;<\/p>\n<ul>\n<li>Online p\u0159ihla\u0161ov\u00e1n\u00ed <strong>na metodologick\u00fd semin\u00e1\u0159<\/strong> je otev\u0159eno od 1. b\u0159ezna\u00a0<span style=\"color: #ff0000\">do konce \u010dervna 2012<\/span>.<\/li>\n<li><a href=\"http:\/\/capv2012.pedf.cuni.cz\/regform\/reg\"><strong>* * *\u00a0 VSTUP DO ONLINE REGISTRACE NA METODOLOGICK\u00dd SEMIN\u00c1\u0158 ZDE\u00a0 * * *<\/strong><\/a><\/li>\n<\/ul>\n<p style=\"text-align: center\"><span style=\"background-color: #ffffff\"><strong><br \/>\n<\/strong><\/span><\/p>\n","protected":false},"excerpt":{"rendered":"<p>Online p\u0159ihla\u0161ov\u00e1n\u00ed na konferenci bylo otev\u0159eno od 1. b\u0159ezna 2012, p\u0159\u00edsp\u011bvky bylo mo\u017en\u00e9 p\u0159ihl\u00e1sit do 31. b\u0159ezna 2012. Vzhledem k tomu, \u017ee n\u011bkte\u0159\u00ed auto\u0159i se nestihli v\u010das p\u0159ihl\u00e1sit, rozhodli jsme se prodlou\u017eit term\u00edn do \u00fater\u00fd 10. dubna do 12.00 hod. Online p\u0159ihla\u0161ov\u00e1n\u00ed p\u0159\u00edsp\u011bvk\u016f na konferenci bylo uzav\u0159eno. Pokud se chcete p\u0159ihl\u00e1sit k \u00fa\u010dasti bez p\u0159\u00edsp\u011bvku, &hellip; <a href=\"https:\/\/pages.pedf.cuni.cz\/capv2012\/online-prihlasovani\/\">Continue reading <span class=\"meta-nav\">&rarr;<\/span><\/a><\/p>\n","protected":false},"author":35,"featured_media":0,"parent":0,"menu_order":0,"comment_status":"closed","ping_status":"closed","template":"","meta":{"footnotes":""},"class_list":["post-84","page","type-page","status-publish","hentry"],"_links":{"self":[{"href":"https:\/\/pages.pedf.cuni.cz\/capv2012\/wp-json\/wp\/v2\/pages\/84","targetHints":{"allow":["GET"]}}],"collection":[{"href":"https:\/\/pages.pedf.cuni.cz\/capv2012\/wp-json\/wp\/v2\/pages"}],"about":[{"href":"https:\/\/pages.pedf.cuni.cz\/capv2012\/wp-json\/wp\/v2\/types\/page"}],"author":[{"embeddable":true,"href":"https:\/\/pages.pedf.cuni.cz\/capv2012\/wp-json\/wp\/v2\/users\/35"}],"replies":[{"embeddable":true,"href":"https:\/\/pages.pedf.cuni.cz\/capv2012\/wp-json\/wp\/v2\/comments?post=84"}],"version-history":[{"count":0,"href":"https:\/\/pages.pedf.cuni.cz\/capv2012\/wp-json\/wp\/v2\/pages\/84\/revisions"}],"wp:attachment":[{"href":"https:\/\/pages.pedf.cuni.cz\/capv2012\/wp-json\/wp\/v2\/media?parent=84"}],"curies":[{"name":"wp","href":"https:\/\/api.w.org\/{rel}","templated":true}]}}