{"id":3349,"date":"2021-11-13T13:12:01","date_gmt":"2021-11-13T12:12:01","guid":{"rendered":"https:\/\/pages.pedf.cuni.cz\/cizijazyky\/?page_id=3349"},"modified":"2023-10-07T23:13:07","modified_gmt":"2023-10-07T21:13:07","slug":"uvodni-stranka-2","status":"publish","type":"page","link":"https:\/\/pages.pedf.cuni.cz\/cizijazyky\/","title":{"rendered":"\u00davodn\u00ed str\u00e1nka"},"content":{"rendered":"<p>[et_pb_section fb_built=&#8220;1&#8243; fullwidth=&#8220;on&#8220; custom_padding_last_edited=&#8220;on|desktop&#8220; admin_label=&#8220;Section&#8220; _builder_version=&#8220;3.22.3&#8243; custom_padding=&#8220;0px|0px|0|0px|false|false&#8220; custom_padding_tablet=&#8220;50px|0|50px|0&#8243; custom_padding_phone=&#8220;&#8220; hover_enabled=&#8220;0&#8243; transparent_background=&#8220;off&#8220; global_colors_info=&#8220;{}&#8220; sticky_enabled=&#8220;0&#8243;][et_pb_fullwidth_slider use_bg_overlay=&#8220;off&#8220; use_text_overlay=&#8220;off&#8220; admin_label=&#8220;Fullwidth Slider&#8220; _builder_version=&#8220;4.13.1&#8243; header_font=&#8220;Raleway|on|||&#8220; header_text_color=&#8220;#0065cb&#8220; header_font_size=&#8220;9em&#8220; body_font=&#8220;Source Sans Pro||||&#8220; body_text_color=&#8220;#FFFFFF&#8220; body_font_size=&#8220;36&#8243; body_line_height=&#8220;1.2em&#8220; custom_button=&#8220;on&#8220; button_text_size=&#8220;16&#8243; button_text_color=&#8220;#ffffff&#8220; button_bg_color=&#8220;#0065cb&#8220; button_border_width=&#8220;9&#8243; button_border_color=&#8220;#0065cb&#8220; button_border_radius=&#8220;100&#8243; button_letter_spacing=&#8220;3&#8243; button_font=&#8220;Source Sans Pro|on|||&#8220; custom_padding=&#8220;10em||10em|0px|false|false&#8220; custom_padding_tablet=&#8220;|||&#8220; custom_padding_phone=&#8220;|||&#8220; header_font_size_tablet=&#8220;20px&#8220; header_font_size_phone=&#8220;&#8220; header_font_size_last_edited=&#8220;on|tablet&#8220; body_line_height_tablet=&#8220;&#8220; body_line_height_phone=&#8220;&#8220; body_line_height_last_edited=&#8220;on|phone&#8220; button_letter_spacing_tablet=&#8220;0&#8243; button_letter_spacing_phone=&#8220;&#8220; button_letter_spacing_last_edited=&#8220;on|desktop&#8220; custom_css_slide_button=&#8220;margin-top:40px;||width:190px;||||&#8220; box_shadow_style=&#8220;preset6&#8243; box_shadow_blur=&#8220;10px&#8220; box_shadow_color=&#8220;rgba(0,0,0,0.1)&#8220; top_padding=&#8220;10em&#8220; bottom_padding=&#8220;10em&#8220; top_padding_tablet=&#8220;&#8220; top_padding_phone=&#8220;&#8220; top_padding_last_edited=&#8220;on|phone&#8220; remove_inner_shadow=&#8220;off&#8220; hide_content_on_mobile=&#8220;off&#8220; hide_cta_on_mobile=&#8220;off&#8220; show_inner_shadow=&#8220;on&#8220; button_border_color_hover=&#8220;#2478cc&#8220; button_border_radius_hover=&#8220;100&#8243; button_letter_spacing_hover=&#8220;3&#8243; button_bg_color_hover=&#8220;#2478cc&#8220; global_colors_info=&#8220;{}&#8220; button_text_size__hover_enabled=&#8220;off&#8220; button_text_size__hover=&#8220;null&#8220; button_one_text_size__hover_enabled=&#8220;off&#8220; button_one_text_size__hover=&#8220;null&#8220; button_two_text_size__hover_enabled=&#8220;off&#8220; button_two_text_size__hover=&#8220;null&#8220; button_text_color__hover_enabled=&#8220;off&#8220; button_text_color__hover=&#8220;null&#8220; button_one_text_color__hover_enabled=&#8220;off&#8220; button_one_text_color__hover=&#8220;null&#8220; button_two_text_color__hover_enabled=&#8220;off&#8220; button_two_text_color__hover=&#8220;null&#8220; button_border_width__hover_enabled=&#8220;off&#8220; button_border_width__hover=&#8220;null&#8220; button_one_border_width__hover_enabled=&#8220;off&#8220; button_one_border_width__hover=&#8220;null&#8220; button_two_border_width__hover_enabled=&#8220;off&#8220; button_two_border_width__hover=&#8220;null&#8220; button_border_color__hover_enabled=&#8220;on&#8220; button_border_color__hover=&#8220;#2478cc&#8220; button_one_border_color__hover_enabled=&#8220;off&#8220; button_one_border_color__hover=&#8220;null&#8220; button_two_border_color__hover_enabled=&#8220;off&#8220; button_two_border_color__hover=&#8220;null&#8220; button_border_radius__hover_enabled=&#8220;on&#8220; button_border_radius__hover=&#8220;100&#8243; button_one_border_radius__hover_enabled=&#8220;off&#8220; button_one_border_radius__hover=&#8220;null&#8220; button_two_border_radius__hover_enabled=&#8220;off&#8220; button_two_border_radius__hover=&#8220;null&#8220; button_letter_spacing__hover_enabled=&#8220;on&#8220; button_letter_spacing__hover=&#8220;3&#8243; button_one_letter_spacing__hover_enabled=&#8220;off&#8220; button_one_letter_spacing__hover=&#8220;null&#8220; button_two_letter_spacing__hover_enabled=&#8220;off&#8220; button_two_letter_spacing__hover=&#8220;null&#8220; button_bg_color__hover_enabled=&#8220;on&#8220; button_bg_color__hover=&#8220;#2478cc&#8220; button_one_bg_color__hover_enabled=&#8220;off&#8220; button_one_bg_color__hover=&#8220;null&#8220; button_two_bg_color__hover_enabled=&#8220;off&#8220; button_two_bg_color__hover=&#8220;null&#8220;][et_pb_slide heading=&#8220;Ciz\u00ed jazyky&#8220; button_link=&#8220;#info&#8220; use_bg_overlay=&#8220;off&#8220; use_text_overlay=&#8220;off&#8220; _builder_version=&#8220;4.13.1&#8243; header_font=&#8220;||||&#8220; header_text_color=&#8220;#FFFFFF&#8220; body_font=&#8220;||||||||&#8220; body_text_color=&#8220;#FFFFFF&#8220; background_color=&#8220;#ffffff&#8220; background_image=&#8220;https:\/\/pages.pedf.cuni.cz\/cizijazyky\/files\/2023\/10\/cj.png&#8220; background_enable_image=&#8220;on&#8220; parallax=&#8220;on&#8220; button_icon_placement=&#8220;right&#8220; button_on_hover=&#8220;on&#8220; text_orientation=&#8220;left&#8220; width=&#8220;100%&#8220; max_width=&#8220;100%&#8220; header_font_size_tablet=&#8220;&#8220; header_font_size_phone=&#8220;&#8220; header_font_size_last_edited=&#8220;on|desktop&#8220; header_letter_spacing_tablet=&#8220;&#8220; header_letter_spacing_phone=&#8220;&#8220; header_letter_spacing_last_edited=&#8220;on|tablet&#8220; header_line_height_tablet=&#8220;&#8220; header_line_height_phone=&#8220;&#8220; header_line_height_last_edited=&#8220;on|tablet&#8220; body_font_size_tablet=&#8220;26&#8243; body_font_size_phone=&#8220;26&#8243; body_font_size_last_edited=&#8220;on|phone&#8220; body_letter_spacing_tablet=&#8220;0&#8243; body_letter_spacing_phone=&#8220;0&#8243; body_letter_spacing_last_edited=&#8220;on|tablet&#8220; body_line_height_tablet=&#8220;&#8220; body_line_height_phone=&#8220;&#8220; body_line_height_last_edited=&#8220;on|tablet&#8220; button_text_size_tablet=&#8220;50&#8243; button_text_size_phone=&#8220;50&#8243; button_letter_spacing_tablet=&#8220;50&#8243; button_letter_spacing_phone=&#8220;50&#8243; global_colors_info=&#8220;{}&#8220; button_letter_spacing_hover_tablet=&#8220;50&#8243; button_letter_spacing_hover_phone=&#8220;50&#8243; button_text_size__hover_enabled=&#8220;off&#8220; button_one_text_size__hover_enabled=&#8220;off&#8220; button_two_text_size__hover_enabled=&#8220;off&#8220; button_text_color__hover_enabled=&#8220;off&#8220; button_one_text_color__hover_enabled=&#8220;off&#8220; button_two_text_color__hover_enabled=&#8220;off&#8220; button_border_width__hover_enabled=&#8220;off&#8220; button_one_border_width__hover_enabled=&#8220;off&#8220; button_two_border_width__hover_enabled=&#8220;off&#8220; button_border_color__hover_enabled=&#8220;off&#8220; button_one_border_color__hover_enabled=&#8220;off&#8220; button_two_border_color__hover_enabled=&#8220;off&#8220; button_border_radius__hover_enabled=&#8220;off&#8220; button_one_border_radius__hover_enabled=&#8220;off&#8220; button_two_border_radius__hover_enabled=&#8220;off&#8220; button_letter_spacing__hover_enabled=&#8220;off&#8220; button_one_letter_spacing__hover_enabled=&#8220;off&#8220; button_two_letter_spacing__hover_enabled=&#8220;off&#8220; button_bg_color__hover_enabled=&#8220;off&#8220; button_one_bg_color__hover_enabled=&#8220;off&#8220; button_two_bg_color__hover_enabled=&#8220;off&#8220; sticky_transition=&#8220;on&#8220;]<\/p>\n<p>\u00a0 \u010casopis pro teorii a praxi v\u00fduky ciz\u00edch jazyk\u016f<\/p>\n<p>[\/et_pb_slide][\/et_pb_fullwidth_slider][\/et_pb_section][et_pb_section fb_built=&#8220;1&#8243; admin_label=&#8220;Section&#8220; module_id=&#8220;info&#8220; _builder_version=&#8220;3.22.3&#8243; background_color=&#8220;#0065cb&#8220; custom_padding=&#8220;0px||0px|&#8220; custom_padding_tablet=&#8220;0px||0px|&#8220; transparent_background=&#8220;off&#8220; padding_mobile=&#8220;on&#8220; global_colors_info=&#8220;{}&#8220;][et_pb_row column_structure=&#8220;1_2,1_2&#8243; use_custom_gutter=&#8220;on&#8220; gutter_width=&#8220;2&#8243; column_padding_mobile=&#8220;on&#8220; admin_label=&#8220;Row&#8220; _builder_version=&#8220;3.25&#8243; background_size=&#8220;initial&#8220; background_position=&#8220;top_left&#8220; background_repeat=&#8220;repeat&#8220; max_width=&#8220;980px&#8220; custom_padding=&#8220;127px|64px|147px|0|false|false&#8220; use_custom_width=&#8220;on&#8220; custom_width_px=&#8220;980px&#8220; global_colors_info=&#8220;{}&#8220;][et_pb_column type=&#8220;1_2&#8243; _builder_version=&#8220;3.25&#8243; custom_padding=&#8220;|||&#8220; global_colors_info=&#8220;{}&#8220; custom_padding__hover=&#8220;|||&#8220;][et_pb_text _builder_version=&#8220;3.27.4&#8243; text_font=&#8220;Playfair Display||||&#8220; text_text_color=&#8220;#ffffff&#8220; text_font_size=&#8220;42&#8243; text_line_height=&#8220;1.3em&#8220; background_size=&#8220;initial&#8220; background_position=&#8220;top_left&#8220; background_repeat=&#8220;repeat&#8220; custom_margin=&#8220;||80px|&#8220; text_font_size_tablet=&#8220;&#8220; text_font_size_phone=&#8220;&#8220; text_font_size_last_edited=&#8220;on|tablet&#8220; use_border_color=&#8220;off&#8220; border_color=&#8220;#ffffff&#8220; border_style=&#8220;solid&#8220; global_colors_info=&#8220;{}&#8220;]<\/p>\n<p>Informace <br \/><em>o<\/em>\u00a0<em>\u010dasopise<\/em><\/p>\n<p>[\/et_pb_text][\/et_pb_column][et_pb_column type=&#8220;1_2&#8243; _builder_version=&#8220;3.25&#8243; custom_padding=&#8220;|||&#8220; global_colors_info=&#8220;{}&#8220; custom_padding__hover=&#8220;|||&#8220;][et_pb_blurb title=&#8220;Adresa redakce&#8220; use_icon=&#8220;on&#8220; font_icon=&#8220;&#xe010;||divi||400&#8243; icon_color=&#8220;#FFFFFF&#8220; icon_placement=&#8220;left&#8220; image_icon_width=&#8220;48px&#8220; _builder_version=&#8220;4.13.0&#8243; header_font=&#8220;|700||on|||||&#8220; body_font=&#8220;Source Sans Pro Light||||&#8220; body_text_color=&#8220;#ffffff&#8220; body_font_size=&#8220;24px&#8220; body_line_height=&#8220;120%&#8220; background_layout=&#8220;dark&#8220; custom_padding=&#8220;||30px&#8220; custom_css_blurb_image=&#8220;||||&#8220; icon_font_size=&#8220;48px&#8220; global_colors_info=&#8220;{}&#8220;]<\/p>\n<p>UK PedF \u2013 Vydavatelstv\u00ed<br \/> M. D. Rettigov\u00e9 4, 116 39 Praha 1<br \/> tel.: +420 221 900, 136,<br \/> +420 606 809 869<\/p>\n<p>e-mail: redakce@cizijazyky.eu<\/p>\n<p>[\/et_pb_blurb][et_pb_blurb title=&#8220;Administrace, objedn\u00e1vky a fakturace<br \/>\n&#8220; use_icon=&#8220;on&#8220; font_icon=&#8220;&#xe015;||divi||400&#8243; icon_color=&#8220;#FFFFFF&#8220; icon_placement=&#8220;left&#8220; image_icon_width=&#8220;48px&#8220; _builder_version=&#8220;4.13.0&#8243; header_font=&#8220;|700||on|||||&#8220; body_font=&#8220;Source Sans Pro Light||||&#8220; body_text_color=&#8220;#ffffff&#8220; body_font_size=&#8220;24px&#8220; body_line_height=&#8220;120%&#8220; background_layout=&#8220;dark&#8220; custom_padding=&#8220;||30px&#8220; custom_css_blurb_image=&#8220;||||&#8220; icon_font_size=&#8220;48px&#8220; global_colors_info=&#8220;{}&#8220;]<\/p>\n<p><strong>P\u0159edplatn\u00e9 zaji\u0161\u0165uje:<\/strong><br \/> ADISERVIS s.r.o.<br \/> Na Niv\u00e1ch 18, 141 00 Praha 4 \u2013 Michle<br \/> tel.: +420 241 484 521, +420 603 215 568<br \/> e-mail: adiservis@seznam.cz<\/p>\n<p>[\/et_pb_blurb][et_pb_blurb title=&#8220;Cena&#8220; use_icon=&#8220;on&#8220; font_icon=&#8220;&#xe014;||divi||400&#8243; icon_color=&#8220;#FFFFFF&#8220; icon_placement=&#8220;left&#8220; image_icon_width=&#8220;48px&#8220; _builder_version=&#8220;4.13.0&#8243; header_font=&#8220;|700||on|||||&#8220; body_font=&#8220;Source Sans Pro Light||||&#8220; body_text_color=&#8220;#ffffff&#8220; body_font_size=&#8220;24px&#8220; body_line_height=&#8220;120%&#8220; background_layout=&#8220;dark&#8220; custom_padding=&#8220;||30px&#8220; custom_css_blurb_image=&#8220;||||&#8220; icon_font_size=&#8220;48px&#8220; global_colors_info=&#8220;{}&#8220;]<\/p>\n<p>Cena jednotliv\u00e9ho v\u00fdtisku 75 K\u010d<br \/>Ro\u010dn\u00ed p\u0159edplatn\u00e9 345 K\u010d (v\u010detn\u011b po\u0161tovn\u00e9ho)<\/p>\n<p>[\/et_pb_blurb][\/et_pb_column][\/et_pb_row][\/et_pb_section][et_pb_section fb_built=&#8220;1&#8243; custom_padding_last_edited=&#8220;on|desktop&#8220; admin_label=&#8220;Section&#8220; _builder_version=&#8220;3.22.3&#8243; background_color=&#8220;rgba(255,255,255,0.55)&#8220; background_blend=&#8220;color-dodge&#8220; custom_padding_tablet=&#8220;50px|0|50px|0&#8243; custom_padding_phone=&#8220;&#8220; transparent_background=&#8220;off&#8220; padding_mobile=&#8220;off&#8220; global_colors_info=&#8220;{}&#8220;][et_pb_row padding_mobile=&#8220;on&#8220; column_padding_mobile=&#8220;on&#8220; admin_label=&#8220;Row&#8220; _builder_version=&#8220;3.25&#8243; background_size=&#8220;initial&#8220; background_position=&#8220;top_left&#8220; background_repeat=&#8220;repeat&#8220; max_width=&#8220;980px&#8220; custom_padding=&#8220;74px|0px&#8220; use_custom_width=&#8220;on&#8220; custom_width_px=&#8220;980px&#8220; global_colors_info=&#8220;{}&#8220;][et_pb_column type=&#8220;4_4&#8243; _builder_version=&#8220;3.25&#8243; custom_padding=&#8220;|||&#8220; global_colors_info=&#8220;{}&#8220; custom_padding__hover=&#8220;|||&#8220;][et_pb_text _builder_version=&#8220;4.13.1&#8243; text_font=&#8220;Playfair Display||||&#8220; text_text_color=&#8220;#0c71c3&#8243; text_font_size=&#8220;62&#8243; text_line_height=&#8220;1.2em&#8220; header_font=&#8220;||||||||&#8220; header_text_color=&#8220;#0c71c3&#8243; background_size=&#8220;initial&#8220; background_position=&#8220;top_left&#8220; background_repeat=&#8220;repeat&#8220; module_alignment=&#8220;center&#8220; custom_margin=&#8220;0px|||&#8220; text_font_size_tablet=&#8220;42&#8243; text_font_size_phone=&#8220;&#8220; text_font_size_last_edited=&#8220;on|phone&#8220; use_border_color=&#8220;off&#8220; border_color=&#8220;#ffffff&#8220; border_style=&#8220;solid&#8220; global_colors_info=&#8220;{}&#8220;]<\/p>\n<p>Kdo jsme?<\/p>\n<p>[\/et_pb_text][et_pb_text _builder_version=&#8220;4.13.1&#8243; text_font=&#8220;Source Sans Pro Light||||&#8220; text_text_color=&#8220;#0c71c3&#8243; text_font_size=&#8220;24&#8243; text_line_height=&#8220;1.2em&#8220; background_size=&#8220;initial&#8220; background_position=&#8220;top_left&#8220; background_repeat=&#8220;repeat&#8220; max_width=&#8220;720px&#8220; module_alignment=&#8220;left&#8220; custom_margin=&#8220;20px|||&#8220; use_border_color=&#8220;off&#8220; border_color=&#8220;#ffffff&#8220; border_style=&#8220;solid&#8220; global_colors_info=&#8220;{}&#8220;]<\/p>\n<p>Ciz\u00ed jazyky: \u010dasopis pro teorii a praxi v\u00fduky ciz\u00edch jazyk\u016f<\/p>\n<p>[\/et_pb_text][\/et_pb_column][\/et_pb_row][\/et_pb_section][et_pb_section fb_built=&#8220;1&#8243; admin_label=&#8220;Section&#8220; _builder_version=&#8220;3.22.3&#8243; background_color=&#8220;#0065cb&#8220; custom_padding=&#8220;0px||0px|&#8220; custom_padding_tablet=&#8220;0px||0px|&#8220; transparent_background=&#8220;off&#8220; padding_mobile=&#8220;on&#8220; global_colors_info=&#8220;{}&#8220;][et_pb_row column_structure=&#8220;1_2,1_2&#8243; use_custom_gutter=&#8220;on&#8220; gutter_width=&#8220;2&#8243; padding_mobile=&#8220;on&#8220; column_padding_mobile=&#8220;on&#8220; admin_label=&#8220;Row&#8220; _builder_version=&#8220;3.25&#8243; background_size=&#8220;initial&#8220; background_position=&#8220;top_left&#8220; background_repeat=&#8220;repeat&#8220; max_width=&#8220;980px&#8220; custom_padding=&#8220;127px|132px&#8220; use_custom_width=&#8220;on&#8220; custom_width_px=&#8220;980px&#8220; global_colors_info=&#8220;{}&#8220;][et_pb_column type=&#8220;1_2&#8243; _builder_version=&#8220;3.25&#8243; custom_padding=&#8220;|||&#8220; global_colors_info=&#8220;{}&#8220; custom_padding__hover=&#8220;|||&#8220;][\/et_pb_column][et_pb_column type=&#8220;1_2&#8243; _builder_version=&#8220;3.25&#8243; custom_padding=&#8220;|||&#8220; global_colors_info=&#8220;{}&#8220; custom_padding__hover=&#8220;|||&#8220;][et_pb_text _builder_version=&#8220;4.13.1&#8243; text_font=&#8220;Playfair Display||||||||&#8220; text_text_color=&#8220;#ffffff&#8220; text_font_size=&#8220;24&#8243; text_line_height=&#8220;1.4em&#8220; background_size=&#8220;initial&#8220; background_position=&#8220;top_left&#8220; background_repeat=&#8220;repeat&#8220; custom_margin=&#8220;||34px|&#8220; use_border_color=&#8220;off&#8220; border_color=&#8220;#ffffff&#8220; border_style=&#8220;solid&#8220; global_colors_info=&#8220;{}&#8220;]<\/p>\n<p>Jedin\u00fd odborn\u00fd \u010dasopis v \u010cR<br \/>zam\u011b\u0159en\u00fd na teorii a praxi v\u00fduky ciz\u00edch jazyk\u016f na v\u0161ech typech a stupn\u00edch \u010desk\u00fdch a slovensk\u00fdch \u0161kol, p\u0159edev\u0161\u00edm na v\u00fduku angli\u010dtiny, francouz\u0161tiny, ital\u0161tiny, n\u011bm\u010diny, ru\u0161tiny a \u0161pan\u011bl\u0161tiny.<\/p>\n<p>[\/et_pb_text][et_pb_text _builder_version=&#8220;3.27.4&#8243; text_font=&#8220;Playfair Display||||||||&#8220; text_text_color=&#8220;#ffffff&#8220; text_font_size=&#8220;24&#8243; text_line_height=&#8220;1.4em&#8220; background_size=&#8220;initial&#8220; background_position=&#8220;top_left&#8220; background_repeat=&#8220;repeat&#8220; custom_margin=&#8220;||34px|&#8220; use_border_color=&#8220;off&#8220; border_color=&#8220;#ffffff&#8220; border_style=&#8220;solid&#8220; global_colors_info=&#8220;{}&#8220;]<\/p>\n<p>\u010casopis za\u0159azen\u00fd v seznamu \u010desk\u00fdch recenzovan\u00fdch \u010dasopis\u016f, pat\u0159\u00edc\u00ed do fond\u016f odborn\u00e9 studijn\u00ed literatury na n\u011bkolika \u010desk\u00fdch i slovensk\u00fdch ve\u0159ejn\u00fdch vysok\u00fdch \u0161kol\u00e1ch.<\/p>\n<p>Odborn\u00fd \u010dasopis registrovan\u00fd Ministerstvem kultury \u010cesk\u00e9 republiky pod \u010d\u00edslem E 4697, ISSN 1210-0811, v datab\u00e1zi M\u0160MT a v datab\u00e1zi AV \u010cR.<\/p>\n<p>[\/et_pb_text][\/et_pb_column][\/et_pb_row][\/et_pb_section]<\/p>\n","protected":false},"excerpt":{"rendered":"<p>\u00a0 \u010casopis pro teorii a praxi v\u00fduky ciz\u00edch jazyk\u016fInformace o\u00a0\u010dasopiseUK PedF \u2013 Vydavatelstv\u00ed M. D. Rettigov\u00e9 4, 116 39 Praha 1 tel.: +420 221 900, 136, +420 606 809 869 e-mail: redakce@cizijazyky.euP\u0159edplatn\u00e9 zaji\u0161\u0165uje: ADISERVIS s.r.o. Na Niv\u00e1ch 18, 141 00 Praha 4 \u2013 Michle tel.: +420 241 484 521, +420 603 215 568 e-mail: adiservis@seznam.czCena [&hellip;]<\/p>\n","protected":false},"author":454,"featured_media":0,"parent":0,"menu_order":0,"comment_status":"closed","ping_status":"closed","template":"","meta":{"_et_pb_use_builder":"on","_et_pb_old_content":"","_et_gb_content_width":"","footnotes":""},"class_list":["post-3349","page","type-page","status-publish","hentry"],"_links":{"self":[{"href":"https:\/\/pages.pedf.cuni.cz\/cizijazyky\/wp-json\/wp\/v2\/pages\/3349","targetHints":{"allow":["GET"]}}],"collection":[{"href":"https:\/\/pages.pedf.cuni.cz\/cizijazyky\/wp-json\/wp\/v2\/pages"}],"about":[{"href":"https:\/\/pages.pedf.cuni.cz\/cizijazyky\/wp-json\/wp\/v2\/types\/page"}],"author":[{"embeddable":true,"href":"https:\/\/pages.pedf.cuni.cz\/cizijazyky\/wp-json\/wp\/v2\/users\/454"}],"replies":[{"embeddable":true,"href":"https:\/\/pages.pedf.cuni.cz\/cizijazyky\/wp-json\/wp\/v2\/comments?post=3349"}],"version-history":[{"count":7,"href":"https:\/\/pages.pedf.cuni.cz\/cizijazyky\/wp-json\/wp\/v2\/pages\/3349\/revisions"}],"predecessor-version":[{"id":3590,"href":"https:\/\/pages.pedf.cuni.cz\/cizijazyky\/wp-json\/wp\/v2\/pages\/3349\/revisions\/3590"}],"wp:attachment":[{"href":"https:\/\/pages.pedf.cuni.cz\/cizijazyky\/wp-json\/wp\/v2\/media?parent=3349"}],"curies":[{"name":"wp","href":"https:\/\/api.w.org\/{rel}","templated":true}]}}