{"id":25,"date":"2018-05-11T12:56:33","date_gmt":"2018-05-11T10:56:33","guid":{"rendered":"http:\/\/pages.pedf.cuni.cz\/diagnostika_cteni\/?page_id=25"},"modified":"2021-01-25T13:02:52","modified_gmt":"2021-01-25T12:02:52","slug":"o-projektu","status":"publish","type":"page","link":"https:\/\/pages.pedf.cuni.cz\/diagnostika_cteni\/o-projektu\/","title":{"rendered":"O projektu"},"content":{"rendered":"<div>\n<p>N\u00e1zev\u00a0 projektu:<\/p>\n<hr \/>\n<\/div>\n<div>\n<h3><strong><em>Kl\u00ed\u010dov\u00e9 gramotnostn\u00ed dovednosti u \u017e\u00e1k\u016f z\u00e1kladn\u00edch \u0161kol &#8211; testov\u00e1 diagnostick\u00e1 baterie<\/em><\/strong><\/h3>\n<p>\u010d\u00edslo projektu: TL01000365<\/p>\n<hr \/>\n<\/div>\n<div><\/div>\n<ul>\n<li>\u00a0Poskytovatel grantu:\u00a0 <strong><a href=\"http:\/\/TACR.CZ\">Technologick\u00e1 agentura \u010cesk\u00e9 republiky<\/a> <\/strong>(TA\u010cR)<\/li>\n<\/ul>\n<div><\/div>\n<ul>\n<li>Hlavn\u00ed \u0159e\u0161itelka projektu: doc. PhDr. PaedDr. Anna Kucharsk\u00e1, Ph.D.<\/li>\n<\/ul>\n<div><\/div>\n<div><\/div>\n<ul>\n<li>P\u0159\u00edjemce grantu: Univerzita Karlova ( Pracovi\u0161t\u011b: <a href=\"http:\/\/KPS.PEDF.CUNI.CZ\"><strong>Katedra psychologie, PedF UK<\/strong><\/a>)<\/li>\n<\/ul>\n<div><\/div>\n<div><a href=\"https:\/\/pages.pedf.cuni.cz\/diagnostika_cteni\/files\/2018\/09\/logo-fakulty.jpg\"><img loading=\"lazy\" decoding=\"async\" class=\"wp-image-122 aligncenter\" src=\"https:\/\/pages.pedf.cuni.cz\/diagnostika_cteni\/files\/2018\/09\/logo-fakulty.jpg\" alt=\"\" width=\"166\" height=\"134\" \/><\/a><\/div>\n<div><\/div>\n<div><\/div>\n<ul>\n<li>Spolupracuj\u00edc\u00ed aplika\u010dn\u00ed pracovi\u0161t\u011b:<strong>\u00a0 Pedagogicko-psychologick\u00e1 poradna St\u0159edo\u010desk\u00e9ho kraje,\u00a0 <a href=\"http:\/\/www.pppstredoceska.cz\/\">http:\/\/www.pppstredoceska.cz\/<\/a><\/strong><\/li>\n<\/ul>\n<div><\/div>\n<div>\n<ul>\n<li>D\u00e9lka projektu: duben 2018 &#8211; b\u0159ezen 2021 (prodlou\u017eeno do 31.12.2021)<\/li>\n<\/ul>\n<hr \/>\n<\/div>\n<div><\/div>\n<div><\/div>\n<div><strong>Anotace projektu:<\/strong><\/div>\n<div>\n<div class=\"textLayer\">\n<div><\/div>\n<ul>\n<li>V\u00fdzkumn\u00e1 skupina katedry psychologie PedF UK (bl\u00ed\u017ee http:\/\/www.eldel.cz) ukon\u010dila projekt GA\u010cR, ve kter\u00e9m byly vytvo\u0159eny a pilotov\u00e1ny<strong> diagnostick\u00e9 n\u00e1stroje pro hodnocen\u00ed gramotnostn\u00edch dovednost\u00ed. <\/strong><\/li>\n<li><strong>C\u00edlem projektu je realizovat standardiza\u010dn\u00ed studii, v r\u00e1mci kter\u00e9 by byly vytvo\u0159eny normy diagnostick\u00fdch n\u00e1stroj\u016f pro u\u017eit\u00ed v praxi<\/strong>.\u00a0 <strong>U\u017eivateli v\u00fdsledk\u016f budou \u0161koln\u00ed a poraden\u0161t\u00ed pracovn\u00edci, pracuj\u00edc\u00ed se \u017e\u00e1ky s gramotnostn\u00edmi probl\u00e9my, co\u017e je v dob\u011b inkluzivn\u00edho vzd\u011bl\u00e1v\u00e1n\u00ed jedno z nejd\u016fle\u017eit\u011bj\u0161\u00edch t\u00e9mat. Nov\u00e1 testov\u00e1 baterie se m\u016f\u017ee d\u00e1le uplatnit i ve v\u00fdzkumu a p\u0159i v\u00fduce na V\u0160. <\/strong><\/li>\n<li>Prost\u0159ednictv\u00edm projektu bude proveden v\u00fdzkum k dokon\u010den\u00ed diagnostick\u00e9 baterie gramotnostn\u00edch dovednost\u00ed u \u017e\u00e1k\u016f Z\u0160, v\u010detn\u011b \u017e\u00e1k\u016f s riziky. Jednotliv\u00e9 n\u00e1stroje vznikly a byly pilotov\u00e1ny v projektu GA\u010cR Porozum\u011bn\u00ed \u010dten\u00e9mu &#8211; typick\u00fd v\u00fdvoj a jeho rizika, nyn\u00ed budou standardizov\u00e1ny. Jsou pot\u0159ebn\u00e9 v praxi, ve \u0161kol\u00e1ch i \u0161kolsk\u00fdch poradensk\u00fdch za\u0159\u00edzen\u00edch, pro pr\u00e1ci psycholog\u016f a speci\u00e1ln\u00edch pedagog\u016f.<\/li>\n<li><strong>Nov\u00e1 testov\u00e1 baterie se vyrovn\u00e1v\u00e1 se s limity sou\u010dasn\u00e9 psychodiagnostiky: vzniknou aktu\u00e1ln\u00ed normy, z\u00e1b\u011br nov\u00fdch test\u016f je \u0161ir\u0161\u00ed, ne\u017e b\u00fdv\u00e1 u n\u00e1s poj\u00edm\u00e1no.V jedn\u00e9 baterii budou n\u00e1stroje pro hodnocen\u00ed gramotnosti ve v\u0161ech jeho rovin\u00e1ch: testy fonologie a jazykov\u00fdch p\u0159edpoklad\u016f pro \u010dten\u00ed, testy dek\u00f3dov\u00e1n\u00ed, testy porozum\u011bn\u00ed (naslouch\u00e1n\u00ed, \u010dten\u00ed hlasit\u00e9 i tich\u00e9), sebehodnocen\u00ed \u010dten\u00ed, dotazn\u00edky (pro rodi\u010de i \u0161kolu).<\/strong><\/li>\n<li>V\u00fdzkumn\u00fd vzorek pro standardizaci testov\u00e9 baterie je min. 200 respondent\u016f v ka\u017ed\u00e9 v\u011bkov\u00e9 kohort\u011b (1. &#8211; 5. ro\u010dn\u00edk Z\u0160).<\/li>\n<\/ul>\n<\/div>\n<\/div>\n<p><strong>Publicita projektu:<\/strong><\/p>\n<ul>\n<li>25.9.2019 &#8211; Prezentace projektu na odborn\u00e9m semin\u00e1\u0159i po\u0159\u00e1dan\u00e9m PedF UK a \u010ceskou spole\u010dnost\u00ed Dyslexie <a href=\"https:\/\/pages.pedf.cuni.cz\/diagnostika_cteni\/files\/2019\/10\/Pozv%C3%A1nka-25.9.2019..pdf\">(pozv\u00e1nka<\/a>)<\/li>\n<li>Prezentace testov\u00e9 baterie na konferenci <em>\u010ctu a st\u00e1v\u00e1m se \u010dten\u00e1\u0159em<\/em>, kter\u00e1 se konala na Pedagogick\u00e9 fakult\u011b UK dne 26. 9. 2018 (program konference je dostupn\u00fd na: <a href=\"https:\/\/pages.pedf.cuni.cz\/konference-ctu\/program\/\">https:\/\/pages.pedf.cuni.cz\/konference-ctu\/program\/<\/a>).<\/li>\n<li>D\u00e1le jsme novou testovou baterii p\u0159edstavili v\u00a0polsk\u00e9m Gdansku, na konferenci s\u00a0n\u00e1zvem <em>W poszukiwaniu sposob\u00f3w efektywnego uzcezia sie<\/em>, kter\u00e1 po\u0159\u00e1dala <em>Polsk\u00e1 dyslektick\u00e1 spole\u010dnost <\/em>ve spolupr\u00e1ci s\u00a0<em>Institutem psychologie Gdansk\u00e9 univerzity<\/em>. Pol\u0161t\u00ed partne\u0159i projevili z\u00e1jem o budouc\u00ed spolupr\u00e1ci, p\u0159\u00edpadn\u011b i o p\u0159evzet\u00ed a adaptaci baterie, p\u0159\u00edpadn\u011b alespo\u0148 o inspiraci v\u00a0jejich p\u0159ipravovan\u00fdch n\u00e1stroj\u00edch. Program konference je prezentov\u00e1n na:<br \/>\n<a href=\"https:\/\/www.ptd.edu.pl\/konferencja2018.html\">https:\/\/www.ptd.edu.pl\/konferencja2018.html<\/a>.<\/li>\n<li>Byla p\u0159ipravena zpr\u00e1va do anglick\u00e9ho \u010d\u00edsla \u010dasopisu <em>Gramotnost, pregramotnost a vzd\u011bl\u00e1v\u00e1n\u00ed<\/em>, (Key Literacy Skills for Primary School Pupils \u2013 Diagnostic Battery, Kucharsk\u00e1, A., \u0160pa\u010dkov\u00e1, K.) \u2013 3\/2018 (dostupn\u00e9 na: https:\/\/pages.pedf.cuni.cz\/gramotnost\/2018-3\/).<\/li>\n<\/ul>\n","protected":false},"excerpt":{"rendered":"<p>N\u00e1zev\u00a0 projektu: Kl\u00ed\u010dov\u00e9 gramotnostn\u00ed dovednosti u \u017e\u00e1k\u016f z\u00e1kladn\u00edch \u0161kol &#8211; testov\u00e1 diagnostick\u00e1 baterie \u010d\u00edslo projektu: TL01000365 \u00a0Poskytovatel grantu:\u00a0 Technologick\u00e1 agentura \u010cesk\u00e9 republiky (TA\u010cR) Hlavn\u00ed \u0159e\u0161itelka projektu: doc. PhDr. PaedDr. Anna Kucharsk\u00e1, Ph.D. P\u0159\u00edjemce grantu: Univerzita Karlova ( Pracovi\u0161t\u011b: Katedra psychologie,<\/p>\n","protected":false},"author":447,"featured_media":0,"parent":0,"menu_order":0,"comment_status":"closed","ping_status":"closed","template":"","meta":{"footnotes":""},"class_list":["post-25","page","type-page","status-publish","hentry"],"_links":{"self":[{"href":"https:\/\/pages.pedf.cuni.cz\/diagnostika_cteni\/wp-json\/wp\/v2\/pages\/25","targetHints":{"allow":["GET"]}}],"collection":[{"href":"https:\/\/pages.pedf.cuni.cz\/diagnostika_cteni\/wp-json\/wp\/v2\/pages"}],"about":[{"href":"https:\/\/pages.pedf.cuni.cz\/diagnostika_cteni\/wp-json\/wp\/v2\/types\/page"}],"author":[{"embeddable":true,"href":"https:\/\/pages.pedf.cuni.cz\/diagnostika_cteni\/wp-json\/wp\/v2\/users\/447"}],"replies":[{"embeddable":true,"href":"https:\/\/pages.pedf.cuni.cz\/diagnostika_cteni\/wp-json\/wp\/v2\/comments?post=25"}],"version-history":[{"count":19,"href":"https:\/\/pages.pedf.cuni.cz\/diagnostika_cteni\/wp-json\/wp\/v2\/pages\/25\/revisions"}],"predecessor-version":[{"id":230,"href":"https:\/\/pages.pedf.cuni.cz\/diagnostika_cteni\/wp-json\/wp\/v2\/pages\/25\/revisions\/230"}],"wp:attachment":[{"href":"https:\/\/pages.pedf.cuni.cz\/diagnostika_cteni\/wp-json\/wp\/v2\/media?parent=25"}],"curies":[{"name":"wp","href":"https:\/\/api.w.org\/{rel}","templated":true}]}}