{"id":3,"date":"2014-10-24T09:50:19","date_gmt":"2014-10-24T09:50:19","guid":{"rendered":"http:\/\/pages.pedf.cuni.cz\/diagnostika_cteni\/?page_id=3"},"modified":"2021-12-08T06:20:11","modified_gmt":"2021-12-08T05:20:11","slug":"uvodni-stranka","status":"publish","type":"page","link":"https:\/\/pages.pedf.cuni.cz\/diagnostika_cteni\/","title":{"rendered":"\u00davodn\u00ed str\u00e1nka"},"content":{"rendered":"<h4>V\u00edt\u00e1me v\u00e1s na webov\u00fdch str\u00e1nk\u00e1ch projektu :\u00a0<strong><strong><em>Kl\u00ed\u010dov\u00e9 gramotnostn\u00ed dovednosti u \u017e\u00e1k\u016f z\u00e1kladn\u00edch \u0161kol &#8211; testov\u00e1 diagnostick\u00e1 baterie,\u00a0<\/em><\/strong><\/strong>na kter\u00fdch bychom cht\u011bli informovat o aktu\u00e1ln\u00edm stavu p\u0159\u00edpravy a standardizace diagnostick\u00e9 baterie \u010dten\u00e1\u0159sk\u00fdch dovednost\u00ed, s akcentem na porozum\u011bn\u00ed \u010dten\u00e9mu.<\/h4>\n<div><\/div>\n<div>\n<hr \/>\n<\/div>\n<div><\/div>\n<div style=\"text-align: center\"><a href=\"https:\/\/pages.pedf.cuni.cz\/diagnostika_cteni\/files\/2018\/09\/logo-fakulty.jpg\"><img loading=\"lazy\" decoding=\"async\" class=\"wp-image-122 aligncenter\" src=\"https:\/\/pages.pedf.cuni.cz\/diagnostika_cteni\/files\/2018\/09\/logo-fakulty.jpg\" alt=\"\" width=\"172\" height=\"139\" \/><\/a><\/div>\n<div><\/div>\n<div><\/div>\n<div>\n<hr \/>\n<\/div>\n<ul>\n<li>\n<h5>\u0158e\u0161itelem je pracovn\u00ed skupina p\u0159i<strong> <a href=\"http:\/\/kps.pedf.cuni.cz\">kated\u0159e psychologie PedF UK<\/a>,<\/strong>\u00a0 jej\u00ed d\u0159\u00edv\u011bj\u0161\u00ed projekty najdete na <strong><a href=\"http:\/\/www.eldel.cz\">www.eldel.cz<\/a><\/strong><\/h5>\n<\/li>\n<li>\n<h5><a href=\"https:\/\/pages.pedf.cuni.cz\/diagnostika_cteni\/files\/2021\/12\/logo_TACR_zakl_inv.png\"><img loading=\"lazy\" decoding=\"async\" class=\"alignleft size-medium wp-image-263\" src=\"https:\/\/pages.pedf.cuni.cz\/diagnostika_cteni\/files\/2021\/12\/logo_TACR_zakl_inv-300x300.png\" alt=\"\" width=\"300\" height=\"300\" srcset=\"https:\/\/pages.pedf.cuni.cz\/diagnostika_cteni\/files\/2021\/12\/logo_TACR_zakl_inv-300x300.png 300w, https:\/\/pages.pedf.cuni.cz\/diagnostika_cteni\/files\/2021\/12\/logo_TACR_zakl_inv-150x150.png 150w, https:\/\/pages.pedf.cuni.cz\/diagnostika_cteni\/files\/2021\/12\/logo_TACR_zakl_inv-230x230.png 230w, https:\/\/pages.pedf.cuni.cz\/diagnostika_cteni\/files\/2021\/12\/logo_TACR_zakl_inv-365x365.png 365w, https:\/\/pages.pedf.cuni.cz\/diagnostika_cteni\/files\/2021\/12\/logo_TACR_zakl_inv.png 768w\" sizes=\"auto, (max-width: 300px) 100vw, 300px\" \/><\/a>Projekt je finan\u010dn\u011b podpo\u0159en\u00a0 <strong><a href=\"http:\/\/www.tacr.cz\"><span style=\"color: #ff0000\">Technologickou<\/span>\u00a0 <span style=\"color: #ff0000\">agenturou \u010cesk\u00e9 republiky<\/span><\/a><\/strong> (TA\u010cR), Programu na podporu aplikovan\u00e9ho spole\u010denskov\u011bdn\u00edho a humanitn\u00edho v\u00fdzkumu, experiment\u00e1ln\u00edho v\u00fdvoje a inovac\u00ed \u00c9TA. \u010c\u00edslo projektu: TL01000365<\/h5>\n<\/li>\n<li><a href=\"https:\/\/pages.pedf.cuni.cz\/diagnostika_cteni\/files\/2021\/12\/Eta.png\"><img loading=\"lazy\" decoding=\"async\" class=\"alignleft size-medium wp-image-266\" src=\"https:\/\/pages.pedf.cuni.cz\/diagnostika_cteni\/files\/2021\/12\/Eta-300x74.png\" alt=\"\" width=\"300\" height=\"74\" srcset=\"https:\/\/pages.pedf.cuni.cz\/diagnostika_cteni\/files\/2021\/12\/Eta-300x74.png 300w, https:\/\/pages.pedf.cuni.cz\/diagnostika_cteni\/files\/2021\/12\/Eta-768x188.png 768w, https:\/\/pages.pedf.cuni.cz\/diagnostika_cteni\/files\/2021\/12\/Eta.png 901w\" sizes=\"auto, (max-width: 300px) 100vw, 300px\" \/><\/a><\/li>\n<li>\n<h5>D\u00e9lka projektu: 2018 &#8211; 2021<\/h5>\n<\/li>\n<li>\n<h5><strong>C\u00edlem projektu je p\u0159\u00edprava a standardizace diagnostick\u00e9 baterie \u010dten\u00e1\u0159sk\u00fdch dovednost\u00ed, s akcentem na porozum\u011bn\u00ed \u010dten\u00e9mu pro \u017e\u00e1ky 1. &#8211; 5.ro\u010dn\u00edk\u016f Z\u0160<\/strong>.<\/h5>\n<\/li>\n<li>\n<h5>Partnerem projektu je <strong><a href=\"http:\/\/www.pppstredoceska.cz\/\">Pedagogicko-psychologick\u00e1 poradna St\u0159edo\u010desk\u00e9ho kraje<\/a><\/strong><\/h5>\n<\/li>\n<\/ul>\n<div><\/div>\n<div>\n<hr \/>\n<\/div>\n<div><\/div>\n<div><\/div>\n","protected":false},"excerpt":{"rendered":"<p>V\u00edt\u00e1me v\u00e1s na webov\u00fdch str\u00e1nk\u00e1ch projektu :\u00a0Kl\u00ed\u010dov\u00e9 gramotnostn\u00ed dovednosti u \u017e\u00e1k\u016f z\u00e1kladn\u00edch \u0161kol &#8211; testov\u00e1 diagnostick\u00e1 baterie,\u00a0na kter\u00fdch bychom cht\u011bli informovat o aktu\u00e1ln\u00edm stavu p\u0159\u00edpravy a standardizace diagnostick\u00e9 baterie \u010dten\u00e1\u0159sk\u00fdch dovednost\u00ed, s akcentem na porozum\u011bn\u00ed \u010dten\u00e9mu. \u0158e\u0161itelem je pracovn\u00ed skupina<\/p>\n","protected":false},"author":1,"featured_media":0,"parent":0,"menu_order":0,"comment_status":"closed","ping_status":"closed","template":"","meta":{"footnotes":""},"class_list":["post-3","page","type-page","status-publish","hentry"],"_links":{"self":[{"href":"https:\/\/pages.pedf.cuni.cz\/diagnostika_cteni\/wp-json\/wp\/v2\/pages\/3","targetHints":{"allow":["GET"]}}],"collection":[{"href":"https:\/\/pages.pedf.cuni.cz\/diagnostika_cteni\/wp-json\/wp\/v2\/pages"}],"about":[{"href":"https:\/\/pages.pedf.cuni.cz\/diagnostika_cteni\/wp-json\/wp\/v2\/types\/page"}],"author":[{"embeddable":true,"href":"https:\/\/pages.pedf.cuni.cz\/diagnostika_cteni\/wp-json\/wp\/v2\/users\/1"}],"replies":[{"embeddable":true,"href":"https:\/\/pages.pedf.cuni.cz\/diagnostika_cteni\/wp-json\/wp\/v2\/comments?post=3"}],"version-history":[{"count":38,"href":"https:\/\/pages.pedf.cuni.cz\/diagnostika_cteni\/wp-json\/wp\/v2\/pages\/3\/revisions"}],"predecessor-version":[{"id":268,"href":"https:\/\/pages.pedf.cuni.cz\/diagnostika_cteni\/wp-json\/wp\/v2\/pages\/3\/revisions\/268"}],"wp:attachment":[{"href":"https:\/\/pages.pedf.cuni.cz\/diagnostika_cteni\/wp-json\/wp\/v2\/media?parent=3"}],"curies":[{"name":"wp","href":"https:\/\/api.w.org\/{rel}","templated":true}]}}