{"id":23,"date":"2014-02-15T09:45:12","date_gmt":"2014-02-15T09:45:12","guid":{"rendered":"http:\/\/userweb.pedf.cuni.cz\/wp\/didakticke-studie\/?page_id=23"},"modified":"2024-07-06T10:04:58","modified_gmt":"2024-07-06T08:04:58","slug":"archiv","status":"publish","type":"page","link":"https:\/\/pages.pedf.cuni.cz\/didakticke-studie\/archiv\/","title":{"rendered":"ARCHIV"},"content":{"rendered":"<p><strong>V roce 2022 vy\u0161lo:<\/strong><\/p>\n<div class=\"entry-content\" style=\"text-align: center\">\n<p style=\"text-align: left\"><a href=\"https:\/\/pages.pedf.cuni.cz\/didakticke-studie\/files\/2023\/02\/Didakticke_studie_2_2022_FINAL.pdf\">Didaktick\u00e9 studie, 14. ro\u010dn\u00edk, 2022, \u010d. 2 <\/a><em>Mluven\u00fd jazyk v teorii a praxi<\/em><\/p>\n<p style=\"text-align: left\"><a href=\"https:\/\/pages.pedf.cuni.cz\/didakticke-studie\/files\/2022\/10\/DidStu.1_22kn.bl_.TISK_.pdf\">Didaktick\u00e9 studie, 14. ro\u010dn\u00edk, 2022, \u010d. 1 <\/a><em>Literatura, didaktika a d\u00edt\u011b<\/em><\/p>\n<\/div>\n<p><strong>V roce 2021 vy\u0161lo:<\/strong><\/p>\n<p style=\"text-align: left\"><a href=\"https:\/\/pages.pedf.cuni.cz\/didakticke-studie\/files\/2022\/05\/DidStu2_21kn.bl_.TISK_.pdf\">Didaktick\u00e9 studie, 13. ro\u010dn\u00edk, 2021, \u010d. 2 <\/a><em>\u010ce\u0161tina pro \u017e\u00e1ky se znev\u00fdhodn\u011bn\u00edm <\/em><\/p>\n<p style=\"text-align: left\"><a href=\"https:\/\/pages.pedf.cuni.cz\/didakticke-studie\/files\/2021\/11\/DidStu1_21kn.bl_.TISK_.pdf\">Didaktick\u00e9 studie, 13. ro\u010dn\u00edk, 2021, \u010d. 1 <\/a><em>Inovace ve\u00a0vzd\u011bl\u00e1v\u00e1n\u00ed \u010desk\u00e9ho jazyka a\u00a0literatury<\/em><\/p>\n<p><strong>V roce 2020 vy\u0161lo:<\/strong><\/p>\n<p style=\"text-align: left\"><a href=\"https:\/\/pages.pedf.cuni.cz\/didakticke-studie\/files\/2021\/02\/DidStu2_20kn.bl_.EBSCO_.pdf\">Didaktick\u00e9 studie, 12. ro\u010dn\u00edk, 2020, \u010d. 2 <\/a><em>Stylistika v teorii a eduka\u010dn\u00ed praxi<\/em><\/p>\n<div class=\"entry-content\">\n<p style=\"text-align: left\"><a href=\"https:\/\/pages.pedf.cuni.cz\/didakticke-studie\/files\/2020\/06\/DidStu1_20kn.bl_.TISK_.pdf\">Didaktick\u00e9 studie, 12. ro\u010dn\u00edk, 2020, \u010d. 1 <\/a><em style=\"font-size: revert\">Nov\u00e9 v\u00fdzvy didaktiky \u010desk\u00e9ho jazyka<\/em><\/p>\n<\/div>\n<p><strong>V roce 2019 vy\u0161lo:<\/strong><\/p>\n<div class=\"entry-content\">\n<div class=\"entry-content\">\n<p style=\"text-align: left\"><a href=\"https:\/\/pages.pedf.cuni.cz\/didakticke-studie\/files\/2020\/06\/DidStu2_19kn.bl_.TISK_.pdf\">Didaktick\u00e9 studie, 11. ro\u010dn\u00edk, 2019, \u010d. 2 <\/a><em style=\"font-size: inherit\">Frazeologie v teorii a praxi jazykov\u00e9ho vyu\u010dov\u00e1n\u00ed<\/em><\/p>\n<\/div>\n<\/div>\n<p style=\"text-align: left\"><a href=\"https:\/\/pages.pedf.cuni.cz\/didakticke-studie\/files\/2019\/10\/DidStu1_19kn.bl_.EBSCO_.pdf\">Didaktick\u00e9 studie, 11. ro\u010dn\u00edk, 2019, \u010d. 1 <\/a><em>Obsahov\u00e9 pojet\u00ed modern\u00ed v\u00fduky \u010desk\u00e9ho jazyka<\/em><\/p>\n<p><strong>V roce 2018 vy\u0161lo:<\/strong><\/p>\n<p style=\"text-align: left\" align=\"center\"><a href=\"https:\/\/pages.pedf.cuni.cz\/didakticke-studie\/files\/2019\/06\/DidStu2_18kn.bl_.EBSCO_.pdf\">Didaktick\u00e9 studie, 10. ro\u010dn\u00edk, 2018, \u010d. 2\u00a0&#8211; monotematick\u00e9 \u010d\u00edslo: <\/a><em>U\u010debnice a u\u010debn\u00ed text<\/em><\/p>\n<div class=\"entry-content\">\n<p style=\"text-align: left\"><a href=\"https:\/\/pages.pedf.cuni.cz\/didakticke-studie\/files\/2019\/01\/DidStu1_18kn.bl_.TISK_konecnaverze.pdf\">Didaktick\u00e9 studie, 10. ro\u010dn\u00edk, 2018, \u010d. 1: <\/a><em>Didaktick\u00fd kaleidoskop<\/em><\/p>\n<\/div>\n<p><strong>V roce 2017 vy\u0161lo:<\/strong><\/p>\n<p><a href=\"https:\/\/pages.pedf.cuni.cz\/didakticke-studie\/files\/2018\/04\/DidStu2_17kn.bl_.TISK_.pdf\">Didaktick\u00e9 studie, 9. ro\u010dn\u00edk, 2017, \u010d. 2\u00a0<\/a><em>Mezip\u0159edm\u011btov\u00e9 a meziparadigmatick\u00e9 vztahy ve v\u00fduce \u010desk\u00e9ho jazyka<\/em><\/p>\n<p><a href=\"https:\/\/pages.pedf.cuni.cz\/didakticke-studie\/files\/2018\/06\/Didst17-1_05.pdf\">Didaktick\u00e9 studie, 9. ro\u010dn\u00edk, 2017, \u010d. 1 &#8211; monotematick\u00e9 \u010d\u00edslo\u00a0<\/a><em>V\u00fdznamn\u00e9 osobnosti bohemistick\u00e9 lingvistiky a lingvodidaktiky<\/em><\/p>\n<div class=\"entry-content\">\n<p><strong>V roce 2016 vy\u0161lo:<\/strong><\/p>\n<\/div>\n<p><a href=\"https:\/\/pages.pedf.cuni.cz\/didakticke-studie\/files\/2017\/10\/didst1602_4.pdf\">Didaktick\u00e9 studie, 8. ro\u010dn\u00edk, 2016, \u010d. 2 &#8211;\u00a0monotematick\u00e9 \u010d\u00edslo\u00a0<em>Teorie a praxe didaktiky\u00a0mate\u0159sk\u00e9ho jazyka<\/em><\/a><\/p>\n<p><a href=\"https:\/\/pages.pedf.cuni.cz\/didakticke-studie\/files\/2017\/01\/www_didst1601_3.pdf\">Didaktick\u00e9 studie, 8. ro\u010dn\u00edk, 2016, \u010d. 1 &#8211; monotematick\u00e9 \u010d\u00edslo\u00a0<em>Aktu\u00e1ln\u00ed ot\u00e1zky bohemistick\u00e9 lingvistiky ve vztahu ke \u0161kole<\/em><\/a><\/p>\n<p><strong>V roce 2015 vy\u0161lo:\u00a0<\/strong><\/p>\n<p><a href=\"https:\/\/pages.pedf.cuni.cz\/didakticke-studie\/files\/2016\/02\/DS15-7-2.pdf\">Didaktick\u00e9 studie, ro\u010d. 7, \u010d. 2, monotematick\u00e9 \u010d\u00edslo Stylistika a text v teorii a praxi jazykov\u00e9ho vyu\u010dov\u00e1n\u00ed<\/a><\/p>\n<p><a href=\"https:\/\/pages.pedf.cuni.cz\/didakticke-studie\/files\/2016\/02\/DS15-7-1.pdf\">Didaktick\u00e9 studie, ro\u010d. 7, \u010d. 1, monotematick\u00e9 \u010d\u00edslo Kritick\u00e1 m\u00edsta ve v\u00fduce \u010de\u0161tiny na \u010desk\u00e9 \u0161kole<\/a><\/p>\n<p><strong>V roce 2014 vy\u0161lo:<\/strong><\/p>\n<p><a href=\"https:\/\/pages.pedf.cuni.cz\/didakticke-studie\/files\/2015\/06\/DIDAKTICK\u00c9-STUDIE-ro\u010dn\u00edk-6-\u010d\u00edslo-2-2014-MONOTEMATICK\u00c9-\u010c\u00cdSLO-M\u00e9dia-a-medi\u00e1ln\u00ed-v\u00fdchova.pdf\">Didaktick\u00e9 studie,<b>\u00a0<\/b>ro\u010d. 6, \u010d. 2,\u00a0Monotematick\u00e9 \u010d\u00edslo\u00a0M\u00e9dia a medi\u00e1ln\u00ed v\u00fdchova<\/a><\/p>\n<p><a href=\"https:\/\/pages.pedf.cuni.cz\/didakticke-studie\/files\/2015\/06\/Didaktick\u00e9-studie-ro\u010d.-6-\u010d.-1-Monotematick\u00e9-\u010d\u00edslo-Kognitivn\u00ed-v\u011bdy-v-teorii-a-praxi-jazykov\u00e9ho-vyu\u010dov\u00e1n\u00ed.pdf\">Didaktick\u00e9 studie, ro\u010d. 6, \u010d. 1, Monotematick\u00e9 \u010d\u00edslo\u00a0Kognitivn\u00ed v\u011bdy v teorii a praxi jazykov\u00e9ho vyu\u010dov\u00e1n\u00ed<\/a><\/p>\n<p><b>V roce 2013 vy\u0161lo:<\/b><\/p>\n<p><a href=\"https:\/\/pages.pedf.cuni.cz\/didakticke-studie\/files\/2014\/02\/Didaktick\u00e9-studie-ro\u010d.-5-\u010d.-1-monotematick\u00e9-\u010d\u00edslo-Jazykov\u00e1-v\u00fdchova-ve-\u0161kole-21.-stolet\u00ed.pdf\">Didaktick\u00e9 studie, ro\u010d. 5, \u010d. 1, monotematick\u00e9 \u010d\u00edslo Jazykov\u00e1 v\u00fdchova ve \u0161kole 21. stolet\u00ed<\/a><\/p>\n<p><a href=\"https:\/\/pages.pedf.cuni.cz\/didakticke-studie\/files\/2015\/05\/Didaktick\u00e9-studie-2013-5-2.pdf\">Didaktick\u00e9 studie, ro\u010d. 5, \u010d. 2, monotematick\u00e9 \u010d\u00edslo Syntax v\u00a0teorii a praxi jazykov\u00e9ho vyu\u010dov\u00e1n\u00ed.<\/a> <br clear=\"none\" \/><br clear=\"none\" \/><b>V roce 2012 vy\u0161lo:<\/b> <br clear=\"none\" \/><a href=\"https:\/\/pages.pedf.cuni.cz\/didakticke-studie\/files\/2014\/02\/Didaktick\u00e9-studie-ro\u010d.-4-\u010d.-1-monotematick\u00e9-\u010d\u00edslo-Morfologie-v-teorii-a-praxi-jazykov\u00e9ho-vyu\u010dov\u00e1n\u00ed.pdf\">Didaktick\u00e9 studie, ro\u010d. 4, \u010d. 1, monotematick\u00e9 \u010d\u00edslo Morfologie v teorii a praxi jazykov\u00e9ho vyu\u010dov\u00e1n\u00ed<\/a> <br clear=\"none\" \/><a href=\"https:\/\/pages.pedf.cuni.cz\/didakticke-studie\/files\/2014\/02\/Didaktick\u00e9-studie-ro\u010d.-4-\u010d.-2-monotematick\u00e9-\u010d\u00edslo-Sou\u010dasn\u00e9-pohledy-na-kl\u00ed\u010dov\u00e9-vzd\u011bl\u00e1vac\u00ed-oblasti-a-proces-u\u010den\u00ed.pdf\">Didaktick\u00e9 studie, ro\u010d. 4, \u010d. 2, monotematick\u00e9 \u010d\u00edslo Sou\u010dasn\u00e9 pohledy na kl\u00ed\u010dov\u00e9 vzd\u011bl\u00e1vac\u00ed oblasti a proces u\u010den\u00ed<\/a> <br clear=\"none\" \/><br clear=\"none\" \/><b>V roce 2011 vy\u0161lo<\/b>: <br clear=\"none\" \/><a href=\"https:\/\/pages.pedf.cuni.cz\/didakticke-studie\/files\/2015\/02\/Didaktick\u00e9-studie-2011-1.pdf\">Didaktick\u00e9 studie, ro\u010d. 3, \u010d. 1, monotematick\u00e9 \u010d\u00edslo S\u00e9mantika v teorii a praxi jazykov\u00e9ho vyu\u010dov\u00e1n\u00ed.<\/a> <br clear=\"none\" \/><a href=\"https:\/\/pages.pedf.cuni.cz\/didakticke-studie\/files\/2015\/02\/Didaktick\u00e9-studie-2011-2.pdf\">Didaktick\u00e9 studie, ro\u010d. 3, \u010d. 2, monotematick\u00e9 \u010d\u00edslo \u010cesk\u00fd jazyk a Pedagogick\u00e1 fakulta UK v Praze 1946-2011.<\/a> <br clear=\"none\" \/><br clear=\"none\" \/><b>V roce 2010 vy<\/b><strong>\u0161lo:<\/strong> <br clear=\"none\" \/><a href=\"https:\/\/pages.pedf.cuni.cz\/didakticke-studie\/files\/2015\/02\/Didaktick\u00e9-studie-2010-1.pdf\">Didaktick\u00e9 studie, ro\u010d. 2, \u010d. 1, monotematick\u00e9 \u010d\u00edslo v\u011bnovan\u00e9 v\u00fdznamn\u00e9mu \u017eivotn\u00edmu jubileu b\u00fdval\u00e9 \u010dlenky katedry \u010desk\u00e9ho jazyka pan\u00ed doc. PhDr. Nad\u011b\u017ed\u011b Kv\u00edtkov\u00e9, CSc.<br clear=\"none\" \/><\/a> <a href=\"https:\/\/pages.pedf.cuni.cz\/didakticke-studie\/files\/2015\/02\/Didaktick\u00e9-studie-2010-2.pdf\">Didaktick\u00e9 studie, ro\u010d. 2, \u010d. 2, monotematick\u00e9 \u010d\u00edslo v\u011bnovan\u00e9 v\u00fdznamn\u00e9mu \u017eivotn\u00edmu jubileu b\u00fdval\u00e9 \u010dlenky katedry \u010desk\u00e9ho jazyka pan\u00ed univ. prof. Radoslav\u011b Kvapilov\u00e9 Brabcov\u00e9, CSc.<\/a> <br clear=\"none\" \/><br clear=\"none\" \/><b>V roce 2009 vy\u0161lo<\/b>:<br clear=\"none\" \/> <a href=\"https:\/\/pages.pedf.cuni.cz\/didakticke-studie\/files\/2015\/02\/Didaktick\u00e9-studie-2009-1.pdf\">Didaktick\u00e9 studie, ro\u010d. 1, \u010d. 1, monotematick\u00e9 \u010d\u00edslo Didaktick\u00e1 pom\u016fcka, hra a hra\u010dka jako eduka\u010dn\u00ed prost\u0159edek.<\/a> <br clear=\"none\" \/><a href=\"https:\/\/pages.pedf.cuni.cz\/didakticke-studie\/files\/2015\/02\/Didaktick\u00e9-studie-2009-2.pdf\">Didaktick\u00e9 studie, ro\u010d. 1, \u010d. 2, monotematick\u00e9 \u010d\u00edslo Kdy je chyba chybou.<\/a> <br clear=\"none\" \/><br clear=\"none\" \/><strong>Star\u0161\u00ed ro\u010dn\u00edky:<\/strong> <br clear=\"none\" \/><em>Didaktick\u00e9 studie<\/em>\u00a0IV. \u010ce\u0161tina jako druh\u00fd jazyk. E. H\u00e1jkov\u00e1, K. \u0160ebesta (eds.)\u00a0 Praha : UK-PedF, 2007, 122 s. ISBN 978-80-7290-350-4. <br clear=\"none\" \/><em><em><em>Didaktick\u00e9 studie<\/em>\u00a0III. \u010ce\u0161tina jako ciz\u00ed jazyk. E. H\u00e1jkov\u00e1, K. \u0160ebesta (eds.),\u00a0 Praha : UK-PedF, 2006, 103 s. ISBN 80-7290-279-2.<\/em><\/em> <br clear=\"none\" \/><em><em>Didaktick\u00e9 studie<\/em>\u00a0II. Kapitoly z modern\u00ed didaktiky \u010desk\u00e9ho jazyka. E. H\u00e1jkov\u00e1 (ed.)\u00a0 Praha : UK-PedF, 2005, 102 s., ISBN 80-7290-239-3.<\/em> <br clear=\"none\" \/><em>Didaktick\u00e9 studie<\/em> I. Kapitoly z modern\u00ed didaktiky \u010desk\u00e9ho jazyka. E. H\u00e1jkov\u00e1 (ed.),\u00a0 Praha : UK-PedF, 2004, 86 s., ISBN 80-7290-197-4<\/p>\n<div class=\"entry-content\"><\/div>\n","protected":false},"excerpt":{"rendered":"<p>V roce 2022 vy\u0161lo: Didaktick\u00e9 studie, 14. ro\u010dn\u00edk, 2022, \u010d. 2 Mluven\u00fd jazyk v teorii a praxi Didaktick\u00e9 studie, 14. ro\u010dn\u00edk, 2022, \u010d. 1 Literatura, didaktika a d\u00edt\u011b V roce 2021 vy\u0161lo: Didaktick\u00e9 studie, 13. ro\u010dn\u00edk, 2021, \u010d. 2 \u010ce\u0161tina &hellip; <a href=\"https:\/\/pages.pedf.cuni.cz\/didakticke-studie\/archiv\/\">Cel\u00fd p\u0159\u00edsp\u011bvek <span class=\"meta-nav\">&rarr;<\/span><\/a><\/p>\n","protected":false},"author":282,"featured_media":0,"parent":0,"menu_order":0,"comment_status":"closed","ping_status":"closed","template":"","meta":{"footnotes":""},"class_list":["post-23","page","type-page","status-publish","hentry"],"_links":{"self":[{"href":"https:\/\/pages.pedf.cuni.cz\/didakticke-studie\/wp-json\/wp\/v2\/pages\/23","targetHints":{"allow":["GET"]}}],"collection":[{"href":"https:\/\/pages.pedf.cuni.cz\/didakticke-studie\/wp-json\/wp\/v2\/pages"}],"about":[{"href":"https:\/\/pages.pedf.cuni.cz\/didakticke-studie\/wp-json\/wp\/v2\/types\/page"}],"author":[{"embeddable":true,"href":"https:\/\/pages.pedf.cuni.cz\/didakticke-studie\/wp-json\/wp\/v2\/users\/282"}],"replies":[{"embeddable":true,"href":"https:\/\/pages.pedf.cuni.cz\/didakticke-studie\/wp-json\/wp\/v2\/comments?post=23"}],"version-history":[{"count":22,"href":"https:\/\/pages.pedf.cuni.cz\/didakticke-studie\/wp-json\/wp\/v2\/pages\/23\/revisions"}],"predecessor-version":[{"id":577,"href":"https:\/\/pages.pedf.cuni.cz\/didakticke-studie\/wp-json\/wp\/v2\/pages\/23\/revisions\/577"}],"wp:attachment":[{"href":"https:\/\/pages.pedf.cuni.cz\/didakticke-studie\/wp-json\/wp\/v2\/media?parent=23"}],"curies":[{"name":"wp","href":"https:\/\/api.w.org\/{rel}","templated":true}]}}