{"id":448,"date":"2021-03-03T09:43:31","date_gmt":"2021-03-03T08:43:31","guid":{"rendered":"http:\/\/pages.pedf.cuni.cz\/didakticke-studie\/?page_id=448"},"modified":"2022-10-22T09:14:04","modified_gmt":"2022-10-22T07:14:04","slug":"editorial-staff","status":"publish","type":"page","link":"https:\/\/pages.pedf.cuni.cz\/didakticke-studie\/en\/editorial-staff\/","title":{"rendered":"Editorial staff"},"content":{"rendered":"\n<p><strong>Editor-in-chief:<\/strong><br>doc. PhDr. Eva H\u00e1jkov\u00e1, CSc., Faculty of Education, Charles University, Prague<\/p>\n\n\n\n<p><strong>Executive editor:<\/strong><br>PhDr. Zuzana Wildov\u00e1,&nbsp;Ph.D., Faculty of Education, Charles University, Prague<br><a href=\"mailto:didakticke.studie@pedf.cuni.cz\">didakticke.studie@pedf.cuni.cz<\/a><\/p>\n\n\n\n<p><strong>International editorial board:<\/strong><\/p>\n\n\n\n<p>prof. PaedDr. Ren\u00e9 B\u00edlik, CSc., Faculty of Education, Trnava University, Trnava, Slovakia<\/p>\n\n\n\n<p>Mgr. Anna G\u00e1lisov\u00e1, Ph.D., Faculty of Arts, Matej Bel University, Bansk\u00e1 Bystrica, Slovakia<\/p>\n\n\n\n<p><\/p>\n\n\n\n<p>doc. PhDr. Juraj Hladk\u00fd, Ph.D.,\u00a0Faculty of Education, Trnava University, Trnava, Slovakia<\/p>\n\n\n\n<p>Mgr. Martin Hrdina, Ph.D., Institute of Czech Literature, Academy of Sciences of the Czech republic, Prague<\/p>\n\n\n\n<p>doc. Dr. Natalja Iva\u0161ina, CSc., B\u011blorusskij gosudarstvennyj universitet, Minsk, Belarus<\/p>\n\n\n\n<p>PhDr. Ladislav Janovec, Ph.D., Faculty of Education, Faculty of Science, Humanities and Education, Technical University of Liberec<\/p>\n\n\n\n<p>Dr. Agnieszka Ko\u0142odziej, Ph.D., Institute of Slavic filology, University of Wroclaw, Poland <\/p>\n\n\n\n<p><\/p>\n\n\n\n<p>doc. PaedDr. \u013dudmila Lipt\u00e1kov\u00e1, CSc., Faculty of education, Pre\u0161ov University, Pre\u0161ov, Slovakia<\/p>\n\n\n\n<p>Dr. Jaroslaw Malicki, Ph.D., Institute of Slavic philology, Wroclaw University, Wroclaw, Poland<\/p>\n\n\n\n<p>prof. dr hab.\u00a0Bernadeta Niesporek-Szamburska, Silesian University, Katowice, Poland<\/p>\n\n\n\n<p>Dr. Halina Pietrak-Meiser, Universit\u00e4t Konstanz, Germany<\/p>\n\n\n\n<p>doc. PhDr. Martina \u0160mejkalov\u00e1, Ph.D.,\u00a0Faculty of Education, Charles University, Prague<\/p>\n\n\n\n<p>Doc. PhDr.\u00a0Stanislav \u0160t\u011bp\u00e1n\u00edk, Ph.D. \u2013 Faculty of Education UPOL, Olomouc, Czech Republic<\/p>\n\n\n\n<p><strong>Published By:<\/strong><\/p>\n\n\n\n<p>Charles University of Prague &#8211; Faculty of Education M. D. Rettigov\u00e9 4, 116 39 Praha 1<br>I\u010c 00216208<\/p>\n","protected":false},"excerpt":{"rendered":"<p>Editor-in-chief:doc. PhDr. Eva H\u00e1jkov\u00e1, CSc., Faculty of Education, Charles University, Prague Executive editor:PhDr. Zuzana Wildov\u00e1,&nbsp;Ph.D., Faculty of Education, Charles University, Praguedidakticke.studie@pedf.cuni.cz International editorial board: prof. PaedDr. Ren\u00e9 B\u00edlik, CSc., Faculty of Education, Trnava University, Trnava, Slovakia Mgr. Anna G\u00e1lisov\u00e1, Ph.D., &hellip; <a href=\"https:\/\/pages.pedf.cuni.cz\/didakticke-studie\/en\/editorial-staff\/\">Cel\u00fd p\u0159\u00edsp\u011bvek <span class=\"meta-nav\">&rarr;<\/span><\/a><\/p>\n","protected":false},"author":1,"featured_media":0,"parent":0,"menu_order":0,"comment_status":"closed","ping_status":"closed","template":"","meta":{"footnotes":""},"class_list":["post-448","page","type-page","status-publish","hentry"],"_links":{"self":[{"href":"https:\/\/pages.pedf.cuni.cz\/didakticke-studie\/wp-json\/wp\/v2\/pages\/448","targetHints":{"allow":["GET"]}}],"collection":[{"href":"https:\/\/pages.pedf.cuni.cz\/didakticke-studie\/wp-json\/wp\/v2\/pages"}],"about":[{"href":"https:\/\/pages.pedf.cuni.cz\/didakticke-studie\/wp-json\/wp\/v2\/types\/page"}],"author":[{"embeddable":true,"href":"https:\/\/pages.pedf.cuni.cz\/didakticke-studie\/wp-json\/wp\/v2\/users\/1"}],"replies":[{"embeddable":true,"href":"https:\/\/pages.pedf.cuni.cz\/didakticke-studie\/wp-json\/wp\/v2\/comments?post=448"}],"version-history":[{"count":15,"href":"https:\/\/pages.pedf.cuni.cz\/didakticke-studie\/wp-json\/wp\/v2\/pages\/448\/revisions"}],"predecessor-version":[{"id":535,"href":"https:\/\/pages.pedf.cuni.cz\/didakticke-studie\/wp-json\/wp\/v2\/pages\/448\/revisions\/535"}],"wp:attachment":[{"href":"https:\/\/pages.pedf.cuni.cz\/didakticke-studie\/wp-json\/wp\/v2\/media?parent=448"}],"curies":[{"name":"wp","href":"https:\/\/api.w.org\/{rel}","templated":true}]}}