{"id":1259,"date":"2020-05-03T02:48:15","date_gmt":"2020-05-03T00:48:15","guid":{"rendered":"http:\/\/pages.pedf.cuni.cz\/gramotnost\/?page_id=1259"},"modified":"2021-05-25T14:03:26","modified_gmt":"2021-05-25T12:03:26","slug":"2-2020","status":"publish","type":"page","link":"https:\/\/pages.pedf.cuni.cz\/gramotnost\/en\/2-2020\/","title":{"rendered":"2\/2020"},"content":{"rendered":"<div class=\"entry-content\">\n<div class=\"entry-content\">\n<div class=\"entry-content\">\n<p><strong><span style=\"color: #339966\">2020, VOLUME 4, NUMBER 2<\/span><br \/>\n<\/strong><\/p>\n<p><span style=\"color: #339966\"><strong>Content<\/strong><\/span><br \/>\n<em>full text <span style=\"color: #339966\"><a style=\"color: #339966\" href=\"https:\/\/pages.pedf.cuni.cz\/gramotnost\/files\/2021\/02\/Obsah.pdf\"><strong>PDF<\/strong><\/a><\/span><br \/>\n<\/em><\/p>\n<p><span style=\"color: #339966\"><strong>Editorial<\/strong><\/span><br \/>\n<em>Anna Kucharsk\u00e1, Kl\u00e1ra \u0160pa\u010dkov\u00e1, Monika Kadrno\u017ekov\u00e1<\/em><br \/>\n<em>full text <a href=\"https:\/\/pages.pedf.cuni.cz\/gramotnost\/files\/2021\/02\/Editorial.pdf\"><span style=\"color: #339966\"><strong>PDF<\/strong><\/span><\/a><br \/>\n<\/em><\/p>\n<p><span style=\"color: #339966\"><strong>SYSTEMATIC REVIEW<\/strong><\/span><br \/>\nMorfologick\u00e9 versus fonologick\u00e9 uv\u011bdom\u011bn\u00ed ve vztahu k \u010dten\u00ed v \u010desk\u00e9m jazykov\u00e9m prost\u0159ed\u00ed<strong><br \/>\n<\/strong>Zuzana B\u00edlkov\u00e1, Helena Havlisov\u00e1, Olga Malinovsk\u00e1 a Ji\u0159\u00ed Jo\u0161t<br \/>\n<em>full text <a href=\"https:\/\/pages.pedf.cuni.cz\/gramotnost\/files\/2021\/02\/01_Bilkova.pdf\"><span style=\"color: #339966\"><strong>PDF<\/strong><\/span><\/a><\/em><\/p>\n<p><span style=\"color: #339966\"><strong>EMPIRICAL PAPER<\/strong><\/span><br \/>\nPred\u0161kolsk\u00e9 indik\u00e1tory \u00faspe\u0161n\u00e9ho v\u00fdvinu \u010ditate\u013eskej gramotnosti<br \/>\nO\u013ega Z\u00e1poto\u010dn\u00e1, Marek Urban<br \/>\n<em>full text <span style=\"color: #339966\"><strong><a style=\"color: #339966\" href=\"https:\/\/pages.pedf.cuni.cz\/gramotnost\/files\/2021\/02\/02_Zapotocna.pdf\">PDF<\/a><\/strong><\/span><\/em><\/p>\n<p>Psychologick\u00e9\u00a0aspekty\u00a0tvo\u0159iv\u00e9\u00a0hry\u00a0v\u00a0polytechnick\u00e9\u00a0v\u00fdchov\u011b\u00a0v\u00a0M\u0160<strong><br \/>\n<\/strong>Barbora\u00a0\u017d\u00e1kov\u00e1,\u00a0Pavla\u00a0Presslerov\u00e1,\u00a0Carolina\u00a0Sidon<br \/>\n<em>full text <a href=\"https:\/\/pages.pedf.cuni.cz\/gramotnost\/files\/2021\/02\/03_Zakova.pdf\"><span style=\"color: #339966\"><strong>PDF<\/strong><\/span><\/a><\/em><\/p>\n<\/div>\n<p>Vliv vzoru p\u00edsma na v\u00fdkon v testu tich\u00e9ho \u010dten\u00ed ve 2. a 3. ro\u010dn\u00edku z\u00e1kladn\u00ed \u0161koly<br \/>\nOlga Ku\u010derov\u00e1, Barbora Jindrov\u00e1<br \/>\n<em>full text <a href=\"https:\/\/pages.pedf.cuni.cz\/gramotnost\/files\/2021\/02\/04_Kucerova.pdf\"><span style=\"color: #339966\"><strong>PDF<\/strong><\/span><\/a><\/em><\/p>\n<div class=\"entry-content\">\n<p>Vyu\u017eit\u00ed \u010dten\u00e1\u0159sk\u00fdch strategi\u00ed v p\u0159ed\u0161koln\u00edm vzd\u011bl\u00e1v\u00e1n\u00ed z pohledu u\u010ditelek mate\u0159sk\u00fdch \u0161kol<strong><br \/>\n<\/strong>Eva Ko\u017eeluhov\u00e1<em><br \/>\nfull text <a href=\"https:\/\/pages.pedf.cuni.cz\/gramotnost\/files\/2021\/02\/05_Kozeluhova.pdf\"><span style=\"color: #339966\"><strong>PDF<\/strong><\/span><\/a><\/em><\/p>\n<p><strong><span style=\"color: #339966\">CASE STUDY<\/span><\/strong><br \/>\nRozv\u00edjen\u00ed informa\u010dn\u00ed gramotnosti v eduka\u010dn\u00ed praxi z\u00e1kladn\u00ed \u0161koly uplat\u0148uj\u00edc\u00ed montessori pedagogiku: p\u0159\u00edpadov\u00e1 studie<br \/>\nPavl\u00edna Maz\u00e1\u010dov\u00e1, Maria \u0160upicov\u00e1<br \/>\n<em>full text <a href=\"https:\/\/pages.pedf.cuni.cz\/gramotnost\/files\/2021\/02\/06_Mazacova.pdf\"><span style=\"color: #339966\"><strong>PDF<\/strong><\/span><\/a><\/em><\/p>\n<\/div>\n<\/div>\n<div class=\"entry-content\">\n<p><span style=\"color: #339966\"><strong>REVIEW<\/strong><\/span><br \/>\nNov\u00e1kov\u00e1, E., Nov\u00e1k, B. (2019). Matematick\u00e1 pregramotnost a u\u010ditel\u00e9 mate\u0159sk\u00fdch \u0161kol.<br \/>\nMartina Uhl\u00ed\u0159ov\u00e1<br \/>\n<em>full text <a href=\"https:\/\/pages.pedf.cuni.cz\/gramotnost\/files\/2021\/02\/Recenze.pdf\"><span style=\"color: #339966\"><strong>PDF<\/strong><\/span><\/a><\/em><\/p>\n<ul>\n<li><em>The complete issue <\/em><span style=\"color: #339966\"><strong><em>The Literacy, Preliteracy and Education<\/em><\/strong><\/span><br \/>\n2020, Volume 4, Number 2<br \/>\n<em>full text <a href=\"https:\/\/pages.pedf.cuni.cz\/gramotnost\/files\/2021\/02\/Gramotnost_02_2020_FINAL.pdf\"><span style=\"color: #339966\"><strong>PDF<\/strong><\/span><\/a><\/em><\/li>\n<\/ul>\n<\/div>\n<\/div>\n","protected":false},"excerpt":{"rendered":"<p>2020, VOLUME 4, NUMBER 2 Content full text PDF Editorial Anna Kucharsk\u00e1, Kl\u00e1ra \u0160pa\u010dkov\u00e1, Monika Kadrno\u017ekov\u00e1 full text PDF SYSTEMATIC REVIEW Morfologick\u00e9 versus fonologick\u00e9 uv\u011bdom\u011bn\u00ed ve vztahu k \u010dten\u00ed v \u010desk\u00e9m jazykov\u00e9m prost\u0159ed\u00ed Zuzana B\u00edlkov\u00e1, Helena Havlisov\u00e1, Olga Malinovsk\u00e1 a Ji\u0159\u00ed Jo\u0161t full text PDF EMPIRICAL PAPER Pred\u0161kolsk\u00e9 indik\u00e1tory \u00faspe\u0161n\u00e9ho v\u00fdvinu \u010ditate\u013eskej gramotnosti O\u013ega Z\u00e1poto\u010dn\u00e1,\u2026 <span class=\"read-more\"><a href=\"https:\/\/pages.pedf.cuni.cz\/gramotnost\/en\/2-2020\/\">Read More &raquo;<\/a><\/span><\/p>\n","protected":false},"author":465,"featured_media":0,"parent":0,"menu_order":0,"comment_status":"closed","ping_status":"closed","template":"","meta":{"footnotes":""},"class_list":["post-1259","page","type-page","status-publish","hentry"],"_links":{"self":[{"href":"https:\/\/pages.pedf.cuni.cz\/gramotnost\/wp-json\/wp\/v2\/pages\/1259","targetHints":{"allow":["GET"]}}],"collection":[{"href":"https:\/\/pages.pedf.cuni.cz\/gramotnost\/wp-json\/wp\/v2\/pages"}],"about":[{"href":"https:\/\/pages.pedf.cuni.cz\/gramotnost\/wp-json\/wp\/v2\/types\/page"}],"author":[{"embeddable":true,"href":"https:\/\/pages.pedf.cuni.cz\/gramotnost\/wp-json\/wp\/v2\/users\/465"}],"replies":[{"embeddable":true,"href":"https:\/\/pages.pedf.cuni.cz\/gramotnost\/wp-json\/wp\/v2\/comments?post=1259"}],"version-history":[{"count":38,"href":"https:\/\/pages.pedf.cuni.cz\/gramotnost\/wp-json\/wp\/v2\/pages\/1259\/revisions"}],"predecessor-version":[{"id":2251,"href":"https:\/\/pages.pedf.cuni.cz\/gramotnost\/wp-json\/wp\/v2\/pages\/1259\/revisions\/2251"}],"wp:attachment":[{"href":"https:\/\/pages.pedf.cuni.cz\/gramotnost\/wp-json\/wp\/v2\/media?parent=1259"}],"curies":[{"name":"wp","href":"https:\/\/api.w.org\/{rel}","templated":true}]}}