{"id":1294,"date":"2020-05-03T09:44:24","date_gmt":"2020-05-03T07:44:24","guid":{"rendered":"http:\/\/pages.pedf.cuni.cz\/gramotnost\/?page_id=1294"},"modified":"2021-09-21T12:43:05","modified_gmt":"2021-09-21T10:43:05","slug":"uskutecnene-vyzvy-2020","status":"publish","type":"page","link":"https:\/\/pages.pedf.cuni.cz\/gramotnost\/en\/uskutecnene-vyzvy-2020\/","title":{"rendered":"Call for papers 2020"},"content":{"rendered":"<div class=\"entry-content\">\n<div class=\"entry-content\">\n<p><span style=\"color: #339966\"><strong>1\/2020 \u2013 VARIA<\/strong><\/span><\/p>\n<p><em>Editors: Anna Kucharsk\u00e1, Monika Kadrno\u017ekov\u00e1<br \/>\n<\/em><\/p>\n<p>The varia theme of the forthcoming issue of The Literacy, Preliteracy and Education Journal <span class=\"st\">is open for authors.<\/span><\/p>\n<p><strong>\u00a0<\/strong><\/p>\n<\/div>\n<p><span style=\"color: #339966\"><strong>2\/2020 \u2013 VARIA<\/strong><\/span><\/p>\n<\/div>\n<p><em>Editors: Anna Kucharsk\u00e1, Kl\u00e1ra \u0160pa\u010dkov\u00e1<br \/>\n<\/em><\/p>\n<p>The varia theme of the forthcoming issue of The Literacy, Preliteracy and Education Journal <span class=\"st\">is open for authors.<\/span><\/p>\n<p>&nbsp;<\/p>\n<p><strong><span style=\"color: #339966\">3\/2020 Journal of literacy studies welcomes submissions<\/span><br \/>\n<\/strong><\/p>\n<div class=\"entry-content\">\n<div class=\"entry-content\">\n<p><em>Editors:<\/em> <em>\u00a0Michal Ned\u011blka, Marie Fulkov\u00e1<\/em><\/p>\n<p>Literacy, Pre-Literacy and Education journal is preparing a monothematic issue focusing on the development of literacy in music education and visual culture across all levels of education.<\/p>\n<p>The topic of music literacy mainly concerns the level and development of musicality, possibly in connection with the knowledge of music theory and music history \u2013 all according to the type and level of education (general education, special music education, extracurricular music education and related music activities). This characteristic also predetermines the submitted journal articles, which typically focus on the various ways in which musical abilities and skills can be developed, and on research-based assessment of musical abilities and skills. All of these are possibly connected with the level of knowledge. The submissions can take the form of theoretical studies (e.g. description of research, analysis of teaching aids) or review articles (on the progress of research with national or international outputs).<\/p>\n<p>The second topic deals with art, culture and education, which connect the domains of huge volumes of communication and symbolic exchanges operating against the background of economic and political dynamisms of local and global dimensions. Multimedia communication technology and its audio-visual modes determine the ways in which contemporary society works, and the ways in individuals, cultures and societies think and act. The current social situation requires both social distance and enormous flexibility in communication and specific literacy for creating and understanding visual messages. The image as a complex meaning-forming entity dominates our understanding of the world, our position and our identity or subjectivity. Visual literacy is a new challenge for education, one that can change the prevailing mindset. How do we currently define visual literacy, along with its forms and functions? How can it be acquired and taught? What is the position of art educators? We welcome interesting theoretically anchored submissions (touching on concepts such as image, visual culture, visuality, intermodality and intermediality of contemporary art and its pedagogical implications, research in art). We also welcome submissions touching on the systemic incorporation of visual language (VL) in school curricula and in practice (models of education, case studies, VL in the practice of galleries and museums, curricular experiments and case studies related to community projects of safeguarding the living culture, i.e. projects with social and educational effects).<\/p>\n<\/div>\n<\/div>\n","protected":false},"excerpt":{"rendered":"<p>1\/2020 \u2013 VARIA Editors: Anna Kucharsk\u00e1, Monika Kadrno\u017ekov\u00e1 The varia theme of the forthcoming issue of The Literacy, Preliteracy and Education Journal is open for authors. \u00a0 2\/2020 \u2013 VARIA Editors: Anna Kucharsk\u00e1, Kl\u00e1ra \u0160pa\u010dkov\u00e1 The varia theme of the forthcoming issue of The Literacy, Preliteracy and Education Journal is open for authors. &nbsp; 3\/2020\u2026 <span class=\"read-more\"><a href=\"https:\/\/pages.pedf.cuni.cz\/gramotnost\/en\/uskutecnene-vyzvy-2020\/\">Read More &raquo;<\/a><\/span><\/p>\n","protected":false},"author":465,"featured_media":0,"parent":0,"menu_order":0,"comment_status":"closed","ping_status":"closed","template":"","meta":{"footnotes":""},"class_list":["post-1294","page","type-page","status-publish","hentry"],"_links":{"self":[{"href":"https:\/\/pages.pedf.cuni.cz\/gramotnost\/wp-json\/wp\/v2\/pages\/1294","targetHints":{"allow":["GET"]}}],"collection":[{"href":"https:\/\/pages.pedf.cuni.cz\/gramotnost\/wp-json\/wp\/v2\/pages"}],"about":[{"href":"https:\/\/pages.pedf.cuni.cz\/gramotnost\/wp-json\/wp\/v2\/types\/page"}],"author":[{"embeddable":true,"href":"https:\/\/pages.pedf.cuni.cz\/gramotnost\/wp-json\/wp\/v2\/users\/465"}],"replies":[{"embeddable":true,"href":"https:\/\/pages.pedf.cuni.cz\/gramotnost\/wp-json\/wp\/v2\/comments?post=1294"}],"version-history":[{"count":24,"href":"https:\/\/pages.pedf.cuni.cz\/gramotnost\/wp-json\/wp\/v2\/pages\/1294\/revisions"}],"predecessor-version":[{"id":2379,"href":"https:\/\/pages.pedf.cuni.cz\/gramotnost\/wp-json\/wp\/v2\/pages\/1294\/revisions\/2379"}],"wp:attachment":[{"href":"https:\/\/pages.pedf.cuni.cz\/gramotnost\/wp-json\/wp\/v2\/media?parent=1294"}],"curies":[{"name":"wp","href":"https:\/\/api.w.org\/{rel}","templated":true}]}}

<div class="entry-content">
<div class="entry-content">
<p><span style="color: #339966"><strong>1/2020 – VARIA</strong></span></p>
<p><em>Editors: Anna Kucharská, Monika Kadrnožková<br />
</em></p>
<p>The varia theme of the forthcoming issue of The Literacy, Preliteracy and Education Journal <span class="st">is open for authors.</span></p>
<p><strong> </strong></p>
</div>
<p><span style="color: #339966"><strong>2/2020 – VARIA</strong></span></p>
</div>
<p><em>Editors: Anna Kucharská, Klára Špačková<br />
</em></p>
<p>The varia theme of the forthcoming issue of The Literacy, Preliteracy and Education Journal <span class="st">is open for authors.</span></p>
<p>&nbsp;</p>
<p><strong><span style="color: #339966">3/2020 Journal of literacy studies welcomes submissions</span><br />
</strong></p>
<div class="entry-content">
<div class="entry-content">
<p><em>Editors:</em> <em> Michal Nedělka, Marie Fulková</em></p>
<p>Literacy, Pre-Literacy and Education journal is preparing a monothematic issue focusing on the development of literacy in music education and visual culture across all levels of education.</p>
<p>The topic of music literacy mainly concerns the level and development of musicality, possibly in connection with the knowledge of music theory and music history – all according to the type and level of education (general education, special music education, extracurricular music education and related music activities). This characteristic also predetermines the submitted journal articles, which typically focus on the various ways in which musical abilities and skills can be developed, and on research-based assessment of musical abilities and skills. All of these are possibly connected with the level of knowledge. The submissions can take the form of theoretical studies (e.g. description of research, analysis of teaching aids) or review articles (on the progress of research with national or international outputs).</p>
<p>The second topic deals with art, culture and education, which connect the domains of huge volumes of communication and symbolic exchanges operating against the background of economic and political dynamisms of local and global dimensions. Multimedia communication technology and its audio-visual modes determine the ways in which contemporary society works, and the ways in individuals, cultures and societies think and act. The current social situation requires both social distance and enormous flexibility in communication and specific literacy for creating and understanding visual messages. The image as a complex meaning-forming entity dominates our understanding of the world, our position and our identity or subjectivity. Visual literacy is a new challenge for education, one that can change the prevailing mindset. How do we currently define visual literacy, along with its forms and functions? How can it be acquired and taught? What is the position of art educators? We welcome interesting theoretically anchored submissions (touching on concepts such as image, visual culture, visuality, intermodality and intermediality of contemporary art and its pedagogical implications, research in art). We also welcome submissions touching on the systemic incorporation of visual language (VL) in school curricula and in practice (models of education, case studies, VL in the practice of galleries and museums, curricular experiments and case studies related to community projects of safeguarding the living culture, i.e. projects with social and educational effects).</p>
</div>
</div>

<p>1/2020 – VARIA Editors: Anna Kucharská, Monika Kadrnožková The varia theme of the forthcoming issue of The Literacy, Preliteracy and Education Journal is open for authors.   2/2020 – VARIA Editors: Anna Kucharská, Klára Špačková The varia theme of the forthcoming issue of The Literacy, Preliteracy and Education Journal is open for authors. &nbsp; 3/2020… <span class="read-more"><a href="https://pages.pedf.cuni.cz/gramotnost/en/uskutecnene-vyzvy-2020/">Read More &raquo;</a></span></p>
