{"id":1474,"date":"2020-08-15T15:10:12","date_gmt":"2020-08-15T13:10:12","guid":{"rendered":"http:\/\/pages.pedf.cuni.cz\/gramotnost\/?page_id=1474"},"modified":"2021-03-13T12:31:08","modified_gmt":"2021-03-13T11:31:08","slug":"2017-3","status":"publish","type":"page","link":"https:\/\/pages.pedf.cuni.cz\/gramotnost\/en\/2017-3\/","title":{"rendered":"2017"},"content":{"rendered":"<p><span style=\"color: #339966;\"><strong>3\/2017<\/strong><\/span><br \/>\n<span style=\"color: #339966;\"><strong>Special Issue call for abstracts \u201cRelationship of Spoken Language Skills and\u00a0 Literacy Acquisition\u201d<\/strong><\/span><br \/>\n<em><span style=\"color: #339966;\">Editors:\u00a0 Seidlov\u00e1<\/span> M\u00e1lkov\u00e1 Gabriela, \u0160pa\u010dkov\u00e1 Kl\u00e1ra<\/em><br \/>\nComplete <strong><em><a href=\"https:\/\/pages.pedf.cuni.cz\/gramotnost\/files\/2018\/06\/Gramotnost_03_FINAL.pdf\"><span style=\"color: #339966;\">PDF<\/span><\/a><\/em><\/strong><\/p>\n<p><span style=\"color: #339966;\"><strong>2\/2017<\/strong><\/span><br \/>\n<em>Editor: Anna Kucharsk\u00e1<\/em><br \/>\nComplete <a href=\"https:\/\/pages.pedf.cuni.cz\/gramotnost\/files\/2017\/05\/Gramotnost_pregramotnost_a_vzd%c4%9bl%c3%a1v%c3%a1n%c3%ad_2_2017.pdf\"><strong><em><span style=\"color: #339966;\">PDF<\/span><\/em><\/strong><\/a><\/p>\n<p><span style=\"color: #339966;\"><strong>1\/2017<\/strong><\/span><br \/>\n<span style=\"color: #339966;\"><b>Po\u010d\u00e1te\u010dn\u00ed \u010cten\u00ed: \u010ctu a st\u00e1v\u00e1m se \u010dten\u00e1\u0159em (cesty propojen\u00ed v\u00fdzkumu a praxe)<\/b><\/span><br \/>\n<em>Editors: Anna Kucharsk\u00e1, Radka Wildov\u00e1, Kl\u00e1ra \u0160pa\u010dkov\u00e1<\/em><br \/>\nComplete<span style=\"color: #339966;\"><strong><em> <a style=\"color: #339966;\" href=\"https:\/\/pages.pedf.cuni.cz\/gramotnost\/files\/2017\/01\/Gramotnost_01_FINAL_komplet.pdf\">PDF<\/a><\/em><\/strong><\/span>[:]<\/p>\n","protected":false},"excerpt":{"rendered":"<p>3\/2017 Special Issue call for abstracts \u201cRelationship of Spoken Language Skills and\u00a0 Literacy Acquisition\u201d Editors:\u00a0 Seidlov\u00e1 M\u00e1lkov\u00e1 Gabriela, \u0160pa\u010dkov\u00e1 Kl\u00e1ra Complete PDF 2\/2017 Editor: Anna Kucharsk\u00e1 Complete PDF 1\/2017 Po\u010d\u00e1te\u010dn\u00ed \u010cten\u00ed: \u010ctu a st\u00e1v\u00e1m se \u010dten\u00e1\u0159em (cesty propojen\u00ed v\u00fdzkumu a praxe) Editors: Anna Kucharsk\u00e1, Radka Wildov\u00e1, Kl\u00e1ra \u0160pa\u010dkov\u00e1 Complete PDF[:]<\/p>\n","protected":false},"author":465,"featured_media":0,"parent":0,"menu_order":0,"comment_status":"closed","ping_status":"closed","template":"","meta":{"footnotes":""},"class_list":["post-1474","page","type-page","status-publish","hentry"],"_links":{"self":[{"href":"https:\/\/pages.pedf.cuni.cz\/gramotnost\/wp-json\/wp\/v2\/pages\/1474","targetHints":{"allow":["GET"]}}],"collection":[{"href":"https:\/\/pages.pedf.cuni.cz\/gramotnost\/wp-json\/wp\/v2\/pages"}],"about":[{"href":"https:\/\/pages.pedf.cuni.cz\/gramotnost\/wp-json\/wp\/v2\/types\/page"}],"author":[{"embeddable":true,"href":"https:\/\/pages.pedf.cuni.cz\/gramotnost\/wp-json\/wp\/v2\/users\/465"}],"replies":[{"embeddable":true,"href":"https:\/\/pages.pedf.cuni.cz\/gramotnost\/wp-json\/wp\/v2\/comments?post=1474"}],"version-history":[{"count":3,"href":"https:\/\/pages.pedf.cuni.cz\/gramotnost\/wp-json\/wp\/v2\/pages\/1474\/revisions"}],"predecessor-version":[{"id":2074,"href":"https:\/\/pages.pedf.cuni.cz\/gramotnost\/wp-json\/wp\/v2\/pages\/1474\/revisions\/2074"}],"wp:attachment":[{"href":"https:\/\/pages.pedf.cuni.cz\/gramotnost\/wp-json\/wp\/v2\/media?parent=1474"}],"curies":[{"name":"wp","href":"https:\/\/api.w.org\/{rel}","templated":true}]}}

<p><span style="color: #339966;"><strong>3/2017</strong></span><br />
<span style="color: #339966;"><strong>Special Issue call for abstracts “Relationship of Spoken Language Skills and  Literacy Acquisition”</strong></span><br />
<em><span style="color: #339966;">Editors:  Seidlová</span> Málková Gabriela, Špačková Klára</em><br />
Complete <strong><em><a href="https://pages.pedf.cuni.cz/gramotnost/files/2018/06/Gramotnost_03_FINAL.pdf"><span style="color: #339966;">PDF</span></a></em></strong></p>
<p><span style="color: #339966;"><strong>2/2017</strong></span><br />
<em>Editor: Anna Kucharská</em><br />
Complete <a href="https://pages.pedf.cuni.cz/gramotnost/files/2017/05/Gramotnost_pregramotnost_a_vzd%c4%9bl%c3%a1v%c3%a1n%c3%ad_2_2017.pdf"><strong><em><span style="color: #339966;">PDF</span></em></strong></a></p>
<p><span style="color: #339966;"><strong>1/2017</strong></span><br />
<span style="color: #339966;"><b>Počáteční Čtení: Čtu a stávám se čtenářem (cesty propojení výzkumu a praxe)</b></span><br />
<em>Editors: Anna Kucharská, Radka Wildová, Klára Špačková</em><br />
Complete<span style="color: #339966;"><strong><em> <a style="color: #339966;" href="https://pages.pedf.cuni.cz/gramotnost/files/2017/01/Gramotnost_01_FINAL_komplet.pdf">PDF</a></em></strong></span>[:]</p>

<p>3/2017 Special Issue call for abstracts “Relationship of Spoken Language Skills and  Literacy Acquisition” Editors:  Seidlová Málková Gabriela, Špačková Klára Complete PDF 2/2017 Editor: Anna Kucharská Complete PDF 1/2017 Počáteční Čtení: Čtu a stávám se čtenářem (cesty propojení výzkumu a praxe) Editors: Anna Kucharská, Radka Wildová, Klára Špačková Complete PDF[:]</p>
