{"id":1966,"date":"2021-03-13T07:53:17","date_gmt":"2021-03-13T06:53:17","guid":{"rendered":"http:\/\/pages.pedf.cuni.cz\/gramotnost\/?page_id=1966"},"modified":"2021-03-13T11:36:05","modified_gmt":"2021-03-13T10:36:05","slug":"2021-3","status":"publish","type":"page","link":"https:\/\/pages.pedf.cuni.cz\/gramotnost\/2021-3\/","title":{"rendered":"2021"},"content":{"rendered":"<p><strong><span style=\"color: #339966;\">3\/2021<\/span><br \/>\n<\/strong><em>Edito\u0159i:<\/em> <em>Anna Kucharsk\u00e1, Kl\u00e1ra \u0160pa\u010dkov\u00e1<\/em><br \/>\nOtev\u0159en\u00e9 \u010d\u00edslo v anglick\u00e9m jazyce<\/p>\n<p><span style=\"color: #339966;\"><strong>2\/2021<\/strong><\/span><br \/>\n<em>Edito\u0159i: Lenka Vojt\u00edkov\u00e1, So\u0148a Jandov\u00e1, Hana Dvo\u0159\u00e1kov\u00e1, Petr Vl\u010dek<\/em><br \/>\nPohybov\u00e1 gramotnost a vzd\u011bl\u00e1v\u00e1n\u00ed<\/p>\n<p><span style=\"color: #339966;\"><strong>1\/2021<\/strong><\/span><br \/>\n<em>Edito\u0159i: Anna Kucharsk\u00e1, Monika Kadrno\u017ekov\u00e1<\/em><br \/>\nVaria Issue \u2013 english language<\/p>\n<p>&nbsp;<\/p>\n","protected":false},"excerpt":{"rendered":"<p>3\/2021 Edito\u0159i: Anna Kucharsk\u00e1, Kl\u00e1ra \u0160pa\u010dkov\u00e1 Otev\u0159en\u00e9 \u010d\u00edslo v anglick\u00e9m jazyce 2\/2021 Edito\u0159i: Lenka Vojt\u00edkov\u00e1, So\u0148a Jandov\u00e1, Hana Dvo\u0159\u00e1kov\u00e1, Petr Vl\u010dek Pohybov\u00e1 gramotnost a vzd\u011bl\u00e1v\u00e1n\u00ed 1\/2021 Edito\u0159i: Anna Kucharsk\u00e1, Monika Kadrno\u017ekov\u00e1 Varia Issue \u2013 english language &nbsp;<\/p>\n","protected":false},"author":465,"featured_media":0,"parent":0,"menu_order":0,"comment_status":"closed","ping_status":"closed","template":"","meta":{"footnotes":""},"class_list":["post-1966","page","type-page","status-publish","hentry"],"_links":{"self":[{"href":"https:\/\/pages.pedf.cuni.cz\/gramotnost\/wp-json\/wp\/v2\/pages\/1966","targetHints":{"allow":["GET"]}}],"collection":[{"href":"https:\/\/pages.pedf.cuni.cz\/gramotnost\/wp-json\/wp\/v2\/pages"}],"about":[{"href":"https:\/\/pages.pedf.cuni.cz\/gramotnost\/wp-json\/wp\/v2\/types\/page"}],"author":[{"embeddable":true,"href":"https:\/\/pages.pedf.cuni.cz\/gramotnost\/wp-json\/wp\/v2\/users\/465"}],"replies":[{"embeddable":true,"href":"https:\/\/pages.pedf.cuni.cz\/gramotnost\/wp-json\/wp\/v2\/comments?post=1966"}],"version-history":[{"count":2,"href":"https:\/\/pages.pedf.cuni.cz\/gramotnost\/wp-json\/wp\/v2\/pages\/1966\/revisions"}],"predecessor-version":[{"id":1984,"href":"https:\/\/pages.pedf.cuni.cz\/gramotnost\/wp-json\/wp\/v2\/pages\/1966\/revisions\/1984"}],"wp:attachment":[{"href":"https:\/\/pages.pedf.cuni.cz\/gramotnost\/wp-json\/wp\/v2\/media?parent=1966"}],"curies":[{"name":"wp","href":"https:\/\/api.w.org\/{rel}","templated":true}]}}