{"id":1978,"date":"2021-03-13T11:39:46","date_gmt":"2021-03-13T10:39:46","guid":{"rendered":"http:\/\/pages.pedf.cuni.cz\/gramotnost\/?page_id=1978"},"modified":"2022-01-03T23:53:37","modified_gmt":"2022-01-03T22:53:37","slug":"1-2021-2","status":"publish","type":"page","link":"https:\/\/pages.pedf.cuni.cz\/gramotnost\/1-2021-2\/","title":{"rendered":"1\/2021"},"content":{"rendered":"<p><span style=\"color: #339966\"><strong>2021, RO\u010cN\u00cdK 5, \u010c\u00cdSLO 1<\/strong><\/span><br \/>\n<span style=\"color: #339966\"><strong>ANGLIC\u00c9 \u010c\u00cdSLO &#8211; THE LITERACY, PRELITERACY AND EDUCATION<\/strong><\/span><\/p>\n<p><span style=\"color: #339966\"><strong>Obsah<\/strong><\/span><br \/>\n<em>ke sta\u017een\u00ed<\/em> <span style=\"color: #339966\"><strong><em><a href=\"https:\/\/pages.pedf.cuni.cz\/gramotnost\/files\/2022\/01\/Obsah.pdf\"><span style=\"color: #339966\">zde<\/span><\/a><\/em><\/strong><\/span><\/p>\n<p><span style=\"color: #339966\"><strong>Editorial<\/strong><\/span><br \/>\n<em>Anna Kucharsk\u00e1 and Monika Kadrno\u017ekov\u00e1<\/em><br \/>\n<em>ke sta\u017een\u00ed<strong><span style=\"color: #339966\"><a style=\"color: #339966\" href=\"https:\/\/pages.pedf.cuni.cz\/gramotnost\/files\/2022\/01\/Editorial.pdf\"> zde<\/a><\/span><\/strong><br \/>\n<\/em><\/p>\n<p><span style=\"color: #339966\"><strong>V\u00daZKUMN\u00c1 STUDIE<\/strong><\/span><br \/>\nIdentifying Early Readers at the Start of Their Compulsory Education<br \/>\nLenka Zemanov\u00e1, Radka Wildov\u00e1<br \/>\n<em>ke sta\u017een\u00ed <a href=\"https:\/\/pages.pedf.cuni.cz\/gramotnost\/files\/2022\/01\/01_Zemanova.pdf\"><span style=\"color: #339966\"><strong>zde<\/strong><\/span><\/a><br \/>\n<\/em><\/p>\n<p>Mathematical Problem Solving Processes in Students with Autism Spectrum Disorders<br \/>\nHana Sot\u00e1kov\u00e1<br \/>\n<em>ke sta\u017een\u00ed <a href=\"https:\/\/pages.pedf.cuni.cz\/gramotnost\/files\/2022\/01\/02_Sotakova.pdf\"><strong><span style=\"color: #339966\">zde<\/span><\/strong><\/a><br \/>\n<\/em><\/p>\n<p><span data-contrast=\"none\">The implementation of Inclusive Education after the 2016 Legislative Changes from Shools&#8216; Perspectives<br \/>\nJana Mr\u00e1zkov\u00e1<br \/>\n<em>ke sta\u017een\u00ed<span style=\"color: #339966\"><strong> <a style=\"color: #339966\" href=\"https:\/\/pages.pedf.cuni.cz\/gramotnost\/files\/2022\/01\/03_Mrazkova.pdf\">zde<\/a><\/strong><\/span><\/em> <\/span><\/p>\n<p><span style=\"color: #339966\"><strong>P\u0158\u00cdPADOV\u00c1 STUDIE<\/strong><\/span><br \/>\nAssessment of the Development of a Child\u02bcs Comprehension of Texts Read Aloud<br \/>\nEva Ko\u017eeluhov\u00e1<br \/>\n<em>ke sta\u017een\u00ed<\/em> <em><span style=\"color: #339966\"><strong><a style=\"color: #339966\" href=\"https:\/\/pages.pedf.cuni.cz\/gramotnost\/files\/2022\/01\/04_Kozeluhova.pdf\">zde<\/a><\/strong><\/span><\/em><\/p>\n<ul>\n<li><span style=\"color: #339966\"><strong>Cel\u00e9 anglick\u00e9 \u010d\u00edslo The Literacy, Preliteracy and Education<\/strong><\/span><br \/>\n2020, Volume 5, Number 1<br \/>\n<em>ke sta\u017een\u00ed <a href=\"https:\/\/pages.pedf.cuni.cz\/gramotnost\/files\/2022\/01\/Gramotnost_01_2021_FINAL.pdf\"><span style=\"color: #339966\"><strong>zde<\/strong><\/span><\/a><br \/>\n<\/em><\/li>\n<\/ul>\n","protected":false},"excerpt":{"rendered":"<p>2021, RO\u010cN\u00cdK 5, \u010c\u00cdSLO 1 ANGLIC\u00c9 \u010c\u00cdSLO &#8211; THE LITERACY, PRELITERACY AND EDUCATION Obsah ke sta\u017een\u00ed zde Editorial Anna Kucharsk\u00e1 and Monika Kadrno\u017ekov\u00e1 ke sta\u017een\u00ed zde V\u00daZKUMN\u00c1 STUDIE Identifying Early Readers at the Start of Their Compulsory Education Lenka Zemanov\u00e1, Radka Wildov\u00e1 ke sta\u017een\u00ed zde Mathematical Problem Solving Processes in Students with Autism Spectrum Disorders\u2026 <span class=\"read-more\"><a href=\"https:\/\/pages.pedf.cuni.cz\/gramotnost\/1-2021-2\/\">Read More &raquo;<\/a><\/span><\/p>\n","protected":false},"author":1,"featured_media":0,"parent":0,"menu_order":0,"comment_status":"closed","ping_status":"closed","template":"","meta":{"footnotes":""},"class_list":["post-1978","page","type-page","status-publish","hentry"],"_links":{"self":[{"href":"https:\/\/pages.pedf.cuni.cz\/gramotnost\/wp-json\/wp\/v2\/pages\/1978","targetHints":{"allow":["GET"]}}],"collection":[{"href":"https:\/\/pages.pedf.cuni.cz\/gramotnost\/wp-json\/wp\/v2\/pages"}],"about":[{"href":"https:\/\/pages.pedf.cuni.cz\/gramotnost\/wp-json\/wp\/v2\/types\/page"}],"author":[{"embeddable":true,"href":"https:\/\/pages.pedf.cuni.cz\/gramotnost\/wp-json\/wp\/v2\/users\/1"}],"replies":[{"embeddable":true,"href":"https:\/\/pages.pedf.cuni.cz\/gramotnost\/wp-json\/wp\/v2\/comments?post=1978"}],"version-history":[{"count":17,"href":"https:\/\/pages.pedf.cuni.cz\/gramotnost\/wp-json\/wp\/v2\/pages\/1978\/revisions"}],"predecessor-version":[{"id":2586,"href":"https:\/\/pages.pedf.cuni.cz\/gramotnost\/wp-json\/wp\/v2\/pages\/1978\/revisions\/2586"}],"wp:attachment":[{"href":"https:\/\/pages.pedf.cuni.cz\/gramotnost\/wp-json\/wp\/v2\/media?parent=1978"}],"curies":[{"name":"wp","href":"https:\/\/api.w.org\/{rel}","templated":true}]}}