{"id":1979,"date":"2021-03-13T11:48:14","date_gmt":"2021-03-13T10:48:14","guid":{"rendered":"http:\/\/pages.pedf.cuni.cz\/gramotnost\/?page_id=1979"},"modified":"2021-12-14T14:22:04","modified_gmt":"2021-12-14T13:22:04","slug":"2-2021-2","status":"publish","type":"page","link":"https:\/\/pages.pedf.cuni.cz\/gramotnost\/2-2021-2\/","title":{"rendered":"2\/2021"},"content":{"rendered":"<p><span style=\"color: #339966\"><strong>2021, Ro\u010dn\u00edk 5, \u010d\u00edslo 2, Pohybov\u00e1 gramotnost a vzd\u011bl\u00e1v\u00e1n\u00ed<br \/>\n<\/strong><\/span><\/p>\n<div class=\"entry-content\">\n<p><span style=\"color: #339966\"><strong>Obsah<\/strong><\/span><em><br \/>\nke sta\u017een\u00ed<span style=\"color: #339966\"><strong> <a style=\"color: #339966\" href=\"https:\/\/pages.pedf.cuni.cz\/gramotnost\/files\/2021\/12\/Obsah.pdf\">zde<\/a><\/strong><\/span><br \/>\n<\/em><\/p>\n<p><span style=\"color: #339966\"><strong>Editorial<\/strong><\/span><br \/>\n<em>So\u0148a Jandov\u00e1, Hana Dvo\u0159\u00e1kov\u00e1, Petr Vl\u010dek a Lenka Vojt\u00edkov\u00e1<\/em><br \/>\n<em>ke sta\u017een\u00ed <span style=\"color: #339966\"><strong><a style=\"color: #339966\" href=\"https:\/\/pages.pedf.cuni.cz\/gramotnost\/files\/2021\/11\/Gramotnost_02_2021_Editorial__.pdf\">zde<\/a><\/strong><\/span><br \/>\n<\/em><\/p>\n<\/div>\n<div class=\"entry-content\">\n<p><span style=\"color: #339966\"><strong>TEORETICK\u00c1 STUDIE<\/strong><\/span><br \/>\nPohybov\u00e1 gramotnost &#8211; minulost a sou\u010dasnost<br \/>\nV\u00e1clav Bunc<br \/>\n<em>ke sta\u017een\u00ed <span style=\"color: #008000\"><strong><a style=\"color: #008000\" href=\"https:\/\/pages.pedf.cuni.cz\/gramotnost\/files\/2021\/11\/Gramotnost_02_2021_Bunc.pdf\"><span style=\"color: #339966\">zde<\/span><\/a><\/strong><\/span><br \/>\n<\/em><\/p>\n<p>Pohybov\u00e1 gramotnost v prost\u0159ed\u00ed \u010desk\u00e9ho vzd\u011bl\u00e1v\u00e1n\u00ed<br \/>\nJana Va\u0161\u00ed\u010dkov\u00e1, Martina Pol\u00e1kov\u00e1 a Michaela \u010capkov\u00e1<b>\u202f<\/b><br \/>\n<em>ke sta\u017een\u00ed <span style=\"color: #008000\"><strong><a style=\"color: #008000\" href=\"https:\/\/pages.pedf.cuni.cz\/gramotnost\/files\/2021\/11\/Gramotnost_02_2021_Vasickova.pdf\"><span style=\"color: #339966\">zde<\/span><\/a><\/strong><\/span><\/em><\/p>\n<p><span style=\"color: #339966\"><strong>P\u0158EHLEDOV\u00c1 STUDIE<\/strong><\/span><br \/>\n\u010cinitel\u00e9 ovliv\u0148uj\u00edc\u00ed pohybovou gramotnost d\u011bt\u00ed v p\u0159ed\u0161koln\u00edm v\u011bku<br \/>\nDita Culkov\u00e1, Petr Schlegel, Dana Fialov\u00e1 a Kamil Jani\u0161 ml.<br \/>\n<em>ke sta\u017een\u00ed <a href=\"https:\/\/pages.pedf.cuni.cz\/gramotnost\/files\/2021\/11\/Gramotnost_02_2021_Culkova.pdf\"><span style=\"color: #339966\"><strong>zde<\/strong><\/span><\/a><\/em><\/p>\n<p><span style=\"color: #339966\"><strong>V\u00ddZKUMN\u00c9 SD\u011aLEN\u00cd<\/strong><\/span><br \/>\nK revizi koncepce t\u011blesn\u00e9 v\u00fdchovy v \u010cesk\u00e9 republice &#8211; sm\u011b\u0159ov\u00e1n\u00ed k pohybov\u00e9 gramotnosti<br \/>\nPetr Vl\u010dek<br \/>\n<em>ke sta\u017een\u00ed <a href=\"https:\/\/pages.pedf.cuni.cz\/gramotnost\/files\/2021\/11\/Gramotnost_02_2021_Vlcek.pdf\"><span style=\"color: #339966\"><strong>zde<\/strong><\/span><\/a><\/em><\/p>\n<p>Mo\u017enosti p\u016fsoben\u00ed faktor\u016f \u0161koln\u00edho prost\u0159ed\u00ed na dr\u017een\u00ed t\u011bla \u017e\u00e1k\u016f<br \/>\n<span class=\"st\">Hana Jano\u0161kov\u00e1 a Lenka J\u00edlkov\u00e1<\/span><br \/>\n<em>ke sta\u017een\u00ed <span style=\"color: #339966\"><strong><a style=\"color: #339966\" href=\"https:\/\/pages.pedf.cuni.cz\/gramotnost\/files\/2021\/12\/Gramotnost_02_2021_Janoskova.pdf\">zde<\/a><\/strong><\/span><br \/>\n<\/em><\/p>\n<p><span style=\"color: #339966\"><strong>METODOLOGICK\u00c1 STUDIE<\/strong><\/span><br \/>\nAnal\u00fdza diagnostick\u00fdch prost\u0159edk\u016f k hodnocen\u00ed motorick\u00e9 kompetence v mlad\u0161\u00edm \u0161koln\u00edm v\u011bku<br \/>\n<span class=\"st\">Iva \u0160eflov\u00e1<\/span><br \/>\n<em>ke sta\u017een\u00ed\u00a0<a href=\"https:\/\/pages.pedf.cuni.cz\/gramotnost\/files\/2021\/12\/Gramotnost_02_2021_Seflova_-1.pdf\"><span style=\"color: #339966\"><strong>zde<\/strong><\/span><\/a><\/em><\/p>\n<ul>\n<li><em>Cel\u00e9 \u010d\u00edslo <span style=\"color: #339966\"><strong>Gramotnost, pregramotnost a vzd\u011bl\u00e1v\u00e1n\u00ed &#8211;<\/strong><\/span>\u00a0<span style=\"color: #339966\"><strong><span style=\"color: #339966\">Pohybov\u00e1 gramotnost a vzd\u011bl\u00e1v\u00e1n\u00ed<\/span><\/strong><\/span><\/em><br \/>\n2021, Ro\u010dn\u00edk 5, \u010d\u00edslo 2<br \/>\n<em>ke sta\u017een\u00ed <span style=\"color: #339966\"><strong><a style=\"color: #339966\" href=\"https:\/\/pages.pedf.cuni.cz\/gramotnost\/files\/2021\/12\/Gramotnost_02_2021-1.pdf\">zde<\/a><\/strong><\/span><\/em><\/li>\n<\/ul>\n<\/div>\n<p>&nbsp;<\/p>\n","protected":false},"excerpt":{"rendered":"<p>2021, Ro\u010dn\u00edk 5, \u010d\u00edslo 2, Pohybov\u00e1 gramotnost a vzd\u011bl\u00e1v\u00e1n\u00ed Obsah ke sta\u017een\u00ed zde Editorial So\u0148a Jandov\u00e1, Hana Dvo\u0159\u00e1kov\u00e1, Petr Vl\u010dek a Lenka Vojt\u00edkov\u00e1 ke sta\u017een\u00ed zde TEORETICK\u00c1 STUDIE Pohybov\u00e1 gramotnost &#8211; minulost a sou\u010dasnost V\u00e1clav Bunc ke sta\u017een\u00ed zde Pohybov\u00e1 gramotnost v prost\u0159ed\u00ed \u010desk\u00e9ho vzd\u011bl\u00e1v\u00e1n\u00ed Jana Va\u0161\u00ed\u010dkov\u00e1, Martina Pol\u00e1kov\u00e1 a Michaela \u010capkov\u00e1\u202f ke sta\u017een\u00ed zde\u2026 <span class=\"read-more\"><a href=\"https:\/\/pages.pedf.cuni.cz\/gramotnost\/2-2021-2\/\">Read More &raquo;<\/a><\/span><\/p>\n","protected":false},"author":1,"featured_media":0,"parent":0,"menu_order":0,"comment_status":"closed","ping_status":"closed","template":"","meta":{"footnotes":""},"class_list":["post-1979","page","type-page","status-publish","hentry"],"_links":{"self":[{"href":"https:\/\/pages.pedf.cuni.cz\/gramotnost\/wp-json\/wp\/v2\/pages\/1979","targetHints":{"allow":["GET"]}}],"collection":[{"href":"https:\/\/pages.pedf.cuni.cz\/gramotnost\/wp-json\/wp\/v2\/pages"}],"about":[{"href":"https:\/\/pages.pedf.cuni.cz\/gramotnost\/wp-json\/wp\/v2\/types\/page"}],"author":[{"embeddable":true,"href":"https:\/\/pages.pedf.cuni.cz\/gramotnost\/wp-json\/wp\/v2\/users\/1"}],"replies":[{"embeddable":true,"href":"https:\/\/pages.pedf.cuni.cz\/gramotnost\/wp-json\/wp\/v2\/comments?post=1979"}],"version-history":[{"count":40,"href":"https:\/\/pages.pedf.cuni.cz\/gramotnost\/wp-json\/wp\/v2\/pages\/1979\/revisions"}],"predecessor-version":[{"id":2510,"href":"https:\/\/pages.pedf.cuni.cz\/gramotnost\/wp-json\/wp\/v2\/pages\/1979\/revisions\/2510"}],"wp:attachment":[{"href":"https:\/\/pages.pedf.cuni.cz\/gramotnost\/wp-json\/wp\/v2\/media?parent=1979"}],"curies":[{"name":"wp","href":"https:\/\/api.w.org\/{rel}","templated":true}]}}