{"id":2026,"date":"2021-03-13T12:09:11","date_gmt":"2021-03-13T11:09:11","guid":{"rendered":"http:\/\/pages.pedf.cuni.cz\/gramotnost\/?page_id=2026"},"modified":"2021-03-13T12:09:11","modified_gmt":"2021-03-13T11:09:11","slug":"3-2019","status":"publish","type":"page","link":"https:\/\/pages.pedf.cuni.cz\/gramotnost\/3-2019\/","title":{"rendered":"3\/2019"},"content":{"rendered":"<p><span style=\"color: #339966;\"><strong>2019, RO\u010cN\u00cdK 3, \u010c\u00cdSLO 3<\/strong><\/span><\/p>\n<div class=\"entry-content\">\n<p><span style=\"color: #339966;\"><strong>Obsah<\/strong><\/span><br \/>\n<em>ke sta\u017een\u00ed <a href=\"https:\/\/pages.pedf.cuni.cz\/gramotnost\/files\/2020\/08\/obsah.pdf\"><strong><span style=\"color: #339966;\">zde<\/span><\/strong><\/a><\/em><\/p>\n<p><span style=\"color: #339966;\"><strong>Editorial<\/strong><\/span><br \/>\n<em>Kl\u00e1ra \u0160pa\u010dkov\u00e1<\/em><br \/>\n<em>ke sta\u017een\u00ed<strong><span style=\"color: #339966;\"> <a style=\"color: #339966;\" href=\"https:\/\/pages.pedf.cuni.cz\/gramotnost\/files\/2020\/08\/Editorial.pdf\">zde<\/a><\/span><\/strong><\/em><\/p>\n<p><strong><span style=\"color: #339966;\">P\u0158EHLEDOV\u00c1 STUDIE<\/span><\/strong><br \/>\nPrediction Models of Literacy Skills and Deficits a Review of the Research<br \/>\nTereza Med\u0159ick\u00e1, Anna Kucharsk\u00e1<br \/>\n<span style=\"color: #333333;\"><em>ke sta\u017een\u00ed <\/em><\/span><span style=\"color: #333333;\"><em><span style=\"color: #339966;\"><strong><a href=\"https:\/\/pages.pedf.cuni.cz\/gramotnost\/files\/2020\/08\/01_Medricka_Kucharska.pdf\"><span style=\"color: #339966;\">zde<\/span><\/a><\/strong><\/span><\/em><\/span><\/p>\n<p><span style=\"color: #339966;\"><strong>V\u00ddZKUMN\u00c9 STUDIE<\/strong><\/span><br \/>\nAwareness of the Good Start Method and its Application in the Current Pedagogical Practice in the Czech Republic<br \/>\nMilena Kmentov\u00e1<br \/>\n<em>ke sta\u017een\u00ed <span style=\"color: #339966;\"><strong><a style=\"color: #339966;\" href=\"https:\/\/pages.pedf.cuni.cz\/gramotnost\/files\/2020\/08\/02_Kmentova.pdf\">zde<\/a><\/strong><\/span><\/em><\/p>\n<div class=\"entry-content\">\n<p><span style=\"color: #339966;\"><strong>ZPR\u00c1VY<\/strong><\/span><br \/>\nENGaGED or DISENGaGED? Online Materials to Help Language Teachers Support their Pupils with Dyslexia more Fully<br \/>\nV\u011bra Jan\u00edkov\u00e1, Ailsa Marion Randall, Michaela Sojkov\u00e1 \u0160amalov\u00e1, Pavla Mare\u010dkov\u00e1<br \/>\n<em>ke sta\u017een\u00ed<strong><span style=\"color: #339966;\"> <a style=\"color: #339966;\" href=\"https:\/\/pages.pedf.cuni.cz\/gramotnost\/files\/2020\/08\/Zprava_Janikova_a_kol.pdf\">zde<\/a><\/span><\/strong><\/em><\/p>\n<p>Projects Supporting Developing of Pre-reading skills of the Children from an Early Age<br \/>\nMark\u00e9ta \u0160vamberk \u0160auerov\u00e1<br \/>\n<em>ke sta\u017een\u00ed <span style=\"color: #339966;\"><strong><a style=\"color: #339966;\" href=\"https:\/\/pages.pedf.cuni.cz\/gramotnost\/files\/2020\/08\/Zprava_Svamberk_Sauerova.pdf\">zde<\/a><\/strong><\/span><\/em><\/p>\n<ul>\n<li>Cel\u00e9 \u010d\u00edslo<br \/>\n2019, ro\u010dn\u00edk 3, \u010d\u00edslo 3<br \/>\n<em>ke sta\u017een\u00ed <strong><span style=\"color: #339966;\"><a href=\"https:\/\/pages.pedf.cuni.cz\/gramotnost\/files\/2020\/08\/Gramotnost_03_2019.pdf\"><span style=\"color: #339966;\">zde <\/span><\/a><\/span><\/strong><\/em><\/li>\n<\/ul>\n<\/div>\n<\/div>\n","protected":false},"excerpt":{"rendered":"<p>2019, RO\u010cN\u00cdK 3, \u010c\u00cdSLO 3 Obsah ke sta\u017een\u00ed zde Editorial Kl\u00e1ra \u0160pa\u010dkov\u00e1 ke sta\u017een\u00ed zde P\u0158EHLEDOV\u00c1 STUDIE Prediction Models of Literacy Skills and Deficits a Review of the Research Tereza Med\u0159ick\u00e1, Anna Kucharsk\u00e1 ke sta\u017een\u00ed zde V\u00ddZKUMN\u00c9 STUDIE Awareness of the Good Start Method and its Application in the Current Pedagogical Practice in the Czech\u2026 <span class=\"read-more\"><a href=\"https:\/\/pages.pedf.cuni.cz\/gramotnost\/3-2019\/\">Read More &raquo;<\/a><\/span><\/p>\n","protected":false},"author":1,"featured_media":0,"parent":0,"menu_order":0,"comment_status":"closed","ping_status":"closed","template":"","meta":{"footnotes":""},"class_list":["post-2026","page","type-page","status-publish","hentry"],"_links":{"self":[{"href":"https:\/\/pages.pedf.cuni.cz\/gramotnost\/wp-json\/wp\/v2\/pages\/2026","targetHints":{"allow":["GET"]}}],"collection":[{"href":"https:\/\/pages.pedf.cuni.cz\/gramotnost\/wp-json\/wp\/v2\/pages"}],"about":[{"href":"https:\/\/pages.pedf.cuni.cz\/gramotnost\/wp-json\/wp\/v2\/types\/page"}],"author":[{"embeddable":true,"href":"https:\/\/pages.pedf.cuni.cz\/gramotnost\/wp-json\/wp\/v2\/users\/1"}],"replies":[{"embeddable":true,"href":"https:\/\/pages.pedf.cuni.cz\/gramotnost\/wp-json\/wp\/v2\/comments?post=2026"}],"version-history":[{"count":1,"href":"https:\/\/pages.pedf.cuni.cz\/gramotnost\/wp-json\/wp\/v2\/pages\/2026\/revisions"}],"predecessor-version":[{"id":2031,"href":"https:\/\/pages.pedf.cuni.cz\/gramotnost\/wp-json\/wp\/v2\/pages\/2026\/revisions\/2031"}],"wp:attachment":[{"href":"https:\/\/pages.pedf.cuni.cz\/gramotnost\/wp-json\/wp\/v2\/media?parent=2026"}],"curies":[{"name":"wp","href":"https:\/\/api.w.org\/{rel}","templated":true}]}}