{"id":2065,"date":"2021-03-13T12:31:36","date_gmt":"2021-03-13T11:31:36","guid":{"rendered":"http:\/\/pages.pedf.cuni.cz\/gramotnost\/?page_id=2065"},"modified":"2021-03-13T12:31:36","modified_gmt":"2021-03-13T11:31:36","slug":"1-2017","status":"publish","type":"page","link":"https:\/\/pages.pedf.cuni.cz\/gramotnost\/1-2017\/","title":{"rendered":"1\/2017"},"content":{"rendered":"<p><span style=\"color: #339966;\"><strong>PO\u010c\u00c1TE\u010cN\u00cd \u010cTEN\u00cd: \u010cTU A ST\u00c1V\u00c1M SE \u010cTEN\u00c1\u0158EM (CESTY PROPOJEN\u00cd V\u00ddZKUMU A PRAXE)<\/strong><\/span><br \/>\n<span style=\"color: #339966;\"> 2017, RO\u010cN\u00cdK 1, \u010c\u00cdSLO 1<\/span><\/p>\n<p><strong><span style=\"color: #339966;\">Obsah<\/span><\/strong><br \/>\n<em>ke sta\u017een\u00ed <strong><span style=\"color: #339966;\"><a style=\"color: #339966;\" href=\"https:\/\/pages.pedf.cuni.cz\/gramotnost\/files\/2017\/01\/Gramotnost_01_obsah.pdf\">zde<\/a><\/span><\/strong><\/em><\/p>\n<p><strong><span style=\"color: #339966;\">Editorial<\/span><\/strong><br \/>\n<em>Anna Kucharsk\u00e1, Radka Wildov\u00e1, Kl\u00e1ra \u0160pa\u010dkov\u00e1<\/em><br \/>\n<em>ke sta\u017een\u00ed<span style=\"color: #339966;\"><strong> <a style=\"color: #339966;\" href=\"https:\/\/pages.pedf.cuni.cz\/gramotnost\/files\/2017\/01\/Gramotnost_01_Editorial.pdf\">zde<\/a><\/strong><\/span><\/em><\/p>\n<p><strong><span style=\"color: #339966;\">V\u00ddZKUMN\u00c9 STUDIE<\/span><\/strong><br \/>\nPrekoncepty det\u00ed v pred\u0161kolskom veku o funkcii a procese \u010d\u00edtania a p\u00edsania<br \/>\nM\u00e1ria Bele\u0161ov\u00e1<br \/>\n<em>ke sta\u017een\u00ed <span style=\"color: #339966;\"><strong><a style=\"color: #339966;\" href=\"https:\/\/pages.pedf.cuni.cz\/gramotnost\/files\/2017\/01\/Gramotnost_01_Belesova.pdf\">zde<\/a><\/strong><\/span><\/em><\/p>\n<p>Postava v rozpr\u00e1vke a jej hodnotov\u00e9 p\u00f4sobenie na detsk\u00e9ho \u010ditate\u013ea<br \/>\nLenka Szentesiov\u00e1<br \/>\n<em>ke sta\u017een\u00ed <span style=\"color: #339966;\"><strong><a style=\"color: #339966;\" href=\"https:\/\/pages.pedf.cuni.cz\/gramotnost\/files\/2017\/01\/Gramotnost_01_Szentesiova.pdf\">zde<\/a><\/strong><\/span><\/em><\/p>\n<p><strong><span style=\"color: #339966;\">METODOLOGICK\u00c9 STUDIE<\/span><\/strong><br \/>\nJazykov\u00e9 uv\u011bdomov\u00e1n\u00ed u d\u011bt\u00ed mlad\u0161\u00edho \u0161koln\u00edho v\u011bku<br \/>\nAnna Kucharsk\u00e1, Martina \u0160mejkalov\u00e1<br \/>\n<em>ke sta\u017een\u00ed <span style=\"color: #339966;\"><strong><a style=\"color: #339966;\" href=\"https:\/\/pages.pedf.cuni.cz\/gramotnost\/files\/2017\/01\/Gramotnost_01_Kucharska_Smejkalova.pdf\">zde<\/a><\/strong><\/span><\/em><\/p>\n<p>Zp\u016fsoby zji\u0161\u0165ov\u00e1n\u00ed \u00farovn\u011b metakognitivn\u00edch znalost\u00ed: kvantitativn\u00ed vs. kvalitativn\u00ed standard<br \/>\nJaroslav \u0158\u00ed\u010dan<br \/>\n<em>ke sta\u017een\u00ed <strong><span style=\"color: #339966;\"><a style=\"color: #339966;\" href=\"https:\/\/pages.pedf.cuni.cz\/gramotnost\/files\/2017\/01\/Gramotnost_01_Rican.pdf\">zde<\/a><\/span><\/strong><\/em><\/p>\n<p><strong><span style=\"color: #339966;\">P\u0158EHLEDOV\u00c9 STUDIE<\/span><\/strong><br \/>\n\u010cten\u00e1\u0159sk\u00e1 gramotnost v pojet\u00ed projektu ELINET<br \/>\nJolana Ronkov\u00e1, Veronika Laufkov\u00e1<br \/>\n<em>ke sta\u017een\u00ed <a href=\"https:\/\/pages.pedf.cuni.cz\/gramotnost\/files\/2019\/05\/Gramotnost_01_Laufkova_Ronkova_ELINET.pdf\"><span style=\"color: #339966;\"><strong>zde<\/strong><\/span><\/a><\/em><\/p>\n<p><strong><span style=\"color: #339966;\">ZPR\u00c1VY<\/span><\/strong><br \/>\nZpr\u00e1va o konferenci \u201e\u010ctu a st\u00e1v\u00e1m se \u010dten\u00e1\u0159em\u201c<br \/>\nJolana Ronkov\u00e1, Veronika Laufkov\u00e1<br \/>\n<em>ke sta\u017een\u00ed <strong><span style=\"color: #339966;\"><a style=\"color: #339966;\" href=\"https:\/\/pages.pedf.cuni.cz\/gramotnost\/files\/2017\/01\/Gramotnost_01_Laufkova_Ronkova_zprava.pdf\">zde<\/a><\/span><\/strong><\/em><\/p>\n<p><strong><span style=\"color: #339966;\">RECENZE<\/span><\/strong><br \/>\nPo\u010d\u00edta\u010dov\u00fd program V\u010delka v rozvoji \u010dten\u00e1\u0159sk\u00fdch dovednost\u00ed<br \/>\nAnna Kucharsk\u00e1<br \/>\n<em>ke sta\u017een\u00ed <strong><span style=\"color: #339966;\"><a style=\"color: #339966;\" href=\"https:\/\/pages.pedf.cuni.cz\/gramotnost\/files\/2017\/01\/Gramotnost_01_Kucharska_recenze.pdf\">zde<\/a><\/span><\/strong><\/em><\/p>\n<ul>\n<li><span style=\"color: #339966;\"><span style=\"color: #000000;\">Cel\u00e9 \u010d\u00edslo<\/span> <strong>Po\u010d\u00e1te\u010dn\u00ed \u010dten\u00ed: \u010dtu a st\u00e1v\u00e1m se \u010dten\u00e1\u0159em (cesty propojen\u00ed v\u00fdzkumu a praxe)<\/strong><\/span><br \/>\n2017, ro\u010dn\u00edk 1, \u010d\u00edslo 1<br \/>\n<em>ke sta\u017een\u00ed <\/em><span style=\"color: #339966;\"><strong><em><a style=\"color: #339966;\" href=\"https:\/\/pages.pedf.cuni.cz\/gramotnost\/files\/2017\/01\/Gramotnost_01_FINAL_komplet.pdf\">zde<\/a><\/em><\/strong> <\/span><\/li>\n<\/ul>\n","protected":false},"excerpt":{"rendered":"<p>PO\u010c\u00c1TE\u010cN\u00cd \u010cTEN\u00cd: \u010cTU A ST\u00c1V\u00c1M SE \u010cTEN\u00c1\u0158EM (CESTY PROPOJEN\u00cd V\u00ddZKUMU A PRAXE) 2017, RO\u010cN\u00cdK 1, \u010c\u00cdSLO 1 Obsah ke sta\u017een\u00ed zde Editorial Anna Kucharsk\u00e1, Radka Wildov\u00e1, Kl\u00e1ra \u0160pa\u010dkov\u00e1 ke sta\u017een\u00ed zde V\u00ddZKUMN\u00c9 STUDIE Prekoncepty det\u00ed v pred\u0161kolskom veku o funkcii a procese \u010d\u00edtania a p\u00edsania M\u00e1ria Bele\u0161ov\u00e1 ke sta\u017een\u00ed zde Postava v rozpr\u00e1vke a jej\u2026 <span class=\"read-more\"><a href=\"https:\/\/pages.pedf.cuni.cz\/gramotnost\/1-2017\/\">Read More &raquo;<\/a><\/span><\/p>\n","protected":false},"author":1,"featured_media":0,"parent":0,"menu_order":0,"comment_status":"closed","ping_status":"closed","template":"","meta":{"footnotes":""},"class_list":["post-2065","page","type-page","status-publish","hentry"],"_links":{"self":[{"href":"https:\/\/pages.pedf.cuni.cz\/gramotnost\/wp-json\/wp\/v2\/pages\/2065","targetHints":{"allow":["GET"]}}],"collection":[{"href":"https:\/\/pages.pedf.cuni.cz\/gramotnost\/wp-json\/wp\/v2\/pages"}],"about":[{"href":"https:\/\/pages.pedf.cuni.cz\/gramotnost\/wp-json\/wp\/v2\/types\/page"}],"author":[{"embeddable":true,"href":"https:\/\/pages.pedf.cuni.cz\/gramotnost\/wp-json\/wp\/v2\/users\/1"}],"replies":[{"embeddable":true,"href":"https:\/\/pages.pedf.cuni.cz\/gramotnost\/wp-json\/wp\/v2\/comments?post=2065"}],"version-history":[{"count":1,"href":"https:\/\/pages.pedf.cuni.cz\/gramotnost\/wp-json\/wp\/v2\/pages\/2065\/revisions"}],"predecessor-version":[{"id":2075,"href":"https:\/\/pages.pedf.cuni.cz\/gramotnost\/wp-json\/wp\/v2\/pages\/2065\/revisions\/2075"}],"wp:attachment":[{"href":"https:\/\/pages.pedf.cuni.cz\/gramotnost\/wp-json\/wp\/v2\/media?parent=2065"}],"curies":[{"name":"wp","href":"https:\/\/api.w.org\/{rel}","templated":true}]}}