{"id":2066,"date":"2021-03-13T12:28:54","date_gmt":"2021-03-13T11:28:54","guid":{"rendered":"http:\/\/pages.pedf.cuni.cz\/gramotnost\/?page_id=2066"},"modified":"2021-03-13T12:28:54","modified_gmt":"2021-03-13T11:28:54","slug":"2-2017","status":"publish","type":"page","link":"https:\/\/pages.pedf.cuni.cz\/gramotnost\/2-2017\/","title":{"rendered":"2\/2017"},"content":{"rendered":"<div class=\"entry-content\">\n<p><strong><span style=\"color: #339966;\"> 2017, RO\u010cN\u00cdK 1, \u010c\u00cdSLO 2<\/span><\/strong><\/p>\n<p><strong><span style=\"color: #339966;\">Obsah<\/span><\/strong><br \/>\n<em>ke sta\u017een\u00ed<span style=\"color: #339966;\"> <strong><a href=\"https:\/\/pages.pedf.cuni.cz\/gramotnost\/files\/2017\/05\/Gramotnost_02_obsah-1.pdf\"><span style=\"color: #339966;\">zde<\/span><\/a><\/strong><\/span><br \/>\n<\/em><\/p>\n<p><strong><span style=\"color: #339966;\">Editorial<\/span><\/strong><br \/>\n<em>Anna Kucharsk\u00e1<\/em><br \/>\n<em>ke sta\u017een\u00ed <strong><span style=\"color: #339966;\"><a href=\"https:\/\/pages.pedf.cuni.cz\/gramotnost\/files\/2017\/05\/Gramotnost_02_Editorial.pdf\"><span style=\"color: #339966;\">zde<\/span><\/a><\/span><\/strong><\/em><\/p>\n<p><strong><span style=\"color: #339966;\">P\u0158EHLEDOV\u00c9 STUDIE<\/span><\/strong><br \/>\nRozvoj metakognitivn\u00edch znalost\u00ed: pedagogicko-psychologick\u00fd vhled<br \/>\nJaroslav \u0158\u00ed\u010dan<br \/>\n<em>ke sta\u017een\u00ed <span style=\"color: #339966;\"><a href=\"https:\/\/pages.pedf.cuni.cz\/gramotnost\/files\/2017\/05\/Gramotnost_02_Rican.pdf\"><span style=\"color: #339966;\"><strong>zde<\/strong><\/span><\/a><\/span><\/em><\/p>\n<p><strong><span style=\"color: #339966;\">V\u00ddZKUMN\u00c9 STUDIE<\/span><\/strong><br \/>\nSk\u00famanie detsk\u00fdch pre konceptov o fenom\u00e9noch jazykovej a liter\u00e1rnej gramotnosti<br \/>\nSimoneta Babiakov\u00e1, Jana Venzelov\u00e1<br \/>\n<em>ke sta\u017een\u00ed <strong><a href=\"https:\/\/pages.pedf.cuni.cz\/gramotnost\/files\/2017\/05\/Gramotnost_02_Babiakova_Venzelova.pdf\"><span style=\"color: #339966;\">zde<\/span><\/a><\/strong><\/em><\/p>\n<p>Studie p\u0159\u00ednos\u016f interven\u010dn\u00edho programu pro systematickou podporu rozvoje pro\u010dten\u00e1\u0159sk\u00fdch dovednost\u00ed v p\u0159ed\u0161koln\u00edm v\u011bku<br \/>\nPetra \u0160edinov\u00e1, Gabriela Seidlov\u00e1 M\u00e1lkov\u00e1<br \/>\n<em>ke sta\u017een\u00ed<strong><span style=\"color: #339966;\"> <a href=\"https:\/\/pages.pedf.cuni.cz\/gramotnost\/files\/2017\/05\/Gramotnost_02_Sedinova_Seidlova_Malkova.pdf\"><span style=\"color: #339966;\">zde<\/span><\/a><\/span><\/strong><\/em><\/p>\n<p>Rodi\u010dovsk\u00e1 perspektiva variability v\u00fdvoje po\u010d\u00e1te\u010dn\u00ed \u010dten\u00e1\u0159sk\u00e9 gramotnosti u d\u011bt\u00ed s rizikem vzniku specifick\u00fdch poruch u\u010den\u00ed<br \/>\nPavla Presslerov\u00e1, Anna Kucharsk\u00e1<br \/>\n<em>ke sta\u017een\u00ed <a href=\"https:\/\/pages.pedf.cuni.cz\/gramotnost\/files\/2017\/05\/Gramotnost_02_Presslerova_Kucharska.pdf\"><span style=\"color: #339966;\"><strong>zde<\/strong><\/span><\/a><\/em><\/p>\n<p>Vyu\u017eit\u00ed vlivu vrstevn\u00edka (peer tutoringu) p\u0159i rozv\u00edjen\u00ed \u010dten\u00e1\u0159stv\u00ed<br \/>\nMark\u00e9ta \u0160vamberk \u0160auerov\u00e1<br \/>\n<em>ke sta\u017een\u00ed <a href=\"https:\/\/pages.pedf.cuni.cz\/gramotnost\/files\/2017\/05\/Gramotnost_02_Svamberk_Sauerova.pdf\"><span style=\"color: #339966;\"><strong>zde<\/strong><\/span><\/a><\/em><\/p>\n<p><strong><span style=\"color: #339966;\">ZPR\u00c1VY<\/span><\/strong><br \/>\nMezin\u00e1rodn\u00ed v\u00fdzkumn\u00e1 konference IEA \u2013 Praha, 28.\u201330. \u010dervna 2017<br \/>\nEva Potu\u017en\u00edkov\u00e1<br \/>\n<em>ke sta\u017een\u00ed <a href=\"https:\/\/pages.pedf.cuni.cz\/gramotnost\/files\/2017\/05\/Gramotnost_02_Zprava.pdf\"><span style=\"color: #339966;\"><strong>zde<\/strong><\/span><\/a><\/em><\/p>\n<p><strong><span style=\"color: #339966;\">RECENZE<\/span><\/strong><br \/>\nPorozum\u011bn\u00ed \u010dten\u00e9mu II. Porozum\u011bn\u00ed \u010dten\u00e9mu u d\u011bt\u00ed s rizikem \u010dten\u00e1\u0159sk\u00fdch obt\u00ed\u017e\u00ed \u2014 v\u00fdchodiska, t\u00e9mata, zdroje \u2014 kritick\u00e1 anal\u00fdza a n\u00e1vrh v\u00fdzkumu a Porozum\u011bn\u00ed \u010dten\u00e9mu IV. Porozum\u011bn\u00ed \u010dten\u00e9mu u d\u011bt\u00ed s rizikem \u010dten\u00e1\u0159sk\u00fdch obt\u00ed\u017e\u00ed \u2013 metodologie, v\u00fdsledky a interpretace v\u00fdzkumu<br \/>\nV\u00e1clava Tomick\u00e1<br \/>\n<em>ke sta\u017een\u00ed <a href=\"https:\/\/pages.pedf.cuni.cz\/gramotnost\/files\/2017\/05\/Gramotnost_02_Recenze.pdf\"><span style=\"color: #339966;\"><strong>zde<\/strong><\/span><\/a><\/em><\/p>\n<ul>\n<li>Cel\u00e9 \u010d\u00edslo<br \/>\n2017, ro\u010dn\u00edk 1, \u010d\u00edslo 2<br \/>\n<em>ke sta\u017een\u00ed <span style=\"color: #339966;\"><a href=\"https:\/\/pages.pedf.cuni.cz\/gramotnost\/files\/2017\/05\/Gramotnost_pregramotnost_a_vzd\u011bl\u00e1v\u00e1n\u00ed_2_2017.pdf\"><span style=\"color: #339966;\"><strong>zde <\/strong><\/span><\/a><\/span><\/em><\/li>\n<\/ul>\n<\/div>\n","protected":false},"excerpt":{"rendered":"<p>2017, RO\u010cN\u00cdK 1, \u010c\u00cdSLO 2 Obsah ke sta\u017een\u00ed zde Editorial Anna Kucharsk\u00e1 ke sta\u017een\u00ed zde P\u0158EHLEDOV\u00c9 STUDIE Rozvoj metakognitivn\u00edch znalost\u00ed: pedagogicko-psychologick\u00fd vhled Jaroslav \u0158\u00ed\u010dan ke sta\u017een\u00ed zde V\u00ddZKUMN\u00c9 STUDIE Sk\u00famanie detsk\u00fdch pre konceptov o fenom\u00e9noch jazykovej a liter\u00e1rnej gramotnosti Simoneta Babiakov\u00e1, Jana Venzelov\u00e1 ke sta\u017een\u00ed zde Studie p\u0159\u00ednos\u016f interven\u010dn\u00edho programu pro systematickou podporu rozvoje pro\u010dten\u00e1\u0159sk\u00fdch\u2026 <span class=\"read-more\"><a href=\"https:\/\/pages.pedf.cuni.cz\/gramotnost\/2-2017\/\">Read More &raquo;<\/a><\/span><\/p>\n","protected":false},"author":1,"featured_media":0,"parent":0,"menu_order":0,"comment_status":"closed","ping_status":"closed","template":"","meta":{"footnotes":""},"class_list":["post-2066","page","type-page","status-publish","hentry"],"_links":{"self":[{"href":"https:\/\/pages.pedf.cuni.cz\/gramotnost\/wp-json\/wp\/v2\/pages\/2066","targetHints":{"allow":["GET"]}}],"collection":[{"href":"https:\/\/pages.pedf.cuni.cz\/gramotnost\/wp-json\/wp\/v2\/pages"}],"about":[{"href":"https:\/\/pages.pedf.cuni.cz\/gramotnost\/wp-json\/wp\/v2\/types\/page"}],"author":[{"embeddable":true,"href":"https:\/\/pages.pedf.cuni.cz\/gramotnost\/wp-json\/wp\/v2\/users\/1"}],"replies":[{"embeddable":true,"href":"https:\/\/pages.pedf.cuni.cz\/gramotnost\/wp-json\/wp\/v2\/comments?post=2066"}],"version-history":[{"count":1,"href":"https:\/\/pages.pedf.cuni.cz\/gramotnost\/wp-json\/wp\/v2\/pages\/2066\/revisions"}],"predecessor-version":[{"id":2069,"href":"https:\/\/pages.pedf.cuni.cz\/gramotnost\/wp-json\/wp\/v2\/pages\/2066\/revisions\/2069"}],"wp:attachment":[{"href":"https:\/\/pages.pedf.cuni.cz\/gramotnost\/wp-json\/wp\/v2\/media?parent=2066"}],"curies":[{"name":"wp","href":"https:\/\/api.w.org\/{rel}","templated":true}]}}

<div class="entry-content">
<p><strong><span style="color: #339966;"> 2017, ROČNÍK 1, ČÍSLO 2</span></strong></p>
<p><strong><span style="color: #339966;">Obsah</span></strong><br />
<em>ke stažení<span style="color: #339966;"> <strong><a href="https://pages.pedf.cuni.cz/gramotnost/files/2017/05/Gramotnost_02_obsah-1.pdf"><span style="color: #339966;">zde</span></a></strong></span><br />
</em></p>
<p><strong><span style="color: #339966;">Editorial</span></strong><br />
<em>Anna Kucharská</em><br />
<em>ke stažení <strong><span style="color: #339966;"><a href="https://pages.pedf.cuni.cz/gramotnost/files/2017/05/Gramotnost_02_Editorial.pdf"><span style="color: #339966;">zde</span></a></span></strong></em></p>
<p><strong><span style="color: #339966;">PŘEHLEDOVÉ STUDIE</span></strong><br />
Rozvoj metakognitivních znalostí: pedagogicko-psychologický vhled<br />
Jaroslav Říčan<br />
<em>ke stažení <span style="color: #339966;"><a href="https://pages.pedf.cuni.cz/gramotnost/files/2017/05/Gramotnost_02_Rican.pdf"><span style="color: #339966;"><strong>zde</strong></span></a></span></em></p>
<p><strong><span style="color: #339966;">VÝZKUMNÉ STUDIE</span></strong><br />
Skúmanie detských pre konceptov o fenoménoch jazykovej a literárnej gramotnosti<br />
Simoneta Babiaková, Jana Venzelová<br />
<em>ke stažení <strong><a href="https://pages.pedf.cuni.cz/gramotnost/files/2017/05/Gramotnost_02_Babiakova_Venzelova.pdf"><span style="color: #339966;">zde</span></a></strong></em></p>
<p>Studie přínosů intervenčního programu pro systematickou podporu rozvoje pročtenářských dovedností v předškolním věku<br />
Petra Šedinová, Gabriela Seidlová Málková<br />
<em>ke stažení<strong><span style="color: #339966;"> <a href="https://pages.pedf.cuni.cz/gramotnost/files/2017/05/Gramotnost_02_Sedinova_Seidlova_Malkova.pdf"><span style="color: #339966;">zde</span></a></span></strong></em></p>
<p>Rodičovská perspektiva variability vývoje počáteční čtenářské gramotnosti u dětí s rizikem vzniku specifických poruch učení<br />
Pavla Presslerová, Anna Kucharská<br />
<em>ke stažení <a href="https://pages.pedf.cuni.cz/gramotnost/files/2017/05/Gramotnost_02_Presslerova_Kucharska.pdf"><span style="color: #339966;"><strong>zde</strong></span></a></em></p>
<p>Využití vlivu vrstevníka (peer tutoringu) při rozvíjení čtenářství<br />
Markéta Švamberk Šauerová<br />
<em>ke stažení <a href="https://pages.pedf.cuni.cz/gramotnost/files/2017/05/Gramotnost_02_Svamberk_Sauerova.pdf"><span style="color: #339966;"><strong>zde</strong></span></a></em></p>
<p><strong><span style="color: #339966;">ZPRÁVY</span></strong><br />
Mezinárodní výzkumná konference IEA – Praha, 28.–30. června 2017<br />
Eva Potužníková<br />
<em>ke stažení <a href="https://pages.pedf.cuni.cz/gramotnost/files/2017/05/Gramotnost_02_Zprava.pdf"><span style="color: #339966;"><strong>zde</strong></span></a></em></p>
<p><strong><span style="color: #339966;">RECENZE</span></strong><br />
Porozumění čtenému II. Porozumění čtenému u dětí s rizikem čtenářských obtíží — východiska, témata, zdroje — kritická analýza a návrh výzkumu a Porozumění čtenému IV. Porozumění čtenému u dětí s rizikem čtenářských obtíží – metodologie, výsledky a interpretace výzkumu<br />
Václava Tomická<br />
<em>ke stažení <a href="https://pages.pedf.cuni.cz/gramotnost/files/2017/05/Gramotnost_02_Recenze.pdf"><span style="color: #339966;"><strong>zde</strong></span></a></em></p>
<ul>
<li>Celé číslo<br />
2017, ročník 1, číslo 2<br />
<em>ke stažení <span style="color: #339966;"><a href="https://pages.pedf.cuni.cz/gramotnost/files/2017/05/Gramotnost_pregramotnost_a_vzdělávání_2_2017.pdf"><span style="color: #339966;"><strong>zde </strong></span></a></span></em></li>
</ul>
</div>

<p>2017, ROČNÍK 1, ČÍSLO 2 Obsah ke stažení zde Editorial Anna Kucharská ke stažení zde PŘEHLEDOVÉ STUDIE Rozvoj metakognitivních znalostí: pedagogicko-psychologický vhled Jaroslav Říčan ke stažení zde VÝZKUMNÉ STUDIE Skúmanie detských pre konceptov o fenoménoch jazykovej a literárnej gramotnosti Simoneta Babiaková, Jana Venzelová ke stažení zde Studie přínosů intervenčního programu pro systematickou podporu rozvoje pročtenářských… <span class="read-more"><a href="https://pages.pedf.cuni.cz/gramotnost/2-2017/">Read More &raquo;</a></span></p>
