{"id":2188,"date":"2021-05-13T12:03:19","date_gmt":"2021-05-13T10:03:19","guid":{"rendered":"http:\/\/pages.pedf.cuni.cz\/gramotnost\/?page_id=2188"},"modified":"2022-11-27T16:34:21","modified_gmt":"2022-11-27T15:34:21","slug":"2-2022","status":"publish","type":"page","link":"https:\/\/pages.pedf.cuni.cz\/gramotnost\/2-2022\/","title":{"rendered":"2\/2022"},"content":{"rendered":"<p><strong><span style=\"color: #339966\">2022, RO\u010cN\u00cdK 6, \u010c\u00cdSLO 2<\/span><br \/>\n<\/strong><\/p>\n<div class=\"entry-content\">\n<p><span style=\"color: #339966\"><strong>Obsah<\/strong><\/span><br \/>\n<em>ke sta\u017een\u00ed\u00a0<span style=\"color: #339966\"><strong><a style=\"color: #339966\" href=\"https:\/\/pages.pedf.cuni.cz\/gramotnost\/files\/2022\/11\/Gramotnost_02_2022_obsah.pdf\">zde<\/a><\/strong><\/span><br \/>\n<\/em><\/p>\n<p><span style=\"color: #339966\"><strong>Editorial<\/strong><\/span><br \/>\n<em>Anna Kucharsk\u00e1, Monika Kadrno\u017ekov\u00e1<\/em><br \/>\n<em>ke sta\u017een\u00ed <strong><a href=\"https:\/\/pages.pedf.cuni.cz\/gramotnost\/files\/2022\/11\/Gramotnost_02_2022_Editorial.pdf\"><span style=\"color: #339966\">zde<\/span><\/a><\/strong><\/em><\/p>\n<p><span style=\"color: #339966\"><strong>V\u00ddZKUMN\u00c9 STUDIE<\/strong><\/span><br \/>\nPl\u00e1nov\u00e1n\u00ed vzd\u011bl\u00e1vac\u00edho obsahu v kurikul\u00e1rn\u00edch dokumentech mate\u0159sk\u00fdch \u0161kol \u2013 hled\u00e1n\u00ed cesty k osobnostn\u011b orientovan\u00e9mu pojet\u00ed<br \/>\nBarbora\u00a0Loudov\u00e1\u00a0Stralczynsk\u00e1\u00a0a\u00a0Eva\u00a0Ko\u017eeluhov\u00e1<br \/>\n<em>ke sta\u017een\u00ed <strong><a href=\"https:\/\/pages.pedf.cuni.cz\/gramotnost\/files\/2022\/11\/Gramotnost_02_2022_Loudova-1.pdf\"><span style=\"color: #339966\">zde<\/span><\/a><\/strong><\/em><\/p>\n<p>Diagnostika specifick\u00fdch poruch u\u010den\u00ed v obdob\u00ed koronavirov\u00e9 pandemie<br \/>\nAnna\u00a0Kucharsk\u00e1<br \/>\n<em>ke sta\u017een\u00ed <strong><a href=\"https:\/\/pages.pedf.cuni.cz\/gramotnost\/files\/2022\/11\/Gramotnost_02_2022_Kucharska.pdf\"><span style=\"color: #339966\">zde<\/span><\/a><\/strong><\/em><\/p>\n<p>Styly\u00a0u\u010den\u00ed\u00a0u\u00a0\u017e\u00e1k\u016f\u00a0s\u00a0SPU\u00a0na\u00a0druh\u00e9m\u00a0stupni\u00a0z\u00e1kladn\u00ed\u00a0\u0161koly<br \/>\nAnna\u00a0Frombergerov\u00e1\u00a0a\u00a0Tereza\u00a0L\u00ed\u0161kov\u00e1<br \/>\n<em>ke sta\u017een\u00ed <strong><a href=\"https:\/\/pages.pedf.cuni.cz\/gramotnost\/files\/2022\/11\/Gramotnost_02_2022_Frombergerova.pdf\"><span style=\"color: #339966\">zde<\/span><\/a><\/strong><\/em><\/p>\n<p>Probl\u00e9mov\u00e1 m\u00edsta v\u00fduky geometrie<br \/>\nJarmila Robov\u00e1, Petra Surynkov\u00e1, Vlasta Moravcov\u00e1, Jana Hromadov\u00e1 a Zden\u011bk Halas<br \/>\n<em>ke sta\u017een\u00ed <strong><a href=\"https:\/\/pages.pedf.cuni.cz\/gramotnost\/files\/2022\/11\/Gramotnost_02_2022_Robova3.pdf\"><span style=\"color: #008000\"><span style=\"color: #339966\">zde<\/span><\/span><\/a><\/strong><\/em><\/p>\n<p>Vliv temperamentu a sociokulturn\u00edho znev\u00fdhodn\u011bn\u00ed na osvojov\u00e1n\u00ed plaveck\u00fdch dovednost\u00ed \u017e\u00e1k\u016f malot\u0159\u00eddn\u00edch \u0161kol<br \/>\nIrena\u00a0Svobodov\u00e1,\u00a0Ivana\u00a0Chl\u00e1dkov\u00e1,\u00a0Martin\u00a0Dlouh\u00fd\u00a0a\u00a0So\u0148a\u00a0Jandov\u00e1<br \/>\n<em>ke sta\u017een\u00ed <a href=\"https:\/\/pages.pedf.cuni.cz\/gramotnost\/files\/2022\/11\/Gramotnost_02_2022_Svobodova-1.pdf\"><span style=\"color: #339966\"><strong>zde<\/strong><\/span><\/a><\/em><\/p>\n<p><span style=\"color: #339966\"><strong>P\u0158EHLEDOV\u00c9 STUDIE<\/strong><\/span><br \/>\nHudebn\u00ed \u010dinnosti v publikac\u00edch zam\u011b\u0159en\u00fdch na grafomotoriku p\u0159ed\u0161koln\u00edch a nejmlad\u0161\u00edch \u0161koln\u00edch d\u011bt\u00ed v \u010cR<br \/>\nMilena\u00a0Kmentov\u00e1<br \/>\n<em>ke sta\u017een\u00ed <strong><a href=\"https:\/\/pages.pedf.cuni.cz\/gramotnost\/files\/2022\/11\/Gramotnost_02_2022_Kmentova.pdf\"><span style=\"color: #339966\">zde<\/span><\/a><\/strong><\/em><\/p>\n<p>Profesn\u00ed\u00a0kompetence\u00a0u\u010ditele\u00a0hudebn\u00ed\u00a0v\u00fdchovy<br \/>\nJi\u0159ina\u00a0Ji\u0159i\u010dkov\u00e1\u00a0a\u00a0Zuzana\u00a0Sel\u010danov\u00e1<br \/>\n<em>ke sta\u017een\u00ed <strong><a href=\"https:\/\/pages.pedf.cuni.cz\/gramotnost\/files\/2022\/11\/Gramotnost_02_2022_Jirickova.pdf\"><span style=\"color: #339966\">zde<\/span><\/a><\/strong><\/em><\/p>\n<p><span style=\"color: #339966\"><strong>TEORETICK\u00c1 STUDIE<\/strong><\/span><br \/>\nMatematick\u00e1\u00a0pregramotnost\u00a0v\u202f\u00a0\u010desk\u00e9m\u00a0p\u0159ed\u0161koln\u00edm\u00a0vzd\u011bl\u00e1v\u00e1n\u00ed<br \/>\nEva\u00a0Nov\u00e1kov\u00e1<br \/>\n<em>ke sta\u017een\u00ed <strong><a href=\"https:\/\/pages.pedf.cuni.cz\/gramotnost\/files\/2022\/11\/Gramotnost_02_2022_Novakova.pdf\"><span style=\"color: #339966\">zde<\/span><\/a><\/strong><\/em><\/p>\n<p><span style=\"color: #339966\"><strong>DISKUZE<\/strong><\/span><br \/>\nProfese,\u00a0kter\u00e1\u00a0se\u00a0je\u0161t\u011b\u00a0nenarodila<br \/>\nMichal\u00a0Zv\u00edrotsk\u00fd\u00a0a\u00a0Stanislav\u00a0Bendl<br \/>\n<em>ke sta\u017een\u00ed <\/em><em><strong><span style=\"color: #339966\"><a style=\"color: #339966\" href=\"https:\/\/pages.pedf.cuni.cz\/gramotnost\/files\/2022\/11\/Gramotnost_02_2022_Diskuse.pdf\">zde<\/a><\/span><\/strong><\/em><\/p>\n<p><span style=\"color: #339966\"><strong>RECENZE<\/strong><\/span><br \/>\nKmentov\u00e1, m. (2022). Kresl\u00edme lehce, zp\u00edv\u00e1me tence. Rozvoj grafomotoriky s hudebn\u00edmi \u010dinnostmi.<br \/>\nEva\u00a0Ko\u017eeluhov\u00e1<br \/>\n<em>ke sta\u017een\u00ed <\/em><em><strong><a href=\"https:\/\/pages.pedf.cuni.cz\/gramotnost\/files\/2022\/11\/Gramotnost_02_2022_Recenze.pdf\"><span style=\"color: #339966\">zde<\/span><\/a><\/strong><\/em><\/p>\n<ul>\n<li>Cel\u00e9 \u010d\u00edslo<br \/>\n2022, ro\u010dn\u00edk 6, \u010d\u00edslo 2<br \/>\n<em>ke sta\u017een\u00ed <span style=\"color: #339966\"><strong><a href=\"https:\/\/pages.pedf.cuni.cz\/gramotnost\/files\/2022\/11\/Gramotnost_02_2022_FINAL4.pdf\"><span style=\"color: #339966\">zde<\/span><\/a> <\/strong><\/span><\/em><\/li>\n<\/ul>\n<\/div>\n","protected":false},"excerpt":{"rendered":"<p>2022, RO\u010cN\u00cdK 6, \u010c\u00cdSLO 2 Obsah ke sta\u017een\u00ed\u00a0zde Editorial Anna Kucharsk\u00e1, Monika Kadrno\u017ekov\u00e1 ke sta\u017een\u00ed zde V\u00ddZKUMN\u00c9 STUDIE Pl\u00e1nov\u00e1n\u00ed vzd\u011bl\u00e1vac\u00edho obsahu v kurikul\u00e1rn\u00edch dokumentech mate\u0159sk\u00fdch \u0161kol \u2013 hled\u00e1n\u00ed cesty k osobnostn\u011b orientovan\u00e9mu pojet\u00ed Barbora\u00a0Loudov\u00e1\u00a0Stralczynsk\u00e1\u00a0a\u00a0Eva\u00a0Ko\u017eeluhov\u00e1 ke sta\u017een\u00ed zde Diagnostika specifick\u00fdch poruch u\u010den\u00ed v obdob\u00ed koronavirov\u00e9 pandemie Anna\u00a0Kucharsk\u00e1 ke sta\u017een\u00ed zde Styly\u00a0u\u010den\u00ed\u00a0u\u00a0\u017e\u00e1k\u016f\u00a0s\u00a0SPU\u00a0na\u00a0druh\u00e9m\u00a0stupni\u00a0z\u00e1kladn\u00ed\u00a0\u0161koly Anna\u00a0Frombergerov\u00e1\u00a0a\u00a0Tereza\u00a0L\u00ed\u0161kov\u00e1 ke sta\u017een\u00ed zde Probl\u00e9mov\u00e1\u2026 <span class=\"read-more\"><a href=\"https:\/\/pages.pedf.cuni.cz\/gramotnost\/2-2022\/\">Read More &raquo;<\/a><\/span><\/p>\n","protected":false},"author":465,"featured_media":0,"parent":0,"menu_order":0,"comment_status":"closed","ping_status":"closed","template":"","meta":{"footnotes":""},"class_list":["post-2188","page","type-page","status-publish","hentry"],"_links":{"self":[{"href":"https:\/\/pages.pedf.cuni.cz\/gramotnost\/wp-json\/wp\/v2\/pages\/2188","targetHints":{"allow":["GET"]}}],"collection":[{"href":"https:\/\/pages.pedf.cuni.cz\/gramotnost\/wp-json\/wp\/v2\/pages"}],"about":[{"href":"https:\/\/pages.pedf.cuni.cz\/gramotnost\/wp-json\/wp\/v2\/types\/page"}],"author":[{"embeddable":true,"href":"https:\/\/pages.pedf.cuni.cz\/gramotnost\/wp-json\/wp\/v2\/users\/465"}],"replies":[{"embeddable":true,"href":"https:\/\/pages.pedf.cuni.cz\/gramotnost\/wp-json\/wp\/v2\/comments?post=2188"}],"version-history":[{"count":29,"href":"https:\/\/pages.pedf.cuni.cz\/gramotnost\/wp-json\/wp\/v2\/pages\/2188\/revisions"}],"predecessor-version":[{"id":2873,"href":"https:\/\/pages.pedf.cuni.cz\/gramotnost\/wp-json\/wp\/v2\/pages\/2188\/revisions\/2873"}],"wp:attachment":[{"href":"https:\/\/pages.pedf.cuni.cz\/gramotnost\/wp-json\/wp\/v2\/media?parent=2188"}],"curies":[{"name":"wp","href":"https:\/\/api.w.org\/{rel}","templated":true}]}}