{"id":2604,"date":"2022-02-22T21:08:20","date_gmt":"2022-02-22T20:08:20","guid":{"rendered":"https:\/\/pages.pedf.cuni.cz\/gramotnost\/?page_id=2604"},"modified":"2022-07-26T10:53:06","modified_gmt":"2022-07-26T08:53:06","slug":"2-2023","status":"publish","type":"page","link":"https:\/\/pages.pedf.cuni.cz\/gramotnost\/2-2023\/","title":{"rendered":"2\/2023"},"content":{"rendered":"<p><span style=\"color: #339966\"><strong>2\/2023 VARIA<\/strong><\/span><br \/>\n<em>Edito\u0159i: Anna Kucharsk\u00e1, Monika Kadrno\u017ekov\u00e1<\/em><\/p>\n<p>V\u00fdzva druh\u00e9ho \u010d\u00edsla je otev\u0159ena v\u0161em autor\u016fm v\u011bnuj\u00edc\u00edm se oblasti\u00a0 po\u010d\u00e1te\u010dn\u00edho \u010dten\u00ed. Publikovat zde mohou tak\u00e9 auto\u0159i sv\u00e9 p\u0159\u00edsp\u011bvky, kter\u00e9 budou p\u0159edstaveny na konferenci Po\u010d\u00e1te\u010dn\u00ed \u010dten\u00ed: \u010dtu a st\u00e1v\u00e1m se \u010dten\u00e1\u0159em (Cesty propojen\u00ed v\u00fdzkumu a praxe) 21.9.2022 na PedF UK. P\u0159\u00edsp\u011bvky se mohou tak\u00e9 v\u011bnovat n\u00e1sleduj\u00edc\u00edm t\u00e9mat\u016fm: didaktick\u00e9 aspekty \u010dten\u00ed a psan\u00ed, probl\u00e9my v rozvoji gramotnostn\u00edch dovednost\u00ed, aktivity \u0161kola organizac\u00ed k podpo\u0159e \u010dten\u00ed a \u010dten\u00e1\u0159stv\u00ed, pregramotnost a jej\u00ed podpora, rozvoj a jej\u00ed podpora, rozvoj \u010dten\u00e1\u0159sk\u00e9 gramotnosti a pregramotnosti, diagnostick\u00e9 mater\u00e1ly a n\u00e1m\u011bty pro pr\u00e1ci u\u010ditel\u016f. V\u00fdzva je samoz\u0159ejm\u011b tak\u00e9 otev\u0159ena ostatn\u00edm autor\u016fm v\u011bnuj\u00edc\u00edm se oblastem \u010dten\u00e1\u0159sk\u00e9 gramotnosti a pregramotnosti.<\/p>\n<p>Budete-li m\u00edt z\u00e1jem o publikov\u00e1n\u00ed Va\u0161eho \u010dl\u00e1nku, za\u0161lete, pros\u00edm, do 2. 2. 2023 abstrakt a kl\u00ed\u010dov\u00e1 slova na adresu: monika.kadrnozkova@pedf.cuni.cz.<\/p>\n<p>Kompletn\u00ed p\u0159\u00edsp\u011bvek bude pot\u0159eba dodat do 2. 3.2023, recenzn\u00ed \u0159\u00edzen\u00ed prob\u011bhne v pr\u016fb\u011bhu b\u0159ezna a dubna 2023.<\/p>\n","protected":false},"excerpt":{"rendered":"<p>2\/2023 VARIA Edito\u0159i: Anna Kucharsk\u00e1, Monika Kadrno\u017ekov\u00e1 V\u00fdzva druh\u00e9ho \u010d\u00edsla je otev\u0159ena v\u0161em autor\u016fm v\u011bnuj\u00edc\u00edm se oblasti\u00a0 po\u010d\u00e1te\u010dn\u00edho \u010dten\u00ed. Publikovat zde mohou tak\u00e9 auto\u0159i sv\u00e9 p\u0159\u00edsp\u011bvky, kter\u00e9 budou p\u0159edstaveny na konferenci Po\u010d\u00e1te\u010dn\u00ed \u010dten\u00ed: \u010dtu a st\u00e1v\u00e1m se \u010dten\u00e1\u0159em (Cesty propojen\u00ed v\u00fdzkumu a praxe) 21.9.2022 na PedF UK. P\u0159\u00edsp\u011bvky se mohou tak\u00e9 v\u011bnovat n\u00e1sleduj\u00edc\u00edm t\u00e9mat\u016fm: didaktick\u00e9\u2026 <span class=\"read-more\"><a href=\"https:\/\/pages.pedf.cuni.cz\/gramotnost\/2-2023\/\">Read More &raquo;<\/a><\/span><\/p>\n","protected":false},"author":465,"featured_media":0,"parent":0,"menu_order":0,"comment_status":"closed","ping_status":"closed","template":"","meta":{"footnotes":""},"class_list":["post-2604","page","type-page","status-publish","hentry"],"_links":{"self":[{"href":"https:\/\/pages.pedf.cuni.cz\/gramotnost\/wp-json\/wp\/v2\/pages\/2604","targetHints":{"allow":["GET"]}}],"collection":[{"href":"https:\/\/pages.pedf.cuni.cz\/gramotnost\/wp-json\/wp\/v2\/pages"}],"about":[{"href":"https:\/\/pages.pedf.cuni.cz\/gramotnost\/wp-json\/wp\/v2\/types\/page"}],"author":[{"embeddable":true,"href":"https:\/\/pages.pedf.cuni.cz\/gramotnost\/wp-json\/wp\/v2\/users\/465"}],"replies":[{"embeddable":true,"href":"https:\/\/pages.pedf.cuni.cz\/gramotnost\/wp-json\/wp\/v2\/comments?post=2604"}],"version-history":[{"count":8,"href":"https:\/\/pages.pedf.cuni.cz\/gramotnost\/wp-json\/wp\/v2\/pages\/2604\/revisions"}],"predecessor-version":[{"id":2769,"href":"https:\/\/pages.pedf.cuni.cz\/gramotnost\/wp-json\/wp\/v2\/pages\/2604\/revisions\/2769"}],"wp:attachment":[{"href":"https:\/\/pages.pedf.cuni.cz\/gramotnost\/wp-json\/wp\/v2\/media?parent=2604"}],"curies":[{"name":"wp","href":"https:\/\/api.w.org\/{rel}","templated":true}]}}

<p><span style="color: #339966"><strong>2/2023 VARIA</strong></span><br />
<em>Editoři: Anna Kucharská, Monika Kadrnožková</em></p>
<p>Výzva druhého čísla je otevřena všem autorům věnujícím se oblasti  počátečního čtení. Publikovat zde mohou také autoři své příspěvky, které budou představeny na konferenci Počáteční čtení: čtu a stávám se čtenářem (Cesty propojení výzkumu a praxe) 21.9.2022 na PedF UK. Příspěvky se mohou také věnovat následujícím tématům: didaktické aspekty čtení a psaní, problémy v rozvoji gramotnostních dovedností, aktivity škola organizací k podpoře čtení a čtenářství, pregramotnost a její podpora, rozvoj a její podpora, rozvoj čtenářské gramotnosti a pregramotnosti, diagnostické materály a náměty pro práci učitelů. Výzva je samozřejmě také otevřena ostatním autorům věnujícím se oblastem čtenářské gramotnosti a pregramotnosti.</p>
<p>Budete-li mít zájem o publikování Vašeho článku, zašlete, prosím, do 2. 2. 2023 abstrakt a klíčová slova na adresu: monika.kadrnozkova@pedf.cuni.cz.</p>
<p>Kompletní příspěvek bude potřeba dodat do 2. 3.2023, recenzní řízení proběhne v průběhu března a dubna 2023.</p>

<p>2/2023 VARIA Editoři: Anna Kucharská, Monika Kadrnožková Výzva druhého čísla je otevřena všem autorům věnujícím se oblasti  počátečního čtení. Publikovat zde mohou také autoři své příspěvky, které budou představeny na konferenci Počáteční čtení: čtu a stávám se čtenářem (Cesty propojení výzkumu a praxe) 21.9.2022 na PedF UK. Příspěvky se mohou také věnovat následujícím tématům: didaktické… <span class="read-more"><a href="https://pages.pedf.cuni.cz/gramotnost/2-2023/">Read More &raquo;</a></span></p>
