{"id":2718,"date":"2022-06-13T10:11:48","date_gmt":"2022-06-13T08:11:48","guid":{"rendered":"https:\/\/pages.pedf.cuni.cz\/gramotnost\/?page_id=2718"},"modified":"2023-05-25T10:35:25","modified_gmt":"2023-05-25T08:35:25","slug":"3-2022-4","status":"publish","type":"page","link":"https:\/\/pages.pedf.cuni.cz\/gramotnost\/3-2022-4\/","title":{"rendered":"3\/2022"},"content":{"rendered":"<div class=\"entry-content\">\n<p><span style=\"color: #339966\"><strong>2022, VOLUME 6, NUMBER 3, <\/strong><strong>University Counseling \u2013\u2060 Current Challenges and Trends<\/strong><\/span><\/p>\n<p><span style=\"color: #339966\"><strong>CONTENT<\/strong><\/span><br \/>\n<em>full text <span style=\"color: #339966\"><strong><a style=\"color: #339966\" href=\"https:\/\/pages.pedf.cuni.cz\/gramotnost\/files\/2023\/05\/obsah.pdf\">PDF<\/a><\/strong><\/span><\/em><\/p>\n<p><span style=\"color: #339966\"><strong>EDITORIAL<\/strong><\/span><br \/>\nAnna Kucharsk\u00e1, Monika Kadrno\u017ekov\u00e1, Kl\u00e1ra \u0160pa\u010dkov\u00e1<br \/>\n<em>full text <span style=\"color: #339966\"><strong><a style=\"color: #339966\" href=\"https:\/\/pages.pedf.cuni.cz\/gramotnost\/files\/2023\/02\/Gramotnost_03_2022_Editorial.pdf\">PDF<\/a><\/strong><\/span><\/em><\/p>\n<p><span style=\"color: #339966\"><strong>RESEARCH STUDY<\/strong><\/span><br \/>\nPossibilities of using the GQ-ASC questionnaire for the screening of autism spectrum disorders in female university students<br \/>\nHana Sot\u00e1kov\u00e1<br \/>\n<em>full text<\/em> <strong><a href=\"https:\/\/pages.pedf.cuni.cz\/gramotnost\/files\/2023\/03\/Gramotnost_03_2022_Sotakova.pdf\"><em><span style=\"color: #339966\">PDF<\/span><\/em><\/a><\/strong><\/p>\n<p>A project for the support of the well-being of university students based on an analysis of stress susceptibility of students from various fields of study<br \/>\nMark\u00e9ta \u0160vamberk \u0160auerov\u00e1<br \/>\n<em>full text<\/em> <em><span style=\"color: #339966\"><strong><a style=\"color: #339966\" href=\"https:\/\/pages.pedf.cuni.cz\/gramotnost\/files\/2023\/03\/Gramotnost_03_2022_Svamberk_Sauerova.pdf\">PDF<\/a><\/strong><\/span><\/em><\/p>\n<p>Health and well-being tips for distance learning university students<br \/>\nJana Ko\u010d\u00ed<br \/>\n<em>full text <a href=\"https:\/\/pages.pedf.cuni.cz\/gramotnost\/files\/2023\/03\/Gramotnost_03_2022_Koci.pdf\"><span style=\"color: #339966\"><strong>PDF<\/strong><\/span><\/a><\/em><\/p>\n<p><span style=\"color: #339966\"><strong>METHODOLOGICAL STUDY<\/strong><\/span><br \/>\nSearching for inner resources: a Biosynthetic experiential group for Charles University students<br \/>\nMaty\u00e1\u0161 M\u00fcller, Luk\u00e1\u0161 P\u00e1nek<br \/>\n<em>full text<\/em> <span style=\"color: #339966\"><strong><a style=\"color: #339966\" href=\"https:\/\/pages.pedf.cuni.cz\/gramotnost\/files\/2023\/03\/Gramotnost_03_2022_Muller_Panek.pdf\"><em>PDF<\/em><\/a><\/strong><\/span><\/p>\n<p><span style=\"color: #339966\"><strong>THEORETICAL STUDY<\/strong><\/span><br \/>\nUniversity Councelling in Slovakia and ethics<br \/>\nKatar\u00edna M\u00e1ria Vad\u00edkov\u00e1<br \/>\n<em>full text <strong><a href=\"https:\/\/pages.pedf.cuni.cz\/gramotnost\/files\/2023\/03\/Gramotnost_03_2022_Vadikova2.pdf\"><span style=\"color: #339966\">PDF<\/span><\/a><\/strong><\/em><\/p>\n<p><span style=\"color: #339966\"><strong>RESEARCH REPORT<\/strong><\/span><br \/>\nThe prevention of academic failure and the promotion of a healthy lifestyle and well-being in students of the third faculty of medicine of Charles University in pandemic<br \/>\nDagmar Schneidrov\u00e1, Tereza Kop\u0159ivov\u00e1 Herotov\u00e1<br \/>\n<em>full text <span style=\"color: #339966\"><strong><a style=\"color: #339966\" href=\"https:\/\/pages.pedf.cuni.cz\/gramotnost\/files\/2023\/03\/Gramotnost_03_2022_Zprava_Schneiderova_Herotova3.pdf\">PDF<\/a><\/strong><\/span><\/em><\/p>\n<p>Well-being support for university students and academics through the mbct-l course<br \/>\nEva \u0160\u00edrov\u00e1, Mark\u00e9ta Niederlov\u00e1<br \/>\n<em>full text <a href=\"https:\/\/pages.pedf.cuni.cz\/gramotnost\/files\/2023\/03\/Gramotnost_03_2022_Zprava_Sirova_Niederlova4.pdf\"><span style=\"color: #339966\"><strong>PDF<\/strong><\/span><\/a><br \/>\n<\/em><\/p>\n<p>The Academic Counselling Centre \u2013 Faculty of Education<br \/>\nAnna Kucharsk\u00e1 a Kl\u00e1ra \u0160pa\u010dkov\u00e1<br \/>\n<em>full text<\/em> <span style=\"color: #339966\"><strong><a style=\"color: #339966\" href=\"https:\/\/pages.pedf.cuni.cz\/gramotnost\/files\/2023\/03\/Gramotnost_03_2022_Kucharska_Spackova4.pdf\"><em>PDF<\/em><\/a><\/strong><\/span><\/p>\n<ul>\n<li>Cel\u00e9 \u010d\u00edslo, 2022, ro\u010dn\u00edk 6, \u010d\u00edslo 3, <span style=\"color: #339966\"><em><strong>University Counseling \u2013\u2060 Current Challenges and Trends<\/strong><\/em><\/span><\/li>\n<li><em>full text<\/em><a href=\"https:\/\/pages.pedf.cuni.cz\/gramotnost\/files\/2023\/05\/Gramotnost_03_2022_FINAL.pdf\"> <em><span style=\"color: #339966\"><strong>PDF<\/strong><\/span><\/em><\/a><\/li>\n<\/ul>\n<p>&nbsp;<\/p>\n<p>&nbsp;<\/p>\n<\/div>\n","protected":false},"excerpt":{"rendered":"<p>2022, VOLUME 6, NUMBER 3, University Counseling \u2013\u2060 Current Challenges and Trends CONTENT full text PDF EDITORIAL Anna Kucharsk\u00e1, Monika Kadrno\u017ekov\u00e1, Kl\u00e1ra \u0160pa\u010dkov\u00e1 full text PDF RESEARCH STUDY Possibilities of using the GQ-ASC questionnaire for the screening of autism spectrum disorders in female university students Hana Sot\u00e1kov\u00e1 full text PDF A project for the support\u2026 <span class=\"read-more\"><a href=\"https:\/\/pages.pedf.cuni.cz\/gramotnost\/3-2022-4\/\">Read More &raquo;<\/a><\/span><\/p>\n","protected":false},"author":465,"featured_media":0,"parent":0,"menu_order":0,"comment_status":"closed","ping_status":"closed","template":"","meta":{"footnotes":""},"class_list":["post-2718","page","type-page","status-publish","hentry"],"_links":{"self":[{"href":"https:\/\/pages.pedf.cuni.cz\/gramotnost\/wp-json\/wp\/v2\/pages\/2718","targetHints":{"allow":["GET"]}}],"collection":[{"href":"https:\/\/pages.pedf.cuni.cz\/gramotnost\/wp-json\/wp\/v2\/pages"}],"about":[{"href":"https:\/\/pages.pedf.cuni.cz\/gramotnost\/wp-json\/wp\/v2\/types\/page"}],"author":[{"embeddable":true,"href":"https:\/\/pages.pedf.cuni.cz\/gramotnost\/wp-json\/wp\/v2\/users\/465"}],"replies":[{"embeddable":true,"href":"https:\/\/pages.pedf.cuni.cz\/gramotnost\/wp-json\/wp\/v2\/comments?post=2718"}],"version-history":[{"count":27,"href":"https:\/\/pages.pedf.cuni.cz\/gramotnost\/wp-json\/wp\/v2\/pages\/2718\/revisions"}],"predecessor-version":[{"id":2954,"href":"https:\/\/pages.pedf.cuni.cz\/gramotnost\/wp-json\/wp\/v2\/pages\/2718\/revisions\/2954"}],"wp:attachment":[{"href":"https:\/\/pages.pedf.cuni.cz\/gramotnost\/wp-json\/wp\/v2\/media?parent=2718"}],"curies":[{"name":"wp","href":"https:\/\/api.w.org\/{rel}","templated":true}]}}