{"id":579,"date":"2017-05-03T14:59:12","date_gmt":"2017-05-03T12:59:12","guid":{"rendered":"http:\/\/pages.pedf.cuni.cz\/gramotnost\/?page_id=579"},"modified":"2021-03-13T12:29:11","modified_gmt":"2021-03-13T11:29:11","slug":"22017-2","status":"publish","type":"page","link":"https:\/\/pages.pedf.cuni.cz\/gramotnost\/en\/22017-2\/","title":{"rendered":"2\/2017"},"content":{"rendered":"<p><span style=\"color: #339966;\"><strong>2017, VOLUME 1, NUMBER 2<\/strong><br \/>\n<\/span><\/p>\n<p><strong><span style=\"color: #339966;\">Content<\/span><\/strong><br \/>\n<em>Full Text <strong><a href=\"https:\/\/pages.pedf.cuni.cz\/gramotnost\/files\/2017\/05\/Gramotnost_02_obsah-1.pdf\"><span style=\"color: #339966;\">PDF<\/span><\/a><\/strong><br \/>\n<\/em><\/p>\n<p><strong><span style=\"color: #339966;\">Editorial<\/span><\/strong><br \/>\n<em>Anna Kucharsk\u00e1<\/em><br \/>\n<em>Full Text <a href=\"https:\/\/pages.pedf.cuni.cz\/gramotnost\/files\/2017\/05\/Gramotnost_02_Editorial.pdf\"><span style=\"color: #339966;\"><strong>PDF<\/strong><\/span><\/a><\/em><\/p>\n<p><strong><span style=\"color: #339966;\">SYSTEMATIC REVIEW<\/span><\/strong><br \/>\nDevelopment of metacognitive knowledge: pedagogical-psychological insight<br \/>\nJaroslav \u0158\u00ed\u010dan<br \/>\n<em>Full Text <a href=\"https:\/\/pages.pedf.cuni.cz\/gramotnost\/files\/2017\/05\/Gramotnost_02_Rican.pdf\"><span style=\"color: #339966;\"><strong>PDF<\/strong><\/span><\/a><\/em><\/p>\n<p><strong><span style=\"color: #339966;\">EMPIRICAL PAPERS<\/span><\/strong><br \/>\nResearch of Children\u2019s Preconceptions about the Phenomena of Linguistic and Literary Literacy<br \/>\nSimoneta Babiakov\u00e1, Jana Venzelov\u00e1<br \/>\n<em>Full Text <strong><a href=\"https:\/\/pages.pedf.cuni.cz\/gramotnost\/files\/2017\/05\/Gramotnost_02_Babiakova_Venzelova.pdf\"><span style=\"color: #339966;\">PDF<\/span><\/a><\/strong><\/em><\/p>\n<p>A study of the benefits of the intervention program for the systematictraining of pro-reading skills in preschool children<br \/>\nPetra \u0160edinov\u00e1, Gabriela Seidlov\u00e1 M\u00e1lkov\u00e1<br \/>\n<em>Full Text <a href=\"https:\/\/pages.pedf.cuni.cz\/gramotnost\/files\/2017\/05\/Gramotnost_02_Sedinova_Seidlova_Malkova.pdf\"><span style=\"color: #339966;\"><strong>PDF<\/strong><\/span><\/a><\/em><\/p>\n<p>Parental Perspective Variability Development of Early Literacy in Children at Risk of Learning Disorders<br \/>\nPavla Presslerov\u00e1, Anna Kucharsk\u00e1<br \/>\n<em>Full Text <\/em><em><a href=\"https:\/\/pages.pedf.cuni.cz\/gramotnost\/files\/2017\/05\/Gramotnost_02_Presslerova_Kucharska.pdf\"><span style=\"color: #339966;\"><strong>PDF<\/strong><\/span><\/a><\/em><\/p>\n<p>Peer tutoring as a strategy to promote reading<br \/>\nMark\u00e9ta \u0160vamberk \u0160auerov\u00e1<br \/>\n<em>Full Text <a href=\"https:\/\/pages.pedf.cuni.cz\/gramotnost\/files\/2017\/05\/Gramotnost_02_Presslerova_Kucharska.pdf\"><span style=\"color: #339966;\"><strong>PDF<\/strong><\/span><\/a><\/em><\/p>\n<p><strong><span style=\"color: #339966;\">CONFERENCE REPORTS<\/span><\/strong><br \/>\nIEA International Research Conference \u2013 Prague, 28\u201330 June 2017<br \/>\nEva Potu\u017en\u00edkov\u00e1<em><br \/>\nFull Text <a href=\"https:\/\/pages.pedf.cuni.cz\/gramotnost\/files\/2017\/05\/Gramotnost_02_Zprava.pdf\"><span style=\"color: #339966;\"><strong>PDF<\/strong><\/span><\/a><\/em><\/p>\n<p><strong><span style=\"color: #339966;\">REVIEW<\/span><\/strong><br \/>\nPorozum\u011bn\u00ed \u010dten\u00e9mu II. Porozum\u011bn\u00ed \u010dten\u00e9mu u d\u011bt\u00ed s rizikem \u010dten\u00e1\u0159sk\u00fdch obt\u00ed\u017e\u00ed \u2014 v\u00fdchodiska, t\u00e9mata, zdroje \u2014 kritick\u00e1 anal\u00fdza a n\u00e1vrh v\u00fdzkumu a Porozum\u011bn\u00ed \u010dten\u00e9mu IV. Porozum\u011bn\u00ed \u010dten\u00e9mu u d\u011bt\u00ed s rizikem \u010dten\u00e1\u0159sk\u00fdch obt\u00ed\u017e\u00ed \u2013 metodologie, v\u00fdsledky a interpretace v\u00fdzkumu<br \/>\nV\u00e1clava Tomick\u00e1<em><br \/>\nFull Text <a href=\"https:\/\/pages.pedf.cuni.cz\/gramotnost\/files\/2017\/05\/Gramotnost_02_Recenze.pdf\"><span style=\"color: #339966;\"><strong>PDF<\/strong><\/span><\/a><\/em><\/p>\n<ul>\n<li><em>The complete issue <\/em><strong><span style=\"color: #339966;\"><em>The Literacy, Preliteracy and Education<\/em><\/span><\/strong><br \/>\n2018, Volume 1, Number 2<br \/>\n<em>full text <a href=\"https:\/\/pages.pedf.cuni.cz\/gramotnost\/files\/2017\/05\/Gramotnost_pregramotnost_a_vzd\u011bl\u00e1v\u00e1n\u00ed_2_2017.pdf\"><span style=\"color: #339966;\"><strong>PDF<\/strong><\/span><\/a><\/em><\/li>\n<\/ul>\n","protected":false},"excerpt":{"rendered":"<p>2017, VOLUME 1, NUMBER 2 Content Full Text PDF Editorial Anna Kucharsk\u00e1 Full Text PDF SYSTEMATIC REVIEW Development of metacognitive knowledge: pedagogical-psychological insight Jaroslav \u0158\u00ed\u010dan Full Text PDF EMPIRICAL PAPERS Research of Children\u2019s Preconceptions about the Phenomena of Linguistic and Literary Literacy Simoneta Babiakov\u00e1, Jana Venzelov\u00e1 Full Text PDF A study of the benefits of\u2026 <span class=\"read-more\"><a href=\"https:\/\/pages.pedf.cuni.cz\/gramotnost\/en\/22017-2\/\">Read More &raquo;<\/a><\/span><\/p>\n","protected":false},"author":448,"featured_media":0,"parent":0,"menu_order":0,"comment_status":"closed","ping_status":"closed","template":"","meta":{"footnotes":""},"class_list":["post-579","page","type-page","status-publish","hentry"],"_links":{"self":[{"href":"https:\/\/pages.pedf.cuni.cz\/gramotnost\/wp-json\/wp\/v2\/pages\/579","targetHints":{"allow":["GET"]}}],"collection":[{"href":"https:\/\/pages.pedf.cuni.cz\/gramotnost\/wp-json\/wp\/v2\/pages"}],"about":[{"href":"https:\/\/pages.pedf.cuni.cz\/gramotnost\/wp-json\/wp\/v2\/types\/page"}],"author":[{"embeddable":true,"href":"https:\/\/pages.pedf.cuni.cz\/gramotnost\/wp-json\/wp\/v2\/users\/448"}],"replies":[{"embeddable":true,"href":"https:\/\/pages.pedf.cuni.cz\/gramotnost\/wp-json\/wp\/v2\/comments?post=579"}],"version-history":[{"count":37,"href":"https:\/\/pages.pedf.cuni.cz\/gramotnost\/wp-json\/wp\/v2\/pages\/579\/revisions"}],"predecessor-version":[{"id":2070,"href":"https:\/\/pages.pedf.cuni.cz\/gramotnost\/wp-json\/wp\/v2\/pages\/579\/revisions\/2070"}],"wp:attachment":[{"href":"https:\/\/pages.pedf.cuni.cz\/gramotnost\/wp-json\/wp\/v2\/media?parent=579"}],"curies":[{"name":"wp","href":"https:\/\/api.w.org\/{rel}","templated":true}]}}