{"id":716,"date":"2018-02-21T07:56:01","date_gmt":"2018-02-21T06:56:01","guid":{"rendered":"http:\/\/pages.pedf.cuni.cz\/gramotnost\/?page_id=716"},"modified":"2022-07-26T10:51:53","modified_gmt":"2022-07-26T08:51:53","slug":"aktualni-vyzvy-pro-autory","status":"publish","type":"page","link":"https:\/\/pages.pedf.cuni.cz\/gramotnost\/en\/aktualni-vyzvy-pro-autory\/","title":{"rendered":"Current Call for Papers"},"content":{"rendered":"<div class=\"entry-content\"><span style=\"color: #339966\"><strong>3\/2022 University Counseling \u2013 Current Challenges and Trends<\/strong><\/span><\/div>\n<div class=\"entry-content\">\n<p><em>Editors:\u00a0 Anna Kucharsk\u00e1, Kl\u00e1ra \u0160pa\u010dkov\u00e1<br \/>\n<\/em><\/p>\n<\/div>\n<p>Counselling for university students is now a part of university activities. The aim of the monothematic issue is a reflection of the college counselling practice, which could support further development in this area. The issue aims to support all vulnerable groups of college students. Those with special needs (registered or confidential), students with socio-economic disadvantages, students in difficult social situations and life crises. Counselling services are also available for university staff to assist in dealing with at-risk students, guide personal and professional growth, and resolve problem situations. Contributions can be theoretical studies, review articles, research studies, or methodological studies.<br \/>\n<strong>Please note the following dates:<\/strong><br \/>\n31st June 2022: Abstract submission deadline<br \/>\n30th August 2022: Full (invited) manuscript submission deadline<br \/>\nNovember 2022: Anticipated publication date<\/p>\n<div class=\"entry-content\">\n<div class=\"entry-content\">\n<p><span style=\"color: #339966\"><strong>1\/2023 Students with special educational needs in the educational context<\/strong><\/span><br \/>\n<em>Editors: Anna Kucharsk\u00e1<\/em><\/p>\n<p>Call for contributions (1\/2023): children, pupils, and students with special educational needs and gifted children, pupils, and students. Issue-focused is in the context of education and also in the context of literacy and preliteracy education. The topic that has resonated in recent years with society, the political sphere, and, above all, educational institutions is undoubtedly the inclusive education and inclusion of children and pupils with special educational needs in schools. For this reason, the second issue is reserved for all authors who deal with the topic.<\/p>\n<p><strong>Please note the following dates:<\/strong><br \/>\n31<sup>th<\/sup> January 2023: Abstract submission deadline<br \/>\n31<sup>th<\/sup> March 2023: Full (invited) manuscript submission deadline<br \/>\nApril 2023:\u00a0 Anticipated publication date<\/p>\n<p><strong>Proposed abstracts should be submitted to the journal address: gramotnost@pedf.cuni.cz<\/strong><br \/>\nPlease clearly state the name and the contact details of the lead author.<\/p>\n<\/div>\n<\/div>\n<p>&nbsp;<\/p>\n<p>Call for papers 2021 <span style=\"color: #339966\"><a style=\"color: #339966\" href=\"https:\/\/pages.pedf.cuni.cz\/gramotnost\/en\/uskutecnene-vyzvy-2021\/\"><strong>here<\/strong><\/a><\/span><\/p>\n<p>Call for papers 2020 &#8211; <a href=\"https:\/\/pages.pedf.cuni.cz\/gramotnost\/en\/uskutecnene-vyzvy-2020\/\"><strong><span style=\"color: #339966\">here<\/span><\/strong><\/a>.<\/p>\n<p>Call for papers 2019 &#8211;<span style=\"color: #339966\"> <a style=\"color: #339966\" href=\"https:\/\/pages.pedf.cuni.cz\/gramotnost\/en\/1132-2\/\"><strong>here<\/strong><\/a><\/span>.<\/p>\n<p>Call for papers 2018 &#8211; <a href=\"https:\/\/pages.pedf.cuni.cz\/gramotnost\/en\/uskutecnene-vyzva-2018\/\"><strong><span style=\"color: #339966\">here<\/span><\/strong><\/a>.<\/p>\n<p>Call for papers 2017 &#8211;<span style=\"color: #339966\"> <a style=\"color: #339966\" href=\"https:\/\/pages.pedf.cuni.cz\/gramotnost\/en\/vyzvy-pro-autory\/\"><strong>here<\/strong><\/a><\/span>.<\/p>\n","protected":false},"excerpt":{"rendered":"<p>3\/2022 University Counseling \u2013 Current Challenges and Trends Editors:\u00a0 Anna Kucharsk\u00e1, Kl\u00e1ra \u0160pa\u010dkov\u00e1 Counselling for university students is now a part of university activities. The aim of the monothematic issue is a reflection of the college counselling practice, which could support further development in this area. The issue aims to support all vulnerable groups of\u2026 <span class=\"read-more\"><a href=\"https:\/\/pages.pedf.cuni.cz\/gramotnost\/en\/aktualni-vyzvy-pro-autory\/\">Read More &raquo;<\/a><\/span><\/p>\n","protected":false},"author":448,"featured_media":0,"parent":0,"menu_order":0,"comment_status":"closed","ping_status":"closed","template":"","meta":{"footnotes":""},"class_list":["post-716","page","type-page","status-publish","hentry"],"_links":{"self":[{"href":"https:\/\/pages.pedf.cuni.cz\/gramotnost\/wp-json\/wp\/v2\/pages\/716","targetHints":{"allow":["GET"]}}],"collection":[{"href":"https:\/\/pages.pedf.cuni.cz\/gramotnost\/wp-json\/wp\/v2\/pages"}],"about":[{"href":"https:\/\/pages.pedf.cuni.cz\/gramotnost\/wp-json\/wp\/v2\/types\/page"}],"author":[{"embeddable":true,"href":"https:\/\/pages.pedf.cuni.cz\/gramotnost\/wp-json\/wp\/v2\/users\/448"}],"replies":[{"embeddable":true,"href":"https:\/\/pages.pedf.cuni.cz\/gramotnost\/wp-json\/wp\/v2\/comments?post=716"}],"version-history":[{"count":65,"href":"https:\/\/pages.pedf.cuni.cz\/gramotnost\/wp-json\/wp\/v2\/pages\/716\/revisions"}],"predecessor-version":[{"id":2768,"href":"https:\/\/pages.pedf.cuni.cz\/gramotnost\/wp-json\/wp\/v2\/pages\/716\/revisions\/2768"}],"wp:attachment":[{"href":"https:\/\/pages.pedf.cuni.cz\/gramotnost\/wp-json\/wp\/v2\/media?parent=716"}],"curies":[{"name":"wp","href":"https:\/\/api.w.org\/{rel}","templated":true}]}}