{"id":25,"date":"2016-02-12T15:21:59","date_gmt":"2016-02-12T14:21:59","guid":{"rendered":"http:\/\/pages.pedf.cuni.cz\/hudebnivychova\/?page_id=25"},"modified":"2019-04-28T22:02:58","modified_gmt":"2019-04-28T20:02:58","slug":"historie-casopisu","status":"publish","type":"page","link":"https:\/\/pages.pedf.cuni.cz\/hudebnivychova\/historie-casopisu\/","title":{"rendered":"Historie \u010dasopisu"},"content":{"rendered":"<p>V\u00a0roce 1953 po\u010d\u00edn\u00e1 St\u00e1tn\u00ed pedagogick\u00e9 nakladatelstv\u00ed vyd\u00e1vat \u010dasopis <strong>Hudebn\u00ed v\u00fdchova<\/strong>, v\u011bnovan\u00fd ot\u00e1zk\u00e1m hudebn\u00ed v\u00fdchovy na \u0161kol\u00e1ch v\u0161eobecn\u011b vzd\u011bl\u00e1vac\u00edch v\u0161ech stup\u0148\u016f a v\u00a0d\u011btsk\u00fdch i ml\u00e1de\u017enick\u00fdch organizac\u00edch. Po\u010d\u00e1tky redak\u010dn\u00ed pr\u00e1ce tohoto m\u011bs\u00ed\u010dn\u00edku jsou spjaty se jm\u00e9ny M. Sala\u010d, V. Schmitt a od roku 1955 pak se jm\u00e9nem hudebn\u00edho historika a pedagoga, profesora J. Plavce. Od roku 1959 se \u010dasopis p\u0159ejmenoval na <strong>Estetickou v\u00fdchovu<\/strong> a a\u017e do roku 1968 vych\u00e1zel za redakce profesora F. Hole\u0161ovsk\u00e9ho. V\u00a0letech 1968-9 si vzalo \u010dasopis pod patron\u00e1t Ministerstvo \u0161kolstv\u00ed spolu s \u010cs. spole\u010dnost\u00ed pro hudebn\u00ed v\u00fdchovu a ve St\u00e1tn\u00edm pedagogick\u00e9m nakladatelstv\u00ed pokra\u010dovalo v\u00a0jeho vyd\u00e1v\u00e1n\u00ed za redakce R. Rajmona, tentokr\u00e1te op\u011bt pod n\u00e1zvem <strong>Hudebn\u00ed v\u00fdchova<em>.<\/em><\/strong> Tento stav netrval dlouho. Od roku 1970 se \u010dasopis, redigov\u00e1n A. W\u00fcnschovou, op\u011bt p\u0159ejmenoval na <strong>Estetickou v\u00fdchovu<\/strong> a roz\u0161\u00ed\u0159il svou profilaci krom\u011b ot\u00e1zek hudebn\u00ed a obecn\u011b estetick\u00e9 v\u00fdchovy na \u0161kol\u00e1ch v\u0161ech stup\u0148\u016f i na ot\u00e1zky v\u00fdchovy v\u00fdtvarn\u00e9.<\/p>\n<p>Ve funkci vedouc\u00edho redaktora \u010dasopisu nejd\u00e9le setrval (od roku 1972 do roku 1990) doc. PhDr. <strong>Franti\u0161ek Sedl\u00e1k<\/strong>, CSc. Za jeho redakce se tento m\u011bs\u00ed\u010dn\u00edk stal fundovan\u00fdm \u010dasopisem, v\u00a0n\u011bm\u017e krom\u011b teoretick\u00fdch a koncep\u010dn\u00edch studi\u00ed nechyb\u011bly zku\u0161enosti z\u00a0praxe, informace o nov\u011b vych\u00e1zej\u00edc\u00edch publikac\u00edch, \u017eivotn\u00edch jubilej\u00edch hudebn\u00edch pedagog\u016f, notov\u00e9 uk\u00e1zky sou\u010dasn\u00e9 p\u00eds\u0148ov\u00e9 tvorby apod. Pro usnadn\u011bn\u00ed orientace v\u00a0obsahu jednotliv\u00fdch ro\u010dn\u00edk\u016f obsahovalo ka\u017ed\u00e9 z\u00e1v\u011bre\u010dn\u00e9 des\u00e1t\u00e9 \u010d\u00edslo Estetick\u00e9 v\u00fdchovy souhrnn\u00fd p\u0159ehled v\u0161ech ti\u0161t\u011bn\u00fdch \u010dl\u00e1nk\u016f s\u00a0hudebn\u00ed a v\u00fdtvarnou tematikou. Letm\u00fd pohled do t\u011bchto seznam\u016f utvrd\u00ed \u010dten\u00e1\u0159e v\u00a0p\u0159esv\u011bd\u010den\u00ed, \u017ee tento \u010dasopis byl sv\u00fdm obsahem v\u00a0r\u00e1mci soudob\u00e9 nab\u00eddky hudebn\u00edch periodik opravdu ojedin\u011blou platformou pro teoretick\u00e9 i praktick\u00e9 probl\u00e9my obou v\u00fdchov.<\/p>\n<p>Po roce 1989 nastaly pot\u00ed\u017ee finan\u010dn\u00edho r\u00e1zu, spojen\u00e9 s\u00a0pozd\u011bj\u0161\u00edm z\u00e1nikem SPN. Vy\u0161la jen prvn\u00ed \u010dty\u0159i \u010d\u00edsla 1990\/1 a \u010dasopis se na p\u00e1r m\u011bs\u00edc\u016f odml\u010del. Od roku 1992 se \u010dasopis stal \u010dtvrtletn\u00edkem a a\u017e dosud nese n\u00e1zev <strong>Hudebn\u00ed v\u00fdchova.<\/strong>\u00a0\u00a0 Jeho vyd\u00e1v\u00e1n\u00ed se ujala Univerzita Karlova v\u00a0Praze \u2013 Pedagogick\u00e1 fakulta, garantem odbornosti se stala pra\u017esk\u00e1 katedra hudebn\u00ed v\u00fdchovy. V \u00a0\u010dele redak\u010dn\u00ed rady \u010dasopisu stanul prof. PaedDr. <strong>Ji\u0159\u00ed Kol\u00e1\u0159<\/strong> a po dobu t\u0159in\u00e1cti let usiloval o otev\u0159en\u00ed se \u010dasopisu \u0161irok\u00e9 hudebn\u011b pedagogick\u00e9 ve\u0159ejnosti. Pod jeho veden\u00edm si Hudebn\u00ed v\u00fdchova z\u00edskala velk\u00fd okruh \u010dten\u00e1\u0159\u016f, a to zejm\u00e9na orientac\u00ed na praktick\u00e9 probl\u00e9my v\u00fduky hudebn\u00ed v\u00fdchovy, snahou o tematickou jednotu jednotliv\u00fdch \u010d\u00edsel a partiemi, kter\u00e9 poskytuj\u00ed nejenom\u00a0pozn\u00e1n\u00ed, ale i pobaven\u00ed (hudebn\u00ed kv\u00edzy, uk\u00e1zky z\u00a0hudebn\u00ed beletrie apod.).<\/p>\n<p>Od roku 2006 se vedouc\u00ed redaktorkou \u010dasopisu stala doc. PaedDr. <strong>Hana<\/strong> <strong>V\u00e1\u0148ov\u00e1<\/strong>, CSc., Za \u00fazk\u00e9 spolupr\u00e1ce s doc. PhDr. V\u00e1clavem Dr\u00e1bkem, CSc. (\u20202008) a dal\u0161\u00edch \u010dlen\u016f redak\u010dn\u00ed rady a pracovn\u00edk\u016f katedry hudebn\u00ed v\u00fdchovy Univerzity Karlovy v Praze \u2013 Pedagogick\u00e9 fakulty se \u010dasopis orientoval na aktu\u00e1ln\u00ed ot\u00e1zky p\u0159estavby hudebn\u00edho \u0161kolstv\u00ed, z\u00e1v\u011bry sou\u010dasn\u00fdch v\u00fdzkum\u016f, metodick\u00e9 podn\u011bty pro hudebn\u011b v\u00fdchovnou pr\u00e1ci, osobn\u00ed zku\u0161enosti autor\u016f s v\u00fdukou hudebn\u00ed v\u00fdchovy na r\u016fzn\u00fdch typech \u0161kol, informace o zaj\u00edmav\u00fdch hudebn\u011b pedagogick\u00fdch akc\u00edch, medail\u00f3nky v\u00fdznamn\u00fdch jubiluj\u00edc\u00edch osobnost\u00ed, recenze vych\u00e1zej\u00edc\u00edch monografi\u00ed apod. Ve snaze usnadnit mezin\u00e1rodn\u00ed komunikaci na poli v\u00fdm\u011bny hudebn\u00edch zku\u0161enost\u00ed byla zavedena nov\u00e1 rubrika O hudb\u011b anglicky. St\u00e1lou sou\u010d\u00e1st\u00ed \u010dasopisu byly t\u00e9\u017e podn\u011bty ze zda\u0159il\u00fdch studentsk\u00fdch \u010di doktorandsk\u00fdch prac\u00ed, hudebn\u011b v\u00fdchovn\u00e9 post\u0159ehy ze zahrani\u010dn\u00edch st\u00e1\u017e\u00ed, autorsk\u00e9 po\u010diny v p\u00eds\u0148ov\u00e9 tvorb\u011b pro d\u011bti apod. V\u00fdtvarn\u00e9 zpest\u0159en\u00ed odborn\u00e9ho textu zaji\u0161\u0165ovaly d\u011btsk\u00e9 kresby.<\/p>\n<p>Od \u0159\u00edjna 2015 byla vedouc\u00ed redaktorkou \u010dasopisu PhDr. <strong>Petra B\u011blohl\u00e1vkov\u00e1<\/strong>, Ph.D. St\u00e1l\u00e9 rubriky byly roz\u0161\u00ed\u0159eny o rubriku Metodick\u00e9 n\u00e1m\u011bty a inspirace.<\/p>\n<p>Od z\u00e1\u0159\u00ed 2018 pomysln\u00e9 \u017eezlo vedouc\u00edho redaktora p\u0159evzal doc. PaedDr. <strong>Milo\u0161 Kodej\u0161ka<\/strong>, CSc.<\/p>\n","protected":false},"excerpt":{"rendered":"<p>V\u00a0roce 1953 po\u010d\u00edn\u00e1 St\u00e1tn\u00ed pedagogick\u00e9 nakladatelstv\u00ed vyd\u00e1vat \u010dasopis Hudebn\u00ed v\u00fdchova, v\u011bnovan\u00fd ot\u00e1zk\u00e1m hudebn\u00ed v\u00fdchovy na \u0161kol\u00e1ch v\u0161eobecn\u011b vzd\u011bl\u00e1vac\u00edch v\u0161ech stup\u0148\u016f a v\u00a0d\u011btsk\u00fdch i ml\u00e1de\u017enick\u00fdch organizac\u00edch. Po\u010d\u00e1tky redak\u010dn\u00ed pr\u00e1ce tohoto m\u011bs\u00ed\u010dn\u00edku jsou spjaty se jm\u00e9ny M. Sala\u010d, V. Schmitt a od roku 1955 pak se jm\u00e9nem hudebn\u00edho historika a pedagoga, profesora J. Plavce. Od roku 1959 [&hellip;]<\/p>\n","protected":false},"author":422,"featured_media":0,"parent":0,"menu_order":0,"comment_status":"closed","ping_status":"closed","template":"","meta":{"footnotes":""},"class_list":["post-25","page","type-page","status-publish","hentry"],"_links":{"self":[{"href":"https:\/\/pages.pedf.cuni.cz\/hudebnivychova\/wp-json\/wp\/v2\/pages\/25","targetHints":{"allow":["GET"]}}],"collection":[{"href":"https:\/\/pages.pedf.cuni.cz\/hudebnivychova\/wp-json\/wp\/v2\/pages"}],"about":[{"href":"https:\/\/pages.pedf.cuni.cz\/hudebnivychova\/wp-json\/wp\/v2\/types\/page"}],"author":[{"embeddable":true,"href":"https:\/\/pages.pedf.cuni.cz\/hudebnivychova\/wp-json\/wp\/v2\/users\/422"}],"replies":[{"embeddable":true,"href":"https:\/\/pages.pedf.cuni.cz\/hudebnivychova\/wp-json\/wp\/v2\/comments?post=25"}],"version-history":[{"count":3,"href":"https:\/\/pages.pedf.cuni.cz\/hudebnivychova\/wp-json\/wp\/v2\/pages\/25\/revisions"}],"predecessor-version":[{"id":375,"href":"https:\/\/pages.pedf.cuni.cz\/hudebnivychova\/wp-json\/wp\/v2\/pages\/25\/revisions\/375"}],"wp:attachment":[{"href":"https:\/\/pages.pedf.cuni.cz\/hudebnivychova\/wp-json\/wp\/v2\/media?parent=25"}],"curies":[{"name":"wp","href":"https:\/\/api.w.org\/{rel}","templated":true}]}}