{"id":103,"date":"2015-03-06T16:59:02","date_gmt":"2015-03-06T15:59:02","guid":{"rendered":"http:\/\/pages.pedf.cuni.cz\/kddd\/?page_id=103"},"modified":"2020-09-16T10:24:12","modified_gmt":"2020-09-16T08:24:12","slug":"volitelne-kurzy","status":"publish","type":"page","link":"https:\/\/pages.pedf.cuni.cz\/kddd\/studenti\/volitelne-kurzy\/","title":{"rendered":"Voliteln\u00e9 kurzy"},"content":{"rendered":"<h2>C\u00edlov\u00e1 skupina<\/h2>\n<p>Voliteln\u00e9\u00a0p\u0159edn\u00e1\u0161ky\u00a0jsou p\u0159\u00edstupn\u00e9 v\u0161em student\u016fm Univerzity Karlovy. Ve voliteln\u00e9m modulu studijn\u00edho bakal\u00e1\u0159sk\u00e9ho programu jsou ozna\u010deny jako p\u0159edn\u00e1\u0161ky v\u00fdb\u011brov\u00e9. V p\u011btilet\u00e9m magistersk\u00e9m studiu jsou za\u0159azeny do skupiny M05 \u2013 Nepovinn\u00fd modul.\u00a0V navazuj\u00edc\u00edm magistersk\u00e9m programu nejsou za\u0159azeny.<\/p>\n<p>V p\u0159\u00edpad\u011b z\u00e1jmu, kter\u00fd p\u0159ekra\u010duje kapacitu m\u00edstnosti, maj\u00ed p\u0159ednost studenti Katedry d\u011bjin a didaktiky d\u011bjepisu. P\u0159edn\u00e1\u0161ky jsou jednosemestr\u00e1ln\u00ed, s dotac\u00ed 2hod.\/t\u00fddn\u011b.<\/p>\n<h2>Obsahov\u00e1 n\u00e1pl\u0148<\/h2>\n<p>Voliteln\u00e9 p\u0159edn\u00e1\u0161ky slou\u017e\u00ed jako dopl\u0148uj\u00edc\u00ed k\u00a0z\u00e1kladn\u00edmu kurzu Obecn\u00fdch d\u011bjin. T\u00e9mata p\u0159edn\u00e1\u0161ek se obm\u011b\u0148uj\u00ed s ka\u017ed\u00fdm semestrem, tak\u017ee si je studenti mohou zapisovat opakovan\u011b.N\u011bkter\u00e9 jsou vedeny formou semin\u00e1\u0159e, resp. aktivn\u00ed \u00fa\u010dasti student\u016f na hodin\u00e1ch.<\/p>\n<h2>Obecn\u00e1 krit\u00e9ria hodnocen\u00ed<\/h2>\n<p>Kurz je od ZS 2012 zakon\u010den <b>z\u00e1po\u010dtem<\/b>, konkr\u00e9tn\u00ed po\u017eadavky jsou uvedeny u jednotliv\u00fdch p\u0159edn\u00e1\u0161ek.\u00a0Po\u010det kredit\u016f: 3, v p\u0159\u00edpad\u011b cizojazy\u010dn\u00e9 p\u0159edn\u00e1\u0161ky po\u010det kredit\u016f 6.<\/p>\n","protected":false},"excerpt":{"rendered":"<p>C\u00edlov\u00e1 skupina Voliteln\u00e9\u00a0p\u0159edn\u00e1\u0161ky\u00a0jsou p\u0159\u00edstupn\u00e9 v\u0161em student\u016fm Univerzity Karlovy. Ve voliteln\u00e9m modulu studijn\u00edho bakal\u00e1\u0159sk\u00e9ho programu jsou ozna\u010deny jako p\u0159edn\u00e1\u0161ky v\u00fdb\u011brov\u00e9. V p\u011btilet\u00e9m magistersk\u00e9m studiu jsou za\u0159azeny do skupiny M05 \u2013 Nepovinn\u00fd modul.\u00a0V navazuj\u00edc\u00edm magistersk\u00e9m programu nejsou<strong>&#8230;<\/strong><\/p>\n","protected":false},"author":402,"featured_media":0,"parent":56,"menu_order":40,"comment_status":"closed","ping_status":"closed","template":"","meta":{"_mc_calendar":[],"footnotes":""},"class_list":["post-103","page","type-page","status-publish","hentry"],"_links":{"self":[{"href":"https:\/\/pages.pedf.cuni.cz\/kddd\/wp-json\/wp\/v2\/pages\/103","targetHints":{"allow":["GET"]}}],"collection":[{"href":"https:\/\/pages.pedf.cuni.cz\/kddd\/wp-json\/wp\/v2\/pages"}],"about":[{"href":"https:\/\/pages.pedf.cuni.cz\/kddd\/wp-json\/wp\/v2\/types\/page"}],"author":[{"embeddable":true,"href":"https:\/\/pages.pedf.cuni.cz\/kddd\/wp-json\/wp\/v2\/users\/402"}],"replies":[{"embeddable":true,"href":"https:\/\/pages.pedf.cuni.cz\/kddd\/wp-json\/wp\/v2\/comments?post=103"}],"version-history":[{"count":1,"href":"https:\/\/pages.pedf.cuni.cz\/kddd\/wp-json\/wp\/v2\/pages\/103\/revisions"}],"predecessor-version":[{"id":6492,"href":"https:\/\/pages.pedf.cuni.cz\/kddd\/wp-json\/wp\/v2\/pages\/103\/revisions\/6492"}],"up":[{"embeddable":true,"href":"https:\/\/pages.pedf.cuni.cz\/kddd\/wp-json\/wp\/v2\/pages\/56"}],"wp:attachment":[{"href":"https:\/\/pages.pedf.cuni.cz\/kddd\/wp-json\/wp\/v2\/media?parent=103"}],"curies":[{"name":"wp","href":"https:\/\/api.w.org\/{rel}","templated":true}]}}

Volitelné kurzy

<h2>Cílová skupina</h2>
<p>Volitelné přednášky jsou přístupné všem studentům Univerzity Karlovy. Ve volitelném modulu studijního bakalářského programu jsou označeny jako přednášky výběrové. V pětiletém magisterském studiu jsou zařazeny do skupiny M05 – Nepovinný modul. V navazujícím magisterském programu nejsou zařazeny.</p>
<p>V případě zájmu, který překračuje kapacitu místnosti, mají přednost studenti Katedry dějin a didaktiky dějepisu. Přednášky jsou jednosemestrální, s dotací 2hod./týdně.</p>
<h2>Obsahová náplň</h2>
<p>Volitelné přednášky slouží jako doplňující k základnímu kurzu Obecných dějin. Témata přednášek se obměňují s každým semestrem, takže si je studenti mohou zapisovat opakovaně.Některé jsou vedeny formou semináře, resp. aktivní účasti studentů na hodinách.</p>
<h2>Obecná kritéria hodnocení</h2>
<p>Kurz je od ZS 2012 zakončen <b>zápočtem</b>, konkrétní požadavky jsou uvedeny u jednotlivých přednášek. Počet kreditů: 3, v případě cizojazyčné přednášky počet kreditů 6.</p>

<p>Cílová skupina Volitelné přednášky jsou přístupné všem studentům Univerzity Karlovy. Ve volitelném modulu studijního bakalářského programu jsou označeny jako přednášky výběrové. V pětiletém magisterském studiu jsou zařazeny do skupiny M05 – Nepovinný modul. V navazujícím magisterském programu nejsou<strong>&#8230;</strong></p>
