{"id":109,"date":"2015-03-06T17:01:51","date_gmt":"2015-03-06T16:01:51","guid":{"rendered":"http:\/\/pages.pedf.cuni.cz\/kddd\/?page_id=109"},"modified":"2025-03-04T10:07:35","modified_gmt":"2025-03-04T09:07:35","slug":"kvalifikacni-studium","status":"publish","type":"page","link":"https:\/\/pages.pedf.cuni.cz\/kddd\/studenti\/kvalifikacni-studium\/","title":{"rendered":"Kvalifika\u010dn\u00ed (roz\u0161i\u0159uj\u00edc\u00ed) studium"},"content":{"rendered":"<p style=\"text-align: center\"><strong>STUDIUM KVALIFIKA\u010cN\u00cdHO PROGRAMU JE UR\u010cENO ABSOLVENT\u016eM VYSOK\u00c9 \u0160KOLY NEBO UNIVERZITY U\u010cITELSK\u00c9HO SM\u011aRU.<\/strong><\/p>\n<p>&nbsp;<\/p>\n<p><strong>Star\u0161\u00ed akreditace:<\/strong><\/p>\n<p><strong>N\u00e1zev vzd\u011bl\u00e1vac\u00edho programu: U\u010ditelstv\u00ed d\u011bjepisu pro S\u0160 a 2. stupe\u0148 Z\u0160. D\u011bjepis.<br \/>\n\u010c. akreditace do 2022: MSMT-6714\/2018-1-382, od 2022: MSMT-8213\/2021-3-375.<\/strong><\/p>\n<p>Studium k z\u00edsk\u00e1n\u00ed odborn\u00e9 kvalifikace v programu C\u017dV uskute\u010d\u0148ovan\u00e9m vysokou \u0161kolou podle z\u00e1kona \u010d. 563\/2004 Sb., \u00a7 8, odst. 1), p\u00edsm. d), c) a podle \u00a7 9, odst. 1), p\u00edsm. c), d). Vzd\u011bl\u00e1vac\u00ed program \u2013 studium bylo schv\u00e1leno v\u011bdeckou radou fakulty a UK na z\u00e1klad\u011b spln\u011bn\u00e9ho grantu M\u0160 \u010cR \u010d. 6-989-05. C\u00edlem tohoto studia je d\u00e1t aprobovan\u00fdm u\u010ditel\u016fm druh\u00e9ho stupn\u011b z\u00e1kladn\u00edch \u0161kol a \u0161kol st\u0159edn\u00edch mo\u017enost, aby si roz\u0161\u00ed\u0159ili svoji odbornou kvalifikaci o dal\u0161\u00ed aproba\u010dn\u00ed p\u0159edm\u011bt \u2013 d\u011bjepis. Z\u00edskan\u00e9 poznatky studenti dopl\u0148uj\u00ed pr\u016fb\u011b\u017en\u00fdm studiem doporu\u010den\u00e9 literatury. D\u00e9lka studia: 6 semestr\u016f. Studium je ukon\u010deno z\u00e1v\u011bre\u010dnou zkou\u0161kou p\u0159ed komis\u00ed, jej\u00ed\u017e sou\u010d\u00e1st\u00ed je obhajoba z\u00e1v\u011bre\u010dn\u00e9 pr\u00e1ce. O \u00fasp\u011b\u0161n\u00e9m absolvov\u00e1n\u00ed roz\u0161i\u0159uj\u00edc\u00edho studia vyd\u00e1 UK Pedagogick\u00e1 fakulta Osv\u011bd\u010den\u00ed o roz\u0161\u00ed\u0159en\u00ed u\u010ditelsk\u00e9 aprobaci VVP pro S\u0160 a 2. stupe\u0148 Z\u0160 o d\u011bjepis. Pr\u016fb\u011b\u017en\u00e1 kontrola v\u00fdsledk\u016f vzd\u011bl\u00e1vac\u00edho efektu je zaji\u0161\u0165ov\u00e1na formou d\u00edl\u010d\u00edch zkou\u0161ek a z\u00e1po\u010dt\u016f, kter\u00e9 zakon\u010duj\u00ed studium jednotliv\u00fdch studijn\u00edch p\u0159edm\u011bt\u016f.<strong><br \/>\n<\/strong><\/p>\n<p><a href=\"https:\/\/pages.pedf.cuni.cz\/kddd\/files\/2021\/08\/Kvalifikacni-studium-pro-rocniky-ktere-nastoupily-pred-rokem-2021.pdf\">Info ke kvalifika\u010dn\u00edmu studiu pro ro\u010dn\u00edky, kter\u00e9 nastoupily p\u0159ed rokem 2021<\/a><\/p>\n<p>V\u0161eobecn\u00e9 informace o kvalifika\u010dn\u00edm studiu najdete na str\u00e1nk\u00e1ch <a href=\"http:\/\/it.pedf.cuni.cz\/studijni\/index.php?menu=65\" target=\"_blank\" rel=\"noopener noreferrer\">studijn\u00edho odd\u011blen\u00ed UK PedF<\/a>.<\/p>\n<p>Informace ke studiu d\u011bjepisu &#8211; roz\u0161i\u0159uj\u00edc\u00ed studium naleznete v <a href=\"https:\/\/userweb.pedf.cuni.cz\/kch\/karolinka\/2014\/OKRD209.html\">Karolince<\/a>.<\/p>\n<p><b>Z\u00e1v\u011bre\u010dn\u00e1 pr\u00e1c<\/b>e<\/p>\n<h3>Metodick\u00fd pokyn pro vypracov\u00e1n\u00ed z\u00e1v\u011bre\u010dn\u00e9 p\u00edsemn\u00e9 pr\u00e1ce<\/h3>\n<p>Rozsah pr\u00e1ce: 30 stran, v\u010detn\u011b pozn\u00e1mkov\u00e9ho apar\u00e1tu a seznamu pou\u017eit\u00fdch informa\u010dn\u00edch zdroj\u016f (bez obrazov\u00fdch p\u0159\u00edloh).<\/p>\n<p>Studenti si vol\u00ed t\u00e9ma z\u00e1v\u011bre\u010dn\u00e9 pr\u00e1ce dle sv\u00e9ho v\u00fdb\u011bru v r\u00e1mci vypsan\u00fdch p\u0159edm\u011bt\u016f.\u00a0 C\u00edlem z\u00e1v\u011bre\u010dn\u00e9 pr\u00e1ce je zpracov\u00e1n\u00ed zvolen\u00e9ho t\u00e9matu a n\u00e1vrh jeho vyu\u017eit\u00ed v\u00a0t\u0159\u00eddn\u00ed nebo mimot\u0159\u00eddn\u00ed form\u011b v\u00fduky d\u011bjepisu na Z\u0160 nebo S\u0160. \u00a0Pr\u00e1ci tvo\u0159\u00ed dv\u011b \u010d\u00e1sti: teoretick\u00e1 a praktick\u00e1. Auto\u0159i v\u00a0n\u00ed maj\u00ed prok\u00e1zat schopnost pr\u00e1ce s\u00a0literaturou a prameny a \u00a0\u00a0zpracovat zvolen\u00e9 t\u00e9ma na odpov\u00eddaj\u00edc\u00ed \u00farovni po str\u00e1nce obsahov\u00e9 i metodologick\u00e9.<\/p>\n<p>Pro zad\u00e1n\u00ed t\u00e9matu vypln\u00ed studenti formul\u00e1\u0159 (ulo\u017een na webu Centra C\u017dV) a v\u00a0term\u00ednu stanoven\u00e9m Centrem. Vypracovanou ZP odevzdaj\u00ed v\u00a0letn\u00edm semestru posledn\u00edho ro\u010dn\u00edku. Datum odevzd\u00e1n\u00ed bude stanoveno Katedrou d\u011bjin a didaktiky d\u011bjepisu, dle harmonogramu Centra C\u017dV.<\/p>\n<p><b>Z\u00e1v\u011bre\u010dn\u00e1 zkou\u0161ka<\/b><\/p>\n<p>se kon\u00e1 v\u00a0kv\u011btnu a v z\u00e1\u0159\u00ed.<\/p>\n<p><strong>U\u010ditelstv\u00ed d\u011bjepisu pro S\u0160 a 2. stupe\u0148 Z\u0160. D\u011bjepis. Nov\u00e1 akreditace od 1. ro\u010dn\u00edku 2021 do 21.06.2024. \u010c. MSMT-8213\/2021-3-375.<\/strong><\/p>\n<p><a href=\"https:\/\/pages.pedf.cuni.cz\/kddd\/files\/2021\/08\/RS-od-2021.pdf\">Info ke kvalifika\u010dn\u00edmu studiu pro ro\u010dn\u00edky, kter\u00e9 nastoupily od roku 2021<\/a><\/p>\n","protected":false},"excerpt":{"rendered":"<p>STUDIUM KVALIFIKA\u010cN\u00cdHO PROGRAMU JE UR\u010cENO ABSOLVENT\u016eM VYSOK\u00c9 \u0160KOLY NEBO UNIVERZITY U\u010cITELSK\u00c9HO SM\u011aRU. &nbsp; Star\u0161\u00ed akreditace: N\u00e1zev vzd\u011bl\u00e1vac\u00edho programu: U\u010ditelstv\u00ed d\u011bjepisu pro S\u0160 a 2. stupe\u0148 Z\u0160. D\u011bjepis. \u010c. akreditace do 2022: MSMT-6714\/2018-1-382, od 2022: MSMT-8213\/2021-3-375.<strong>&#8230;<\/strong><\/p>\n","protected":false},"author":402,"featured_media":0,"parent":56,"menu_order":60,"comment_status":"closed","ping_status":"closed","template":"","meta":{"_mc_calendar":[],"footnotes":""},"class_list":["post-109","page","type-page","status-publish","hentry"],"_links":{"self":[{"href":"https:\/\/pages.pedf.cuni.cz\/kddd\/wp-json\/wp\/v2\/pages\/109","targetHints":{"allow":["GET"]}}],"collection":[{"href":"https:\/\/pages.pedf.cuni.cz\/kddd\/wp-json\/wp\/v2\/pages"}],"about":[{"href":"https:\/\/pages.pedf.cuni.cz\/kddd\/wp-json\/wp\/v2\/types\/page"}],"author":[{"embeddable":true,"href":"https:\/\/pages.pedf.cuni.cz\/kddd\/wp-json\/wp\/v2\/users\/402"}],"replies":[{"embeddable":true,"href":"https:\/\/pages.pedf.cuni.cz\/kddd\/wp-json\/wp\/v2\/comments?post=109"}],"version-history":[{"count":10,"href":"https:\/\/pages.pedf.cuni.cz\/kddd\/wp-json\/wp\/v2\/pages\/109\/revisions"}],"predecessor-version":[{"id":7959,"href":"https:\/\/pages.pedf.cuni.cz\/kddd\/wp-json\/wp\/v2\/pages\/109\/revisions\/7959"}],"up":[{"embeddable":true,"href":"https:\/\/pages.pedf.cuni.cz\/kddd\/wp-json\/wp\/v2\/pages\/56"}],"wp:attachment":[{"href":"https:\/\/pages.pedf.cuni.cz\/kddd\/wp-json\/wp\/v2\/media?parent=109"}],"curies":[{"name":"wp","href":"https:\/\/api.w.org\/{rel}","templated":true}]}}