{"id":136,"date":"2015-03-06T17:13:38","date_gmt":"2015-03-06T16:13:38","guid":{"rendered":"http:\/\/pages.pedf.cuni.cz\/kddd\/?page_id=136"},"modified":"2023-02-26T10:24:18","modified_gmt":"2023-02-26T09:24:18","slug":"bakalarske-studium","status":"publish","type":"page","link":"https:\/\/pages.pedf.cuni.cz\/kddd\/uchazeci\/bakalarske-studium\/","title":{"rendered":"Bakal\u00e1\u0159sk\u00e9 studium"},"content":{"rendered":"<h2>D\u011bjepis se zam\u011b\u0159en\u00edm na vzd\u011bl\u00e1v\u00e1n\u00ed &#8211; prezen\u010dn\u00ed studium<\/h2>\n<p>Studijn\u00ed obor <i>D\u011bjepis se zam\u011b\u0159en\u00edm na vzd\u011bl\u00e1v\u00e1n\u00ed<\/i> je t\u0159\u00edlet\u00fdm bakal\u00e1\u0159sk\u00fdm studiem poskytuj\u00edc\u00edm odborn\u00e9 vzd\u011bl\u00e1n\u00ed v historii. Spolu s navazuj\u00edc\u00edm magistersk\u00fdm programem <i>U\u010ditelstv\u00ed VVP pro Z\u0160 a S\u0160 d\u011bjepis<\/i> p\u0159edstavuje <span style=\"text-decoration: underline\">bakal\u00e1\u0159skou \u010d\u00e1st p\u0159\u00edpravy u\u010ditel\u016f d\u011bjepisu pro z\u00e1kladn\u00ed a st\u0159edn\u00ed \u0161koly<\/span>. Jako samostatn\u00fd obor je ur\u010den lektor\u016fm muze\u00ed a galeri\u00ed a d\u00e1le pak \u0161irok\u00e9 \u0161k\u00e1le pracovn\u00edk\u016f ve\u0159ejn\u00e9 spr\u00e1vy a pam\u00e1tkov\u00e9 p\u00e9\u010de, kte\u0159\u00ed pot\u0159ebuj\u00ed pro sv\u016fj v\u00fdkon odborn\u00e9 historick\u00e9 znalosti.<\/p>\n<p>Pracujeme s historickou teori\u00ed i prax\u00ed. V oblasti teoretick\u00e9 nab\u00edz\u00edme student\u016fm formou p\u0159edn\u00e1\u0161ek a semin\u00e1\u0159\u016f p\u0159ehled cel\u00e9ho historick\u00e9ho v\u00fdvoje \u010desk\u00fdch a obecn\u00fdch d\u011bjin v kontinuitn\u00edm p\u00e1smu od prav\u011bku po 20. stolet\u00ed. V praktick\u00e9 \u010d\u00e1sti v\u00fduky seznamujeme studenty se z\u00e1klady historick\u00e9 pr\u00e1ce, v\u010detn\u011b historie region\u00e1ln\u00ed. Studium z\u00e1klad\u016f latiny umo\u017en\u00ed pochopen\u00ed internacionalism\u016f a \u017eiv\u00fdch slov a pom\u016f\u017ee v orientaci v element\u00e1rn\u00edch historick\u00fdch pramenech i sekund\u00e1rn\u00edch textech. D\u016fle\u017eitou \u010d\u00e1st praktick\u00e9 slo\u017eky studia p\u0159edstavuje historick\u00e1 exkurze.<\/p>\n<p>P\u0159ehled studia naleznete zde:<\/p>\n<h2><a href=\"https:\/\/pages.pedf.cuni.cz\/kddd\/files\/2023\/02\/Bc-maior-1.pdf\">Bc-maior<\/a> D\u011aJEPIS OD 2021<\/h2>\n<h2><a href=\"https:\/\/pages.pedf.cuni.cz\/kddd\/files\/2023\/02\/Bc-minor.pdf\">Bc-minor<\/a>\u00a0<a href=\"https:\/\/pages.pedf.cuni.cz\/kddd\/files\/2022\/01\/Bc_MINOR_DEJEPIS_predmety_nova-akreditace-2021.pdf\">D\u011aJEPIS OD 2021_<\/a><\/h2>\n<p>Studijn\u00ed pl\u00e1n (Karolinka) &#8211; maior i minor <a href=\"https:\/\/pedf.cuni.cz\/PEDF-2169.html\">zde<\/a> (https:\/\/pedf.cuni.cz\/PEDF-2169.html)<\/p>\n<p>Podm\u00ednkou pro p\u0159ijet\u00ed studenta je \u00fasp\u011b\u0161n\u00e9 slo\u017een\u00ed p\u00edsemn\u00e9 zkou\u0161ky z d\u011bjepisu v rozsahu st\u0159edo\u0161kolsk\u00e9ho u\u010diva. Vych\u00e1z\u00edme z <strong>u\u010debnic d\u011bjepisu pro st\u0159edn\u00ed \u0161koly maj\u00edc\u00edch dolo\u017eku M\u0160MT ud\u011blenou na z\u00e1klad\u011b RVP<\/strong>.<\/p>\n<p>Bakal\u00e1\u0159sk\u00e9 studium <i>D\u011bjepis se zam\u011b\u0159en\u00edm na vzd\u011bl\u00e1v\u00e1n\u00ed<\/i> se otev\u00edr\u00e1 pouze v kombinaci s druh\u00fdm p\u0159edm\u011btem.<\/p>\n<p>Obecn\u00e9 informace k p\u0159ij\u00edmac\u00edmu \u0159\u00edzen\u00ed naleznete <a href=\"https:\/\/pedf.cuni.cz\/PEDF-1478.html\">zde<\/a>. Informace o mo\u017enostech studijn\u00edch kombinac\u00ed s d\u011bjepisem naleznete <a href=\"https:\/\/pedf.cuni.cz\/PEDF-1008.html\">zde<\/a>. Studenti, kte\u0159\u00ed si vyb\u00edraj\u00ed kombinaci s <strong>geografi\u00ed<\/strong>, pod\u00e1vaj\u00ed p\u0159ihl\u00e1\u0161ku na P\u0159\u00edrodov\u011bdeck\u00e9 fakult\u011b, d\u011bjepis je pro n\u011b pouze v pl\u00e1nu minor (ht<a href=\"https:\/\/pedf.cuni.cz\/PEDF-1500.html\">tps:\/\/pedf.cuni.cz\/PEDF-1500.html<\/a>) &#8211; jedn\u00e1 se o tzv. sdru\u017een\u00e9 studium. Proklik na univerzitn\u00ed str\u00e1nky, kde m\u016f\u017eete vyhledat informace najdete <a href=\"https:\/\/is.cuni.cz\/studium\/prijimacky\/index.php?do=obory\">zde<\/a> (https:\/\/is.cuni.cz\/studium\/prijimacky\/index.php?do=obory).<\/p>\n<p>&nbsp;<\/p>\n<h2>P\u0159\u00edklad p\u0159ij\u00edmac\u00edho testu<\/h2>\n<ul>\n<li><a href=\"https:\/\/pages.pedf.cuni.cz\/kddd\/files\/2023\/01\/prijimacky-test-bc-na-www.pdf\">P\u0159ij\u00edmac\u00ed \u0159\u00edzen\u00ed pro bakal\u00e1\u0159sk\u00fd program &#8211; d\u011bjepis 2019<\/a> (PDF)<\/li>\n<\/ul>\n<p><strong>Aktu\u00e1ln\u00ed po\u010det bod\u016f:<\/strong><br \/>\nCelkem max. 40 bod\u016f, za ka\u017edou spr\u00e1vnou odpov\u011b\u010f 1 bod.<\/p>\n<h3>Doporu\u010den\u00e1 literatura k p\u0159ij\u00edmac\u00ed zkou\u0161ce z p\u0159edm\u011btu D\u011bjepis:<\/h3>\n<p>U\u010debnice d\u011bjepisu pro st\u0159edn\u00ed \u0161koly vydan\u00e9 po roce 1990. (Nakl. Pr\u00e1ce, SPN a Fortuna. U v\u0161ech uveden\u00fdch u\u010debnic je uvedeno datum 1. vyd\u00e1n\u00ed, platn\u00e1 jsou i n\u00e1sleduj\u00edc\u00ed dal\u0161\u00ed, a jsou M\u0160MT \u010cR za\u0159azeny do seznamu u\u010debnic).<br \/>\nHARNA, J., FI\u0160ER, J. D\u011bjiny \u010desk\u00fdch zem\u00ed I., Fortuna, 1995.<br \/>\nHARNA, J., FI\u0160ER, J. D\u011bjiny \u010desk\u00fdch zem\u00ed II., Fortuna, 1998.<br \/>\nSOU\u010cEK J. D\u011bjiny prav\u011bku a starov\u011bku, SPL, 1995.<br \/>\nBENE\u0160, Z., PETR\u00c1\u0147, J. \u010cesk\u00e9 d\u011bjiny I., SPL, 1997.<br \/>\nKVA\u010cEK, R. \u010cesk\u00e9 d\u011bjiny II., SPL, 2002.<br \/>\nBENE\u0160, Z. D\u011bjiny st\u0159edov\u011bku a prvn\u00edho stolet\u00ed ran\u00e9ho novov\u011bku., SPL, 1994.<br \/>\nHROCH, M. D\u011bjiny novov\u011bku, SPL, 1994.<br \/>\nKUKL\u00cdK, J., KUKL\u00cdK, J. D\u011bjiny 20. stolet\u00ed, SPL, 1995.<br \/>\nPOPELKA, M., V\u00c1LKOV\u00c1, V. D\u011bjepis pro gymn\u00e1zia a st\u0159edn\u00ed \u0161koly. 1. Prav\u011bk a starov\u011bk, SPN, 2001.<br \/>\n\u010cORNEJ, P., \u010cORNEJOV\u00c1, I., PARKAN, F. D\u011bjepis pro gymn\u00e1zia a st\u0159edn\u00ed \u0161koly. 2., St\u0159edov\u011bk a ran\u00fd novov\u011bk, SPN, 2001.<br \/>\nHLAVA\u010cKA, M. D\u011bjepis pro gymn\u00e1zia a st\u0159edn\u00ed \u0161koly. 3, Novov\u011bk, SPN, 2001.<br \/>\nKUKL\u00cdK, J., KUKL\u00cdK, J. D\u011bjepis pro gymn\u00e1zia a st\u0159edn\u00ed \u0161koly. 4, Nejnov\u011bj\u0161\u00ed d\u011bjiny, SPN, 2002.<\/p>\n<hr \/>\n<p>&nbsp;<\/p>\n","protected":false},"excerpt":{"rendered":"<p>D\u011bjepis se zam\u011b\u0159en\u00edm na vzd\u011bl\u00e1v\u00e1n\u00ed &#8211; prezen\u010dn\u00ed studium Studijn\u00ed obor D\u011bjepis se zam\u011b\u0159en\u00edm na vzd\u011bl\u00e1v\u00e1n\u00ed je t\u0159\u00edlet\u00fdm bakal\u00e1\u0159sk\u00fdm studiem poskytuj\u00edc\u00edm odborn\u00e9 vzd\u011bl\u00e1n\u00ed v historii. Spolu s navazuj\u00edc\u00edm magistersk\u00fdm programem U\u010ditelstv\u00ed VVP pro Z\u0160 a S\u0160<strong>&#8230;<\/strong><\/p>\n","protected":false},"author":402,"featured_media":0,"parent":59,"menu_order":10,"comment_status":"closed","ping_status":"closed","template":"","meta":{"_mc_calendar":[],"footnotes":""},"class_list":["post-136","page","type-page","status-publish","hentry"],"_links":{"self":[{"href":"https:\/\/pages.pedf.cuni.cz\/kddd\/wp-json\/wp\/v2\/pages\/136","targetHints":{"allow":["GET"]}}],"collection":[{"href":"https:\/\/pages.pedf.cuni.cz\/kddd\/wp-json\/wp\/v2\/pages"}],"about":[{"href":"https:\/\/pages.pedf.cuni.cz\/kddd\/wp-json\/wp\/v2\/types\/page"}],"author":[{"embeddable":true,"href":"https:\/\/pages.pedf.cuni.cz\/kddd\/wp-json\/wp\/v2\/users\/402"}],"replies":[{"embeddable":true,"href":"https:\/\/pages.pedf.cuni.cz\/kddd\/wp-json\/wp\/v2\/comments?post=136"}],"version-history":[{"count":10,"href":"https:\/\/pages.pedf.cuni.cz\/kddd\/wp-json\/wp\/v2\/pages\/136\/revisions"}],"predecessor-version":[{"id":7370,"href":"https:\/\/pages.pedf.cuni.cz\/kddd\/wp-json\/wp\/v2\/pages\/136\/revisions\/7370"}],"up":[{"embeddable":true,"href":"https:\/\/pages.pedf.cuni.cz\/kddd\/wp-json\/wp\/v2\/pages\/59"}],"wp:attachment":[{"href":"https:\/\/pages.pedf.cuni.cz\/kddd\/wp-json\/wp\/v2\/media?parent=136"}],"curies":[{"name":"wp","href":"https:\/\/api.w.org\/{rel}","templated":true}]}}