{"id":239,"date":"2015-03-07T16:04:15","date_gmt":"2015-03-07T15:04:15","guid":{"rendered":"http:\/\/pages.pedf.cuni.cz\/kddd\/?page_id=239"},"modified":"2020-07-17T22:39:34","modified_gmt":"2020-07-17T20:39:34","slug":"pokyny-pro-autory","status":"publish","type":"page","link":"https:\/\/pages.pedf.cuni.cz\/kddd\/marginalia-historica\/pokyny-pro-autory\/","title":{"rendered":"Pokyny pro autory"},"content":{"rendered":"<h2>Zp\u016fsob odevzd\u00e1v\u00e1n\u00ed rukopis\u016f<\/h2>\n<p>P\u0159\u00edsp\u011bvky pos\u00edlejte na e-mailovou adresu v\u00fdkonn\u00e9 redakce ve form\u00e1tu *.doc nebo *.rtf. P\u0159i psan\u00ed textu se, pros\u00edm, \u0159i\u010fte pravidly a cita\u010dn\u00edmi vzory rozepsan\u00fdmi v\u00a0Pokynech pro autory. P\u0159\u00edpadn\u00e9 obrazov\u00e9 \u010di jin\u00e9 p\u0159\u00edlohy pos\u00edlejte ve zvl\u00e1\u0161tn\u00edm souboru a vysok\u00e9 kvalit\u011b (nejm\u00e9n\u011b 300 dpi). Obr\u00e1zky lze um\u00edstit p\u0159\u00edmo do textu \u010di bezprost\u0159edn\u011b za n\u011bj, oti\u0161t\u011bny v\u0161ak budou pouze \u010dernob\u00edle a jejich po\u010det bude omezen.<br \/>\nZa autorsk\u00e1 pr\u00e1va obr\u00e1zk\u016f odpov\u00edd\u00e1 autor p\u0159\u00edsp\u011bvku.<\/p>\n<h2>Form\u00e1tov\u00e1n\u00ed textu<\/h2>\n<p>Kurz\u00edvu pou\u017e\u00edvejte pouze u titul\u016f pou\u017eit\u00e9 literatury a p\u0159i doslovn\u00fdch citac\u00edch z pramen\u016f \u010di literatury, tu\u010dn\u00e9mu p\u00edsmu \u010di podtrh\u00e1v\u00e1n\u00ed se sna\u017ete vyhnout zcela (pokud to nem\u00e1 nezbytn\u00fd vliv na obsah sd\u011blen\u00ed). Pokud studie obsahuje v\u00edce n\u00e1zv\u016f a podn\u00e1zv\u016f, pou\u017eijte funkci nadpis 1, nadpis 2 atd., aby bylo vydavatelstv\u00ed z\u0159ejm\u00e9, kter\u00fd nadpis je nad\u0159azen. Do textu v\u016fbec nevkl\u00e1dejte textov\u00e9 pole a tla\u010d\u00edtko enter pou\u017e\u00edvejte pouze na konci odstavce, str\u00e1nky ne\u010d\u00edslujte. V\u0161echny texty odevzd\u00e1vejte ve fontu Times New Roman, velikost p\u00edsma 13 a \u0159\u00e1dkov\u00e1n\u00ed 1,5.<\/p>\n<h2>Rozsah p\u0159\u00edsp\u011bvk\u016f<\/h2>\n<p>Studie by m\u011bly m\u00edt rozsah p\u0159ibli\u017en\u011b 20 a\u017e 40 normostran (1800 znak\u016f na str\u00e1nku), krom\u011b pozn\u00e1mkov\u00e9ho apar\u00e1tu mus\u00ed obsahovat abstrakt (v rozsahu 4 a\u017e 5 v\u011bt) a kl\u00ed\u010dov\u00e1 slova v \u010de\u0161tin\u011b i angli\u010dtin\u011b a anglick\u00fd p\u0159eklad n\u00e1zvu. Redakce up\u0159ednost\u0148uje odevzd\u00e1n\u00ed anglick\u00fdch p\u0159eklad\u016f autorem, je ale schopna p\u0159eklad zajistit sama. Recenze by nem\u011bly b\u00fdt del\u0161\u00ed ne\u017e 6 normostran, rozsah anotac\u00ed by se m\u011bl pohybovat v rozmez\u00ed 2 a\u017e 3 stran. Rozsah zpr\u00e1v do rubrik <i>Muzea a v\u00fdstavy, Didaktika,<\/i> <i>Kronika<\/i> \u010di <em>Historie st\u00e1le \u017eiv\u00e1 <\/em>se zpravidla pohybuje v\u00a0rozmez\u00ed 3 a\u017e 5 normostran, p\u0159\u00edpadn\u011b po dohod\u011b se \u010dleny redakce.<\/p>\n<h3>P\u0159\u00edlohy<\/h3>\n<ul>\n<li><a href=\"https:\/\/pages.pedf.cuni.cz\/kddd\/files\/2015\/03\/Formul\u00e1\u0159-recenzn\u00edho-posudku.pdf\">Formul\u00e1\u0159 recenzn\u00edho posudku<\/a><\/li>\n<li><a href=\"https:\/\/pages.pedf.cuni.cz\/kddd\/files\/2020\/07\/PODROBN\u00c9-POKYNY-PRO-AUTORY.doc\">PODROBN\u00c9-POKYNY-PRO-AUTORY<\/a><\/li>\n<\/ul>\n<p>&nbsp;<\/p>\n<ul>\n<li>\n<h4><a href=\"https:\/\/pages.pedf.cuni.cz\/kddd\/files\/2015\/03\/AJ_Pokyny-pro-autory_MH.doc\">Submission Guidelines<br \/>\n<\/a><a href=\"https:\/\/pages.pedf.cuni.cz\/kddd\/files\/2015\/03\/AJ_Podrobne-pokyny-pro-autory_MH.doc\">Detailed Submission Guidelines with Citation Examples<\/a><\/h4>\n<h4><\/h4>\n<\/li>\n<\/ul>\n","protected":false},"excerpt":{"rendered":"<p>Zp\u016fsob odevzd\u00e1v\u00e1n\u00ed rukopis\u016f P\u0159\u00edsp\u011bvky pos\u00edlejte na e-mailovou adresu v\u00fdkonn\u00e9 redakce ve form\u00e1tu *.doc nebo *.rtf. P\u0159i psan\u00ed textu se, pros\u00edm, \u0159i\u010fte pravidly a cita\u010dn\u00edmi vzory rozepsan\u00fdmi v\u00a0Pokynech pro autory. P\u0159\u00edpadn\u00e9 obrazov\u00e9 \u010di jin\u00e9 p\u0159\u00edlohy pos\u00edlejte<strong>&#8230;<\/strong><\/p>\n","protected":false},"author":402,"featured_media":0,"parent":69,"menu_order":30,"comment_status":"closed","ping_status":"closed","template":"","meta":{"_mc_calendar":[],"footnotes":""},"class_list":["post-239","page","type-page","status-publish","hentry"],"_links":{"self":[{"href":"https:\/\/pages.pedf.cuni.cz\/kddd\/wp-json\/wp\/v2\/pages\/239","targetHints":{"allow":["GET"]}}],"collection":[{"href":"https:\/\/pages.pedf.cuni.cz\/kddd\/wp-json\/wp\/v2\/pages"}],"about":[{"href":"https:\/\/pages.pedf.cuni.cz\/kddd\/wp-json\/wp\/v2\/types\/page"}],"author":[{"embeddable":true,"href":"https:\/\/pages.pedf.cuni.cz\/kddd\/wp-json\/wp\/v2\/users\/402"}],"replies":[{"embeddable":true,"href":"https:\/\/pages.pedf.cuni.cz\/kddd\/wp-json\/wp\/v2\/comments?post=239"}],"version-history":[{"count":10,"href":"https:\/\/pages.pedf.cuni.cz\/kddd\/wp-json\/wp\/v2\/pages\/239\/revisions"}],"predecessor-version":[{"id":6472,"href":"https:\/\/pages.pedf.cuni.cz\/kddd\/wp-json\/wp\/v2\/pages\/239\/revisions\/6472"}],"up":[{"embeddable":true,"href":"https:\/\/pages.pedf.cuni.cz\/kddd\/wp-json\/wp\/v2\/pages\/69"}],"wp:attachment":[{"href":"https:\/\/pages.pedf.cuni.cz\/kddd\/wp-json\/wp\/v2\/media?parent=239"}],"curies":[{"name":"wp","href":"https:\/\/api.w.org\/{rel}","templated":true}]}}