{"id":500,"date":"2015-03-10T18:04:43","date_gmt":"2015-03-10T17:04:43","guid":{"rendered":"http:\/\/pages.pedf.cuni.cz\/kddd\/?page_id=500"},"modified":"2022-01-07T14:05:05","modified_gmt":"2022-01-07T13:05:05","slug":"katedra-dejin-a-didaktiky-dejepisu","status":"publish","type":"page","link":"https:\/\/pages.pedf.cuni.cz\/kddd\/","title":{"rendered":""},"content":{"rendered":"<p><span style=\"color: #000000;font-size: 16px\"><strong>Katedra d\u011bjin a didaktiky d\u011bjepisu zah\u00e1jila svou \u010dinnost ve \u0161koln\u00edm roce 1993\/1994. Nav\u00e1zala tak na tradici v\u00fduky d\u011bjepisu na Pedagogick\u00e9 fakult\u011b Univerzity Karlovy, je\u017e byla p\u0159erv\u00e1na v roce 1982. KDDD nab\u00edz\u00ed vzd\u011bl\u00e1n\u00ed v oboru d\u011bjepis v rozsahu od prav\u011bku p\u0159es antick\u00fd starov\u011bk k obecn\u00fdm d\u011bjin\u00e1m st\u0159edov\u011bku a novov\u011bku a modern\u00edm d\u011bjin\u00e1m. D\u016fraz je kladen na \u010desk\u00e9 a \u010deskoslovensk\u00e9 d\u011bjiny, kter\u00e9 jsou poj\u00edm\u00e1ny d\u016fsledn\u011b v evropsk\u00e9m i sv\u011btov\u00e9m kontextu, a tak\u00e9 na d\u011bjiny region\u00e1ln\u00ed.<\/strong><\/span><\/p>\n<hr \/>\n<h2 style=\"text-align: center\"><a title=\"O kated\u0159e\" href=\"https:\/\/pages.pedf.cuni.cz\/kddd\/katedra\/o-katedre\/\">Katedra d\u011bjin a didaktiky d\u011bjepisu<\/a><\/h2>\n<p style=\"text-align: left\"><span style=\"font-size: 16px\">P\u0159i Kated\u0159e\u00a0 byla ustanovena tato centra:<\/span><\/p>\n<h2 style=\"text-align: center\"><a title=\"Centrum pro studium kulturn\u011b historick\u00e9ho d\u011bdictv\u00ed\" href=\"https:\/\/pages.pedf.cuni.cz\/kddd\/centra-katedry\/cskhd\/\">Centrum pro studium kulturn\u011b historick\u00e9ho d\u011bdictv\u00ed<\/a><\/h2>\n<h2 style=\"text-align: center\"><a title=\"Centrum pro nov\u00e9 d\u011bjiny \u0161kolstv\u00ed a vzd\u011blanosti\" href=\"https:\/\/pages.pedf.cuni.cz\/kddd\/centra-katedry\/cndsv\/\">Centrum pro nov\u00e9 d\u011bjiny \u0161kolstv\u00ed a vzd\u011blanosti<\/a><\/h2>\n<h2 style=\"text-align: center\"><a title=\"Centrum pro oborovou didaktiku\" href=\"https:\/\/pages.pedf.cuni.cz\/kddd\/centra-katedry\/cod\/\">Centrum pro oborovou didaktiku<\/a><\/h2>\n<p><span style=\"font-size: 16px\">Katedra d\u011bjin a didaktiky d\u011bjepisu vyd\u00e1v\u00e1 odborn\u00fd recenzovan\u00fd \u010dasopis za\u0159azen\u00fd od roku 2014 na Seznam recenzovan\u00fdch neimpaktovan\u00fdch periodik vyd\u00e1van\u00fdch v \u010cesk\u00e9 republice:<\/span><\/p>\n<h2 style=\"text-align: center\"><a title=\"Marginalia historica\" href=\"https:\/\/pages.pedf.cuni.cz\/kddd\/marginalia-historica\/charakteristika\/\">Marginalia historica<\/a><\/h2>\n<p>&nbsp;<\/p>\n<p style=\"text-align: left\"><span style=\"font-size: 16px\">Katedra d\u011bjin a didaktiky d\u011bjepisu \u00fazce spolupracuje se Sb\u00edrkou star\u00e9ho um\u011bn\u00ed N\u00e1rodn\u00ed galerie v Praze a N\u00e1rodn\u00edm pam\u00e1tkov\u00fdm \u00fastavem: hradem <a href=\"http:\/\/iforum.cuni.cz\/IFORUM-14574.html\" target=\"_blank\" rel=\"noopener noreferrer\">Be\u010dov <\/a>a z\u00e1mkem <a href=\"http:\/\/iforum.cuni.cz\/IFORUM-15614.html\" target=\"_blank\" rel=\"noopener noreferrer\">\u010cerven\u00e1 Lhota<\/a> a b\u00fdval\u00fdm kl\u00e1\u0161terem <a href=\"http:\/\/iforum.cuni.cz\/IFORUM-15897.html\">Zlat\u00e1 Koruna<\/a>.<br \/>\n<\/span><\/p>\n","protected":false},"excerpt":{"rendered":"<p>Katedra d\u011bjin a didaktiky d\u011bjepisu zah\u00e1jila svou \u010dinnost ve \u0161koln\u00edm roce 1993\/1994. Nav\u00e1zala tak na tradici v\u00fduky d\u011bjepisu na Pedagogick\u00e9 fakult\u011b Univerzity Karlovy, je\u017e byla p\u0159erv\u00e1na v roce 1982. KDDD nab\u00edz\u00ed vzd\u011bl\u00e1n\u00ed v oboru d\u011bjepis<strong>&#8230;<\/strong><\/p>\n","protected":false},"author":402,"featured_media":0,"parent":0,"menu_order":1,"comment_status":"closed","ping_status":"closed","template":"hlavni.php","meta":{"_mc_calendar":[],"footnotes":""},"class_list":["post-500","page","type-page","status-publish","hentry"],"_links":{"self":[{"href":"https:\/\/pages.pedf.cuni.cz\/kddd\/wp-json\/wp\/v2\/pages\/500","targetHints":{"allow":["GET"]}}],"collection":[{"href":"https:\/\/pages.pedf.cuni.cz\/kddd\/wp-json\/wp\/v2\/pages"}],"about":[{"href":"https:\/\/pages.pedf.cuni.cz\/kddd\/wp-json\/wp\/v2\/types\/page"}],"author":[{"embeddable":true,"href":"https:\/\/pages.pedf.cuni.cz\/kddd\/wp-json\/wp\/v2\/users\/402"}],"replies":[{"embeddable":true,"href":"https:\/\/pages.pedf.cuni.cz\/kddd\/wp-json\/wp\/v2\/comments?post=500"}],"version-history":[{"count":5,"href":"https:\/\/pages.pedf.cuni.cz\/kddd\/wp-json\/wp\/v2\/pages\/500\/revisions"}],"predecessor-version":[{"id":7012,"href":"https:\/\/pages.pedf.cuni.cz\/kddd\/wp-json\/wp\/v2\/pages\/500\/revisions\/7012"}],"wp:attachment":[{"href":"https:\/\/pages.pedf.cuni.cz\/kddd\/wp-json\/wp\/v2\/media?parent=500"}],"curies":[{"name":"wp","href":"https:\/\/api.w.org\/{rel}","templated":true}]}}

<p><span style="color: #000000;font-size: 16px"><strong>Katedra dějin a didaktiky dějepisu zahájila svou činnost ve školním roce 1993/1994. Navázala tak na tradici výuky dějepisu na Pedagogické fakultě Univerzity Karlovy, jež byla přervána v roce 1982. KDDD nabízí vzdělání v oboru dějepis v rozsahu od pravěku přes antický starověk k obecným dějinám středověku a novověku a moderním dějinám. Důraz je kladen na české a československé dějiny, které jsou pojímány důsledně v evropském i světovém kontextu, a také na dějiny regionální.</strong></span></p>
<hr />
<h2 style="text-align: center"><a title="O katedře" href="https://pages.pedf.cuni.cz/kddd/katedra/o-katedre/">Katedra dějin a didaktiky dějepisu</a></h2>
<p style="text-align: left"><span style="font-size: 16px">Při Katedře  byla ustanovena tato centra:</span></p>
<h2 style="text-align: center"><a title="Centrum pro studium kulturně historického dědictví" href="https://pages.pedf.cuni.cz/kddd/centra-katedry/cskhd/">Centrum pro studium kulturně historického dědictví</a></h2>
<h2 style="text-align: center"><a title="Centrum pro nové dějiny školství a vzdělanosti" href="https://pages.pedf.cuni.cz/kddd/centra-katedry/cndsv/">Centrum pro nové dějiny školství a vzdělanosti</a></h2>
<h2 style="text-align: center"><a title="Centrum pro oborovou didaktiku" href="https://pages.pedf.cuni.cz/kddd/centra-katedry/cod/">Centrum pro oborovou didaktiku</a></h2>
<p><span style="font-size: 16px">Katedra dějin a didaktiky dějepisu vydává odborný recenzovaný časopis zařazený od roku 2014 na Seznam recenzovaných neimpaktovaných periodik vydávaných v České republice:</span></p>
<h2 style="text-align: center"><a title="Marginalia historica" href="https://pages.pedf.cuni.cz/kddd/marginalia-historica/charakteristika/">Marginalia historica</a></h2>
<p>&nbsp;</p>
<p style="text-align: left"><span style="font-size: 16px">Katedra dějin a didaktiky dějepisu úzce spolupracuje se Sbírkou starého umění Národní galerie v Praze a Národním památkovým ústavem: hradem <a href="http://iforum.cuni.cz/IFORUM-14574.html" target="_blank" rel="noopener noreferrer">Bečov </a>a zámkem <a href="http://iforum.cuni.cz/IFORUM-15614.html" target="_blank" rel="noopener noreferrer">Červená Lhota</a> a bývalým klášterem <a href="http://iforum.cuni.cz/IFORUM-15897.html">Zlatá Koruna</a>.<br />
</span></p>

<p>Katedra dějin a didaktiky dějepisu zahájila svou činnost ve školním roce 1993/1994. Navázala tak na tradici výuky dějepisu na Pedagogické fakultě Univerzity Karlovy, jež byla přervána v roce 1982. KDDD nabízí vzdělání v oboru dějepis<strong>&#8230;</strong></p>
