{"id":63,"date":"2015-03-06T16:44:37","date_gmt":"2015-03-06T15:44:37","guid":{"rendered":"http:\/\/pages.pedf.cuni.cz\/kddd\/?page_id=63"},"modified":"2023-09-18T22:15:02","modified_gmt":"2023-09-18T20:15:02","slug":"erasmus","status":"publish","type":"page","link":"https:\/\/pages.pedf.cuni.cz\/kddd\/english\/erasmus\/","title":{"rendered":"Erasmus+"},"content":{"rendered":"<p>Coordinator of the ERASMUS+ programme :<\/p>\n<p>PhDr. Iva Ber\u00e1nkov\u00e1<br \/>\nE-Mail: iva.berankova@pedf.cuni.cz<br \/>\nTel. +420\u00a0221 900 237<br \/>\nRoom R 443<\/p>\n<p>History and History Didactics Department has participated in the Erasmus programme since 2001. During this time, the department has shared several bilateral contracts and projects with Universit\u00e9 de Perpignan and Nantes (France), Heinrich-Heine-Universit\u00e4t D\u00fcseldorf, Universit\u00e4t Mannheim, Ludwig-Maxmilian-Universit\u00e4t M\u00fcnchen and Goethe Universit\u00e4t in Frankfurt am Main (Germany), Uniwersytet Adama Mickiewicza v Poznani and Universytet Krakow (Poland), Univerzita Komensk\u00e9ho v Bratislav\u011b and Univerzita v B\u00e1nsk\u00e9 Bystrici (Slovakia), Universit\u00e4t Wien (Austria), Univerza na Primorskem v Koperu and Univerza v Ljubljani (Slovenia), University of Newcastle upon Tyne (Great Britain). The newest cooperation see at the Department for International Affairs (<a href=\"https:\/\/pedf.cuni.cz\/PEDFEN-7.html\">https:\/\/pedf.cuni.cz\/PEDFEN-1.htm<\/a>l).<\/p>\n<p>We are offering courses in English and German.<\/p>\n<p>Department coordinator: PhDr. Iva Ber\u00e1nkov\u00e1 (iva.berankova@pedf.cuni.cz)<br \/>\nConsultation hours and contact see <a href=\"https:\/\/pages.pedf.cuni.cz\/kddd\/katedra\/lide\/konzultace\/#Kepartova\">here<\/a>.<\/p>\n<p>The course catalogue for the upcoming semester will be available online approximately in August and January. It will, however, still be updated and new courses can still be added until the beginning of the semester. If you need to know what kind of courses are offered in order to fill your Learning Agreement before the new course catalogue is published, please use the one of the previous winter or summer semester, which will give you an idea of the course offer. Please keep in mind, however, that not all courses are offered every year\/semester.<\/p>\n<p>Students at the Charles University are creating their own timetables for each semester and are accustomed to working independently. If the courses you listed in the Learning Agreement do not match the ones offered during your stay in Prague, you can <strong>change your Learning Agreement<\/strong> using the form &#8222;Changes to the Original Learning Agreement&#8220;.<strong><br \/>\n<\/strong><\/p>\n<hr \/>\n<p>&nbsp;<\/p>\n","protected":false},"excerpt":{"rendered":"<p>Coordinator of the ERASMUS+ programme : PhDr. Iva Ber\u00e1nkov\u00e1 E-Mail: iva.berankova@pedf.cuni.cz Tel. +420\u00a0221 900 237 Room R 443 History and History Didactics Department has participated in the Erasmus programme since 2001. During this time, the<strong>&#8230;<\/strong><\/p>\n","protected":false},"author":402,"featured_media":0,"parent":75,"menu_order":60,"comment_status":"closed","ping_status":"closed","template":"","meta":{"_mc_calendar":[],"footnotes":""},"class_list":["post-63","page","type-page","status-publish","hentry"],"_links":{"self":[{"href":"https:\/\/pages.pedf.cuni.cz\/kddd\/wp-json\/wp\/v2\/pages\/63","targetHints":{"allow":["GET"]}}],"collection":[{"href":"https:\/\/pages.pedf.cuni.cz\/kddd\/wp-json\/wp\/v2\/pages"}],"about":[{"href":"https:\/\/pages.pedf.cuni.cz\/kddd\/wp-json\/wp\/v2\/types\/page"}],"author":[{"embeddable":true,"href":"https:\/\/pages.pedf.cuni.cz\/kddd\/wp-json\/wp\/v2\/users\/402"}],"replies":[{"embeddable":true,"href":"https:\/\/pages.pedf.cuni.cz\/kddd\/wp-json\/wp\/v2\/comments?post=63"}],"version-history":[{"count":10,"href":"https:\/\/pages.pedf.cuni.cz\/kddd\/wp-json\/wp\/v2\/pages\/63\/revisions"}],"predecessor-version":[{"id":7480,"href":"https:\/\/pages.pedf.cuni.cz\/kddd\/wp-json\/wp\/v2\/pages\/63\/revisions\/7480"}],"up":[{"embeddable":true,"href":"https:\/\/pages.pedf.cuni.cz\/kddd\/wp-json\/wp\/v2\/pages\/75"}],"wp:attachment":[{"href":"https:\/\/pages.pedf.cuni.cz\/kddd\/wp-json\/wp\/v2\/media?parent=63"}],"curies":[{"name":"wp","href":"https:\/\/api.w.org\/{rel}","templated":true}]}}