{"id":656,"date":"2015-03-11T09:52:45","date_gmt":"2015-03-11T08:52:45","guid":{"rendered":"http:\/\/pages.pedf.cuni.cz\/kddd\/?page_id=656"},"modified":"2026-04-07T13:37:50","modified_gmt":"2026-04-07T11:37:50","slug":"aktualni","status":"publish","type":"page","link":"https:\/\/pages.pedf.cuni.cz\/kddd\/studenti\/historicke-exkurze\/aktualni\/","title":{"rendered":"Aktu\u00e1ln\u00ed exkurze"},"content":{"rendered":"<p><strong>Od roku 2020 prob\u00edh\u00e1 zapisov\u00e1n\u00ed na historick\u00e9 exkurze <span style=\"text-decoration: underline\">pomoc\u00ed SISu<\/span>. <\/strong><strong>V\u0161ichni studenti musej\u00ed m\u00edt v SISu \u010d\u00edslo \u00fa\u010dtu sv\u00e9ho nebo rodi\u010d\u016f, jinak nemohou dostat &#8211;<span style=\"text-decoration: underline\"> v p\u0159\u00edpad\u011b zahrani\u010dn\u00ed exkurze<\/span> &#8211; finan\u010dn\u00ed p\u0159\u00edsp\u011bvek od fakulty (v p\u0159\u00edpad\u011b, \u017ee jim bude p\u0159izn\u00e1no \u00fa\u010delov\u00e9 stipendium, kter\u00e9 v\u0161ak nen\u00ed n\u00e1rokov\u00e9).<br \/>\n<\/strong><\/p>\n<p><em>Byla-li kapacita exkurze ji\u017e napln\u011bna, SIS v\u00e1s zap\u00ed\u0161e na \u010dekac\u00ed listinu jako n\u00e1hradn\u00edky, jak jste zvykl\u00ed. V tomto p\u0159\u00edpad\u011b v\u0161ak neprov\u00e1d\u011bjte platbu.<\/em><\/p>\n<p>Va\u0161i \u00fa\u010dast na exkurzi je nutn\u00e9 potvrdit uhrazen\u00edm p\u0159\u00edslu\u0161n\u00e9 platby. \u00a0Pokud nebude platba p\u0159evedena na \u00fa\u010det do dan\u00e9ho term\u00ednu, bude m\u00edsto uvoln\u011bno n\u00e1hradn\u00edk\u016fm. V p\u0159\u00edpad\u011b jak\u00fdchkoliv ot\u00e1zek se obracejte na organiz\u00e1tory exkurz\u00ed. Potvrzen\u00ed o proveden\u00e9 platb\u011b (nesta\u010d\u00ed jen p\u0159\u00edkaz k \u00fahrad\u011b!) za\u0161lete na email magdalena.holanselingerova@pedf.cuni.cz.<\/p>\n<p>Pokud se z ji\u017e zaplacen\u00e9 exkurze budete cht\u00edt odhl\u00e1sit, budou v\u00e1m z vr\u00e1cen\u00e9 \u010d\u00e1stky str\u017eeny ji\u017e zaplacen\u00e9 v\u011bci (ubyt., autobus, &#8230;). M\u016f\u017eete za sebe ale naj\u00edt n\u00e1hradn\u00edka a tak z\u00edskat celou \u010d\u00e1stku zp\u011bt.<\/p>\n<h3 style=\"text-align: center\">\u017d\u00c1DN\u00c1 \u00da\u010cAST NA EXKURZI NEM\u016e\u017dE B\u00ddT NAHRAZENA SEMIN\u00c1RN\u00cd PRAC\u00cd.<\/h3>\n<p>&nbsp;<\/p>\n<headtwo><div id=\"vypis\"><div class=\"nazev\"><a href=\"https:\/\/pages.pedf.cuni.cz\/kddd\/event\/planiny-gemeru-2025-2\/\">Liptov 2026<\/a><\/div><\/headtwo><div class=\"start\"><strong>Datum: <\/strong>p\u0159edb\u011b\u017en\u011b 7. 6. 2026 (ve\u010der) \u2013 14. 6. 2026 (r\u00e1no)<\/div><div class=\"organiser\"><strong>Organiz\u00e1tor: <\/strong>Du\u0161an Folt\u00fdn<\/div><br><div class=\"location\"><strong>M\u00edsto: <\/strong>Slovensko (Liptov a Orava)<\/div><div class=\"ubytovani\"><strong>Ubytov\u00e1n\u00ed: <\/strong>kemp, hostel<\/div><br><div class=\"doprava\"><strong>Doprava: <\/strong>vlak, autobus, vlastn\u00ed nohy (dlouh\u00e9 pochody)<\/div><div class=\"cena\"><strong>Cena: <\/strong>8.200,-<\/div><br><div class=\"ucet\"><strong>\u010c. \u00fa\u010dtu a var. s.: <\/strong>85236011\/0100, v.s. 335 138 059<\/div><div class=\"platba\"><strong>Platba do: <\/strong>31.03.2026<\/div><br><hr><headtwo><div id=\"vypis\"><div class=\"nazev\"><a href=\"https:\/\/pages.pedf.cuni.cz\/kddd\/event\/znojemsko-2025-2\/\">Pos\u00e1zav\u00ed 2026<\/a><\/div><\/headtwo><div class=\"start\"><strong>Datum: <\/strong>10. - 14. 6. 2026<\/div><div class=\"organiser\"><strong>Organiz\u00e1tor: <\/strong>Mgr. Tom\u00e1\u0161 Mikeska<\/div><br><div class=\"location\"><strong>M\u00edsto: <\/strong>S\u00e1zava<\/div><div class=\"ubytovani\"><strong>Ubytov\u00e1n\u00ed: <\/strong> https:\/\/sport-areal.cz\/<\/div><br><div class=\"doprava\"><strong>Doprava: <\/strong>vlak + autobus<\/div><div class=\"cena\"><strong>Cena: <\/strong>6 500 K\u010d<\/div><br><div class=\"ucet\"><strong>\u010c. \u00fa\u010dtu a var. s.: <\/strong>85236011\/0100, v.s. 335 138 060<\/div><div class=\"platba\"><strong>Platba do: <\/strong>31.03.2026<\/div><br><hr><headtwo><div id=\"vypis\"><div class=\"nazev\"><a href=\"https:\/\/pages.pedf.cuni.cz\/kddd\/event\/pece-o-kulturni-dedictvi-karlovarskeho-kraje-2\/\">P\u00e9\u010de o kulturn\u00ed d\u011bdictv\u00ed Jiho\u010desk\u00e9ho kraje<\/a><\/div><\/headtwo><div class=\"start\"><strong>Datum: <\/strong>20.-24.5.2026<\/div><div class=\"organiser\"><strong>Organiz\u00e1tor: <\/strong>Havl\u016fjov\u00e1, Indrov\u00e1<\/div><br><div class=\"location\"><strong>M\u00edsto: <\/strong>Vy\u0161\u0161\u00ed Brod, \u010cesk\u00fd Krumlov, Ro\u017emberk, Ho\u0159ice na \u0160umav\u011b<\/div><div class=\"ubytovani\"><strong>Ubytov\u00e1n\u00ed: <\/strong>Vy\u0161\u0161\u00ed Brod - ubytov\u00e1n\u00ed se sn\u00eddan\u00ed<\/div><br><div class=\"doprava\"><strong>Doprava: <\/strong>vlak, autobus<\/div><div class=\"cena\"><strong>Cena: <\/strong>6000,-<\/div><br><div class=\"ucet\"><strong>\u010c. \u00fa\u010dtu a var. s.: <\/strong>85236011\/100   v.s. 335 138 062<\/div><div class=\"platba\"><strong>Platba do: <\/strong>30.4.2026<\/div><br><hr><headtwo><div id=\"vypis\"><div class=\"nazev\"><a href=\"https:\/\/pages.pedf.cuni.cz\/kddd\/event\/italie-2024-2\/\">\u0158\u00edm 2026<\/a><\/div><\/headtwo><div class=\"start\"><strong>Datum: <\/strong>25. 8. - 3. 9. 2026<\/div><div class=\"organiser\"><strong>Organiz\u00e1tor: <\/strong>V. Vlnas, H. Chalupov\u00e1<\/div><br><div class=\"location\"><strong>M\u00edsto: <\/strong>It\u00e1lie - \u0158\u00edm<\/div><div class=\"ubytovani\"><strong>Ubytov\u00e1n\u00ed: <\/strong>Bude up\u0159esn\u011bno<\/div><br><div class=\"doprava\"><strong>Doprava: <\/strong>letecky<\/div><div class=\"cena\"><strong>Cena: <\/strong>18500 K\u010d<\/div><br><div class=\"ucet\"><strong>\u010c. \u00fa\u010dtu a var. s.: <\/strong>85236011\/0100, v.s. 335 138 061<\/div><div class=\"platba\"><strong>Platba do: <\/strong>30.04.2026<\/div><br><hr>\n","protected":false},"excerpt":{"rendered":"<p>V pr\u016fb\u011bhu \u010dervna prob\u011bhne informativn\u00ed sch\u016fzka k exkurzi. Podrobn\u011bj\u0161\u00ed informace obdr\u017e\u00ed studenti v dostate\u010dn\u00e9m p\u0159edstihu e-mailem. Studenti po spln\u011bn\u00ed podm\u00ednek a absolvov\u00e1n\u00ed zahrani\u010dn\u00ed exkurze obvykle dost\u00e1vaj\u00ed stipendium, kter\u00e9 uhrad\u00ed cca polovinu n\u00e1klad\u016f.<\/p>\n","protected":false},"author":402,"featured_media":0,"parent":105,"menu_order":5,"comment_status":"closed","ping_status":"closed","template":"","meta":{"_mc_calendar":[],"footnotes":""},"class_list":["post-656","page","type-page","status-publish","hentry"],"_links":{"self":[{"href":"https:\/\/pages.pedf.cuni.cz\/kddd\/wp-json\/wp\/v2\/pages\/656","targetHints":{"allow":["GET"]}}],"collection":[{"href":"https:\/\/pages.pedf.cuni.cz\/kddd\/wp-json\/wp\/v2\/pages"}],"about":[{"href":"https:\/\/pages.pedf.cuni.cz\/kddd\/wp-json\/wp\/v2\/types\/page"}],"author":[{"embeddable":true,"href":"https:\/\/pages.pedf.cuni.cz\/kddd\/wp-json\/wp\/v2\/users\/402"}],"replies":[{"embeddable":true,"href":"https:\/\/pages.pedf.cuni.cz\/kddd\/wp-json\/wp\/v2\/comments?post=656"}],"version-history":[{"count":12,"href":"https:\/\/pages.pedf.cuni.cz\/kddd\/wp-json\/wp\/v2\/pages\/656\/revisions"}],"predecessor-version":[{"id":8182,"href":"https:\/\/pages.pedf.cuni.cz\/kddd\/wp-json\/wp\/v2\/pages\/656\/revisions\/8182"}],"up":[{"embeddable":true,"href":"https:\/\/pages.pedf.cuni.cz\/kddd\/wp-json\/wp\/v2\/pages\/105"}],"wp:attachment":[{"href":"https:\/\/pages.pedf.cuni.cz\/kddd\/wp-json\/wp\/v2\/media?parent=656"}],"curies":[{"name":"wp","href":"https:\/\/api.w.org\/{rel}","templated":true}]}}

Aktuální exkurze

<p><strong>Od roku 2020 probíhá zapisování na historické exkurze <span style="text-decoration: underline">pomocí SISu</span>. </strong><strong>Všichni studenti musejí mít v SISu číslo účtu svého nebo rodičů, jinak nemohou dostat &#8211;<span style="text-decoration: underline"> v případě zahraniční exkurze</span> &#8211; finanční příspěvek od fakulty (v případě, že jim bude přiznáno účelové stipendium, které však není nárokové).<br />
</strong></p>
<p><em>Byla-li kapacita exkurze již naplněna, SIS vás zapíše na čekací listinu jako náhradníky, jak jste zvyklí. V tomto případě však neprovádějte platbu.</em></p>
<p>Vaši účast na exkurzi je nutné potvrdit uhrazením příslušné platby.  Pokud nebude platba převedena na účet do daného termínu, bude místo uvolněno náhradníkům. V případě jakýchkoliv otázek se obracejte na organizátory exkurzí. Potvrzení o provedené platbě (nestačí jen příkaz k úhradě!) zašlete na email magdalena.holanselingerova@pedf.cuni.cz.</p>
<p>Pokud se z již zaplacené exkurze budete chtít odhlásit, budou vám z vrácené částky strženy již zaplacené věci (ubyt., autobus, &#8230;). Můžete za sebe ale najít náhradníka a tak získat celou částku zpět.</p>
<h3 style="text-align: center">ŽÁDNÁ ÚČAST NA EXKURZI NEMŮŽE BÝT NAHRAZENA SEMINÁRNÍ PRACÍ.</h3>
<p>&nbsp;</p>
<headtwo><div id="vypis"><div class="nazev"><a href="https://pages.pedf.cuni.cz/kddd/event/planiny-gemeru-2025-2/">Liptov 2026</a></div></headtwo><div class="start"><strong>Datum: </strong>předběžně 7. 6. 2026 (večer) – 14. 6. 2026 (ráno)</div><div class="organiser"><strong>Organizátor: </strong>Dušan Foltýn</div><br><div class="location"><strong>Místo: </strong>Slovensko (Liptov a Orava)</div><div class="ubytovani"><strong>Ubytování: </strong>kemp, hostel</div><br><div class="doprava"><strong>Doprava: </strong>vlak, autobus, vlastní nohy (dlouhé pochody)</div><div class="cena"><strong>Cena: </strong>8.200,-</div><br><div class="ucet"><strong>Č. účtu a var. s.: </strong>85236011/0100, v.s. 335 138 059</div><div class="platba"><strong>Platba do: </strong>31.03.2026</div><br><hr><headtwo><div id="vypis"><div class="nazev"><a href="https://pages.pedf.cuni.cz/kddd/event/znojemsko-2025-2/">Posázaví 2026</a></div></headtwo><div class="start"><strong>Datum: </strong>10. - 14. 6. 2026</div><div class="organiser"><strong>Organizátor: </strong>Mgr. Tomáš Mikeska</div><br><div class="location"><strong>Místo: </strong>Sázava</div><div class="ubytovani"><strong>Ubytování: </strong> https://sport-areal.cz/</div><br><div class="doprava"><strong>Doprava: </strong>vlak + autobus</div><div class="cena"><strong>Cena: </strong>6 500 Kč</div><br><div class="ucet"><strong>Č. účtu a var. s.: </strong>85236011/0100, v.s. 335 138 060</div><div class="platba"><strong>Platba do: </strong>31.03.2026</div><br><hr><headtwo><div id="vypis"><div class="nazev"><a href="https://pages.pedf.cuni.cz/kddd/event/pece-o-kulturni-dedictvi-karlovarskeho-kraje-2/">Péče o kulturní dědictví Jihočeského kraje</a></div></headtwo><div class="start"><strong>Datum: </strong>20.-24.5.2026</div><div class="organiser"><strong>Organizátor: </strong>Havlůjová, Indrová</div><br><div class="location"><strong>Místo: </strong>Vyšší Brod, Český Krumlov, Rožmberk, Hořice na Šumavě</div><div class="ubytovani"><strong>Ubytování: </strong>Vyšší Brod - ubytování se snídaní</div><br><div class="doprava"><strong>Doprava: </strong>vlak, autobus</div><div class="cena"><strong>Cena: </strong>6000,-</div><br><div class="ucet"><strong>Č. účtu a var. s.: </strong>85236011/100   v.s. 335 138 062</div><div class="platba"><strong>Platba do: </strong>30.4.2026</div><br><hr><headtwo><div id="vypis"><div class="nazev"><a href="https://pages.pedf.cuni.cz/kddd/event/italie-2024-2/">Řím 2026</a></div></headtwo><div class="start"><strong>Datum: </strong>25. 8. - 3. 9. 2026</div><div class="organiser"><strong>Organizátor: </strong>V. Vlnas, H. Chalupová</div><br><div class="location"><strong>Místo: </strong>Itálie - Řím</div><div class="ubytovani"><strong>Ubytování: </strong>Bude upřesněno</div><br><div class="doprava"><strong>Doprava: </strong>letecky</div><div class="cena"><strong>Cena: </strong>18500 Kč</div><br><div class="ucet"><strong>Č. účtu a var. s.: </strong>85236011/0100, v.s. 335 138 061</div><div class="platba"><strong>Platba do: </strong>30.04.2026</div><br><hr>

<p>V průběhu června proběhne informativní schůzka k exkurzi. Podrobnější informace obdrží studenti v dostatečném předstihu e-mailem. Studenti po splnění podmínek a absolvování zahraniční exkurze obvykle dostávají stipendium, které uhradí cca polovinu nákladů.</p>
