{"id":7539,"date":"2023-10-27T21:04:09","date_gmt":"2023-10-27T19:04:09","guid":{"rendered":"https:\/\/pages.pedf.cuni.cz\/kddd\/?page_id=7539"},"modified":"2023-10-27T21:04:27","modified_gmt":"2023-10-27T19:04:27","slug":"prvni-desetileti-1993-2003","status":"publish","type":"page","link":"https:\/\/pages.pedf.cuni.cz\/kddd\/katedra\/dejiny-kddd\/prvni-desetileti-1993-2003\/","title":{"rendered":"Prvn\u00ed desetilet\u00ed (1993-2003)"},"content":{"rendered":"<p>Z \u00favodu:<\/p>\n<p>Kate\u0159ina Charv\u00e1tov\u00e1,\u00a0 Osobn\u00ed vzpom\u00ednka a ho\u0159kosladk\u00e1 reflexe sou\u010dasnosti<\/p>\n<p>Pamatuji si dob\u0159e n\u00e1ladu p\u0159edja\u0159\u00ed 1993. Po euforii sam\u00e9ho za\u010d\u00e1tku 90. let se idealistick\u00fd pohled na budoucnost za\u010dal pom\u011brn\u011b brzy dost\u00e1vat do konfrontace s pragmatickou realitou.<\/p>\n<p>Pracovala jsem v Archeologick\u00e9m \u00fastavu, a tak jsem byla denn\u011b konfrontov\u00e1na se skute\u010dnost\u00ed, \u017ee \u010d\u00e1st m\u00fdch koleg\u016f pojala novou dobu jako p\u0159\u00edle\u017eitost k boji o posty a o moc. Na pracovi\u0161ti, kter\u00e9ho se ve srovn\u00e1n\u00ed s jin\u00fdmi \u00fastavy Akademie v\u011bd t\u00e9m\u011b\u0159 nedotkly prov\u011brky ze 70. let a kde panovala po v\u011bt\u0161inu normaliza\u010dn\u00edho obdob\u00ed tv\u016fr\u010d\u00ed atmosf\u00e9ra, vypukl nyn\u00ed z\u00e1pas, kdo z koho. A k m\u00e9mu velk\u00e9mu p\u0159ekvapen\u00ed si v klubku bojuj\u00edc\u00edch vedli obzvl\u00e1\u0161\u0165 zda\u0159ile ti, kte\u0159\u00ed se p\u0159edt\u00edm neposkvrnili spoluprac\u00ed s komunisty a chovali se slu\u0161n\u011b. To bylo p\u0159\u00edli\u0161. P\u0159estalo se mi tam l\u00edbit.<\/p>\n<p>A tak jsem u\u017e n\u011bjak\u00fd ten m\u011bs\u00edc obes\u00edlala r\u016fzn\u00e9 pedagogick\u00e9 fakulty s dotazem, zda nepot\u0159ebuj\u00ed historika-st\u0159edov\u011bk\u00e1\u0159e. Po zdvo\u0159il\u00fdch, le\u010d zam\u00edtav\u00fdch listech z \u00dast\u00ed nad Labem, \u010cesk\u00fdch Bud\u011bjovic i Hradce Kr\u00e1lov\u00e9 jsem se jednoho \u00fanorov\u00e9ho dne dozv\u011bd\u011bla o tom, \u017ee m\u00e1 vzniknout nov\u00e1 katedra d\u011bjin na Pedagogick\u00e9 fakult\u011b p\u0159\u00edmo v Praze a \u017ee ji zakl\u00e1d\u00e1 Petr \u010cornej. Petra \u010corneje jsem znala od vid\u011bn\u00ed z medievistick\u00e9 sekce Jednoty klasick\u00fdch filolog\u016f, kde se v 70. a 80. letech sch\u00e1zela profesn\u011b i v\u011bkem pestr\u00e1 skupina st\u0159edov\u011bk\u00e1\u0159\u016f na pravideln\u00fdch m\u011bs\u00ed\u010dn\u00edch p\u0159edn\u00e1\u0161k\u00e1ch. Po p\u0159edchoz\u00edch zku\u0161enostech jsem si ned\u011blala moc nad\u011bj\u00ed, o to v\u00edce jsem byla p\u0159ekvapena, kdy\u017e mi Petr \u010cornej po kr\u00e1tk\u00e9m rozhovoru nab\u00eddl spolupr\u00e1ci. Polovi\u010dn\u00ed \u00favazek vyhovoval i mne, nebo\u0165 jsem si cht\u011bla novou pr\u00e1ci nap\u0159ed vyzkou\u0161et a zjistit, zda se pro ni v\u016fbec hod\u00edm. Do t\u00e9 doby jsem neu\u010dila ani hodinu.<\/p>\n<p><strong>Text cel\u00e9ho sborn\u00edku naleznete v p\u0159ilo\u017een\u00e9m PDF dokumentu.<\/strong><\/p>\n<ul>\n<li><a href=\"https:\/\/pages.pedf.cuni.cz\/kddd\/files\/2015\/03\/KDDD_1_Desetileti.pdf\">KDDD \u2013 1. desetilet\u00ed<\/a><\/li>\n<\/ul>\n","protected":false},"excerpt":{"rendered":"<p>Z \u00favodu: Kate\u0159ina Charv\u00e1tov\u00e1,\u00a0 Osobn\u00ed vzpom\u00ednka a ho\u0159kosladk\u00e1 reflexe sou\u010dasnosti Pamatuji si dob\u0159e n\u00e1ladu p\u0159edja\u0159\u00ed 1993. Po euforii sam\u00e9ho za\u010d\u00e1tku 90. let se idealistick\u00fd pohled na budoucnost za\u010dal pom\u011brn\u011b brzy dost\u00e1vat do konfrontace s pragmatickou<strong>&#8230;<\/strong><\/p>\n","protected":false},"author":402,"featured_media":0,"parent":612,"menu_order":0,"comment_status":"closed","ping_status":"closed","template":"","meta":{"_mc_calendar":[],"footnotes":""},"class_list":["post-7539","page","type-page","status-publish","hentry"],"_links":{"self":[{"href":"https:\/\/pages.pedf.cuni.cz\/kddd\/wp-json\/wp\/v2\/pages\/7539","targetHints":{"allow":["GET"]}}],"collection":[{"href":"https:\/\/pages.pedf.cuni.cz\/kddd\/wp-json\/wp\/v2\/pages"}],"about":[{"href":"https:\/\/pages.pedf.cuni.cz\/kddd\/wp-json\/wp\/v2\/types\/page"}],"author":[{"embeddable":true,"href":"https:\/\/pages.pedf.cuni.cz\/kddd\/wp-json\/wp\/v2\/users\/402"}],"replies":[{"embeddable":true,"href":"https:\/\/pages.pedf.cuni.cz\/kddd\/wp-json\/wp\/v2\/comments?post=7539"}],"version-history":[{"count":2,"href":"https:\/\/pages.pedf.cuni.cz\/kddd\/wp-json\/wp\/v2\/pages\/7539\/revisions"}],"predecessor-version":[{"id":7541,"href":"https:\/\/pages.pedf.cuni.cz\/kddd\/wp-json\/wp\/v2\/pages\/7539\/revisions\/7541"}],"up":[{"embeddable":true,"href":"https:\/\/pages.pedf.cuni.cz\/kddd\/wp-json\/wp\/v2\/pages\/612"}],"wp:attachment":[{"href":"https:\/\/pages.pedf.cuni.cz\/kddd\/wp-json\/wp\/v2\/media?parent=7539"}],"curies":[{"name":"wp","href":"https:\/\/api.w.org\/{rel}","templated":true}]}}

První desetiletí (1993-2003)

<p>Z úvodu:</p>
<p>Kateřina Charvátová,  Osobní vzpomínka a hořkosladká reflexe současnosti</p>
<p>Pamatuji si dobře náladu předjaří 1993. Po euforii samého začátku 90. let se idealistický pohled na budoucnost začal poměrně brzy dostávat do konfrontace s pragmatickou realitou.</p>
<p>Pracovala jsem v Archeologickém ústavu, a tak jsem byla denně konfrontována se skutečností, že část mých kolegů pojala novou dobu jako příležitost k boji o posty a o moc. Na pracovišti, kterého se ve srovnání s jinými ústavy Akademie věd téměř nedotkly prověrky ze 70. let a kde panovala po většinu normalizačního období tvůrčí atmosféra, vypukl nyní zápas, kdo z koho. A k mému velkému překvapení si v klubku bojujících vedli obzvlášť zdařile ti, kteří se předtím neposkvrnili spoluprací s komunisty a chovali se slušně. To bylo příliš. Přestalo se mi tam líbit.</p>
<p>A tak jsem už nějaký ten měsíc obesílala různé pedagogické fakulty s dotazem, zda nepotřebují historika-středověkáře. Po zdvořilých, leč zamítavých listech z Ústí nad Labem, Českých Budějovic i Hradce Králové jsem se jednoho únorového dne dozvěděla o tom, že má vzniknout nová katedra dějin na Pedagogické fakultě přímo v Praze a že ji zakládá Petr Čornej. Petra Čorneje jsem znala od vidění z medievistické sekce Jednoty klasických filologů, kde se v 70. a 80. letech scházela profesně i věkem pestrá skupina středověkářů na pravidelných měsíčních přednáškách. Po předchozích zkušenostech jsem si nedělala moc nadějí, o to více jsem byla překvapena, když mi Petr Čornej po krátkém rozhovoru nabídl spolupráci. Poloviční úvazek vyhovoval i mne, neboť jsem si chtěla novou práci napřed vyzkoušet a zjistit, zda se pro ni vůbec hodím. Do té doby jsem neučila ani hodinu.</p>
<p><strong>Text celého sborníku naleznete v přiloženém PDF dokumentu.</strong></p>
<ul>
<li><a href="https://pages.pedf.cuni.cz/kddd/files/2015/03/KDDD_1_Desetileti.pdf">KDDD – 1. desetiletí</a></li>
</ul>

<p>Z úvodu: Kateřina Charvátová,  Osobní vzpomínka a hořkosladká reflexe současnosti Pamatuji si dobře náladu předjaří 1993. Po euforii samého začátku 90. let se idealistický pohled na budoucnost začal poměrně brzy dostávat do konfrontace s pragmatickou<strong>&#8230;</strong></p>
