{"id":7974,"date":"2025-03-25T20:32:56","date_gmt":"2025-03-25T19:32:56","guid":{"rendered":"https:\/\/pages.pedf.cuni.cz\/kddd\/?page_id=7974"},"modified":"2025-03-26T08:01:01","modified_gmt":"2025-03-26T07:01:01","slug":"celozivotni-vzdelavani","status":"publish","type":"page","link":"https:\/\/pages.pedf.cuni.cz\/kddd\/uchazeci\/celozivotni-vzdelavani\/","title":{"rendered":"Celo\u017eivotn\u00ed vzd\u011bl\u00e1v\u00e1n\u00ed"},"content":{"rendered":"<p>Aktuality k celo\u017eivotn\u00edmu vzd\u011bl\u00e1v\u00e1n\u00ed na Pedagogick\u00e9 fakult\u011b Univerzity Karlovy naleznete <a href=\"https:\/\/pages.pedf.cuni.cz\/czv\/\">zde<\/a> .<\/p>\n<p>KDDD po\u0159\u00e1d\u00e1 ji\u017e \u0159adu let <strong>kvalifika\u010dn\u00ed <\/strong>(d\u0159\u00edve roz\u0161i\u0159uj\u00edc\u00ed)<strong> studium<\/strong> pro absolventy studia s pedagogick\u00fdm zam\u011b\u0159en\u00edm v kombinovan\u00e9 form\u011b. Studium trv\u00e1 t\u0159i roky a kon\u010d\u00ed z\u00e1v\u011bre\u010dnou prac\u00ed s obhajobou a z\u00e1v\u011bre\u010dnou zkou\u0161kou. Garant doc. PhDr. Petr Koura, Ph.D. Aktu\u00e1ln\u00ed informace naleznete <a href=\"https:\/\/is.cuni.cz\/studium\/prijimacky\/index.php?do=detail_kurz&amp;cid=11533\">zde.<\/a><\/p>\n<p>D\u00e1le po\u0159\u00e1d\u00e1me <strong>Univerzitu t\u0159et\u00edho v\u011bku<\/strong>, a to ve dvou programech:<\/p>\n<ol>\n<li><em>P\u00e9\u010de o kulturn\u00ed d\u011bdictv\u00ed v kontextu vzd\u011bl\u00e1v\u00e1n\u00ed<\/em>. Garant Mgr. Kate\u0159ina Sl\u00e1dkov\u00e1. Aktu\u00e1ln\u00ed informace naleznete <a href=\"https:\/\/is.cuni.cz\/studium\/ekczv\/index.php?id=a1e12727df77905790f4119b6f11e048&amp;tid=&amp;do=detail&amp;cid=8133\">zde.<\/a><\/li>\n<li><em>Minulost v p\u0159\u00edtomnosti<\/em>. Garant doc. PhDr. Jana Kepartov\u00e1, CSc. Informace k 1. semestru (2022\/23) <a href=\"https:\/\/is.cuni.cz\/studium\/ekczv\/index.php?do=detail&amp;cid=8408\">zde<\/a>, aktu\u00e1ln\u00ed informace k 6. semestru (2025\/26) <a href=\"https:\/\/is.cuni.cz\/studium\/ekczv\/index.php?id=e1c82c77dc615fc9f76c93ef651cc4f6&amp;tid=3&amp;do=detail&amp;cid=11586\">zde. <\/a>\u00a0SEMESTRY JSOU SAMOSTATN\u00c9, NENAVAZUJ\u00cd NA SEBE, \u017d\u00c1DN\u00c1 AKTIVITA SE NEOPAKUJE.<\/li>\n<\/ol>\n","protected":false},"excerpt":{"rendered":"<p>Aktuality k celo\u017eivotn\u00edmu vzd\u011bl\u00e1v\u00e1n\u00ed na Pedagogick\u00e9 fakult\u011b Univerzity Karlovy naleznete <a href=\"https:\/\/pages.pedf.cuni.cz\/czv\/\">zde<\/a> . KDDD po\u0159\u00e1d\u00e1 ji\u017e \u0159adu let kvalifika\u010dn\u00ed (d\u0159\u00edve roz\u0161i\u0159uj\u00edc\u00ed) studium pro absolventy studia s pedagogick\u00fdm zam\u011b\u0159en\u00edm v kombinovan\u00e9 form\u011b. Studium trv\u00e1 t\u0159i roky a kon\u010d\u00ed<strong>&#8230;<\/strong><\/p>\n","protected":false},"author":402,"featured_media":0,"parent":59,"menu_order":50,"comment_status":"closed","ping_status":"closed","template":"","meta":{"_mc_calendar":[],"footnotes":""},"class_list":["post-7974","page","type-page","status-publish","hentry"],"_links":{"self":[{"href":"https:\/\/pages.pedf.cuni.cz\/kddd\/wp-json\/wp\/v2\/pages\/7974","targetHints":{"allow":["GET"]}}],"collection":[{"href":"https:\/\/pages.pedf.cuni.cz\/kddd\/wp-json\/wp\/v2\/pages"}],"about":[{"href":"https:\/\/pages.pedf.cuni.cz\/kddd\/wp-json\/wp\/v2\/types\/page"}],"author":[{"embeddable":true,"href":"https:\/\/pages.pedf.cuni.cz\/kddd\/wp-json\/wp\/v2\/users\/402"}],"replies":[{"embeddable":true,"href":"https:\/\/pages.pedf.cuni.cz\/kddd\/wp-json\/wp\/v2\/comments?post=7974"}],"version-history":[{"count":6,"href":"https:\/\/pages.pedf.cuni.cz\/kddd\/wp-json\/wp\/v2\/pages\/7974\/revisions"}],"predecessor-version":[{"id":7990,"href":"https:\/\/pages.pedf.cuni.cz\/kddd\/wp-json\/wp\/v2\/pages\/7974\/revisions\/7990"}],"up":[{"embeddable":true,"href":"https:\/\/pages.pedf.cuni.cz\/kddd\/wp-json\/wp\/v2\/pages\/59"}],"wp:attachment":[{"href":"https:\/\/pages.pedf.cuni.cz\/kddd\/wp-json\/wp\/v2\/media?parent=7974"}],"curies":[{"name":"wp","href":"https:\/\/api.w.org\/{rel}","templated":true}]}}

Celoživotní vzdělávání

<p>Aktuality k celoživotnímu vzdělávání na Pedagogické fakultě Univerzity Karlovy naleznete <a href="https://pages.pedf.cuni.cz/czv/">zde</a> .</p>
<p>KDDD pořádá již řadu let <strong>kvalifikační </strong>(dříve rozšiřující)<strong> studium</strong> pro absolventy studia s pedagogickým zaměřením v kombinované formě. Studium trvá tři roky a končí závěrečnou prací s obhajobou a závěrečnou zkouškou. Garant doc. PhDr. Petr Koura, Ph.D. Aktuální informace naleznete <a href="https://is.cuni.cz/studium/prijimacky/index.php?do=detail_kurz&amp;cid=11533">zde.</a></p>
<p>Dále pořádáme <strong>Univerzitu třetího věku</strong>, a to ve dvou programech:</p>
<ol>
<li><em>Péče o kulturní dědictví v kontextu vzdělávání</em>. Garant Mgr. Kateřina Sládková. Aktuální informace naleznete <a href="https://is.cuni.cz/studium/ekczv/index.php?id=a1e12727df77905790f4119b6f11e048&amp;tid=&amp;do=detail&amp;cid=8133">zde.</a></li>
<li><em>Minulost v přítomnosti</em>. Garant doc. PhDr. Jana Kepartová, CSc. Informace k 1. semestru (2022/23) <a href="https://is.cuni.cz/studium/ekczv/index.php?do=detail&amp;cid=8408">zde</a>, aktuální informace k 6. semestru (2025/26) <a href="https://is.cuni.cz/studium/ekczv/index.php?id=e1c82c77dc615fc9f76c93ef651cc4f6&amp;tid=3&amp;do=detail&amp;cid=11586">zde. </a> SEMESTRY JSOU SAMOSTATNÉ, NENAVAZUJÍ NA SEBE, ŽÁDNÁ AKTIVITA SE NEOPAKUJE.</li>
</ol>

<p>Aktuality k celoživotnímu vzdělávání na Pedagogické fakultě Univerzity Karlovy naleznete <a href="https://pages.pedf.cuni.cz/czv/">zde</a> . KDDD pořádá již řadu let kvalifikační (dříve rozšiřující) studium pro absolventy studia s pedagogickým zaměřením v kombinované formě. Studium trvá tři roky a končí<strong>&#8230;</strong></p>
