{"id":837,"date":"2015-03-13T19:40:14","date_gmt":"2015-03-13T18:40:14","guid":{"rendered":"http:\/\/pages.pedf.cuni.cz\/kddd\/?page_id=837"},"modified":"2021-01-14T08:50:37","modified_gmt":"2021-01-14T07:50:37","slug":"archiv","status":"publish","type":"page","link":"https:\/\/pages.pedf.cuni.cz\/kddd\/centra-katedry\/cndsv\/archiv\/","title":{"rendered":"Archiv"},"content":{"rendered":"<p>Centrum pro nov\u00e9 d\u011bjiny \u0161kolstv\u00ed a vzd\u011blanosti vzniklo p\u0159i Kated\u0159e d\u011bjin a didaktiky d\u011bjepisu (KDDD) na po\u010d\u00e1tku roku 2013. Jako z\u00e1kladn\u00ed c\u00edl si stanovilo vytvo\u0159it organiza\u010dn\u00ed r\u00e1mec nejen pro v\u011bdeck\u00e9 pracovn\u00edky a studenty vlastn\u00ed katedry, ale st\u00e1t se z\u00e1rove\u0148 i platformou, sdru\u017euj\u00edc\u00ed odborn\u00edky a z\u00e1jemce z jin\u00fdch vzd\u011bl\u00e1vac\u00edch, badatelsk\u00fdch a pam\u011b\u0165ov\u00fdch instituc\u00ed, kte\u0159\u00ed se zab\u00fdvaj\u00ed d\u011bjinami v\u011bdy, pedagogiky a v\u00fdvojem ml\u00e1de\u017ee jako specifick\u00e9 soci\u00e1ln\u00ed skupiny.<\/p>\n<p>V souladu se stanoven\u00fdmi prioritami se centrum zam\u011b\u0159ilo na zkoum\u00e1n\u00ed historick\u00e9ho v\u00fdvoje u\u010ditelstva a studentstva, r\u016fzn\u00fdch typ\u016f \u0161kol a dal\u0161\u00edch vzd\u011bl\u00e1vac\u00edch instituc\u00ed i problematiky mimo\u0161koln\u00ed v\u00fdchovy.<\/p>\n<p>Vedle po\u0159\u00e1d\u00e1n\u00ed konferenc\u00ed a symposi\u00ed bylo dal\u0161\u00ed v\u00fdraznou aktivitou centra vypisov\u00e1n\u00ed <strong>semin\u00e1\u0159\u016f<\/strong>, t\u00fdkaj\u00edc\u00edch se zm\u00edn\u011bn\u00e9 problematiky:<\/p>\n<p>Ve \u0161koln\u00edm roce 2011\/12:\u00a0 <strong>\u010cesk\u00fd u\u010ditel v 19. a 20. stolet\u00ed <\/strong>(Ji\u0159\u00ed Hnilica)<br \/>\nve \u0161koln\u00edm roce 1912\/13<strong>: St\u0159edn\u00ed \u0161koly v \u010desk\u00fdch zem\u00edch od poloviny 19. stolet\u00ed do poloviny 20. stolet\u00ed<\/strong>,<br \/>\nve \u0161koln\u00edm roce 1913\/14: <strong>Zrozen\u00ed modern\u00edho studenta. Vysoko\u0161kolsk\u00fd student 19. a 20. stolet\u00ed<\/strong>.<br \/>\nDo semin\u00e1\u0159\u016f byli zapojeni i doktorandi.<\/p>\n<p>V souvislosti s t\u011bmito semin\u00e1\u0159i bylo zad\u00e1no a obh\u00e1jeno dev\u011bt bakal\u00e1\u0159sk\u00fdch a diplomov\u00fdch prac\u00ed, k nim\u017e p\u0159ib\u00fdvaj\u00ed dal\u0161\u00ed (viz <a href=\"https:\/\/pages.pedf.cuni.cz\/kddd\/centra-katedry\/cndsv\/kvalifikacni-prace\/\">Kvalifika\u010dn\u00ed pr\u00e1ce<\/a>)<\/p>\n<p>V r\u00e1mci semin\u00e1\u0159e byly zah\u00e1jeny pr\u00e1ce na vyd\u00e1n\u00ed prvn\u00edho d\u00edla pro p\u0159ipravovanou edi\u010dn\u00ed \u0159adu <strong>Prameny k d\u011bjin\u00e1m \u0161kolstv\u00ed a vzd\u011blanosti<\/strong> (<em>Pam\u011bti V\u00e1clava Krofty<\/em>).<\/p>\n<p>V oblasti mezin\u00e1rodn\u00edch aktivit byla nav\u00e1z\u00e1na spolupr\u00e1ce s <strong>E\u00f6tv\u00f6s Lor\u00e1nd University Budapest<\/strong>, a z\u00e1stupci centra se zapojili do mezin\u00e1rodn\u00edch aktivit mimo jin\u00e9 prost\u0159ednictv\u00edm &#8222;<strong>International Standing Conference on History of Education ISCHE<\/strong>&#8222;<\/p>\n","protected":false},"excerpt":{"rendered":"<p>Centrum pro nov\u00e9 d\u011bjiny \u0161kolstv\u00ed a vzd\u011blanosti vzniklo p\u0159i Kated\u0159e d\u011bjin a didaktiky d\u011bjepisu (KDDD) na po\u010d\u00e1tku roku 2013. Jako z\u00e1kladn\u00ed c\u00edl si stanovilo vytvo\u0159it organiza\u010dn\u00ed r\u00e1mec nejen pro v\u011bdeck\u00e9 pracovn\u00edky a studenty vlastn\u00ed katedry,<strong>&#8230;<\/strong><\/p>\n","protected":false},"author":402,"featured_media":0,"parent":529,"menu_order":20,"comment_status":"closed","ping_status":"closed","template":"","meta":{"_mc_calendar":[],"footnotes":""},"class_list":["post-837","page","type-page","status-publish","hentry"],"_links":{"self":[{"href":"https:\/\/pages.pedf.cuni.cz\/kddd\/wp-json\/wp\/v2\/pages\/837","targetHints":{"allow":["GET"]}}],"collection":[{"href":"https:\/\/pages.pedf.cuni.cz\/kddd\/wp-json\/wp\/v2\/pages"}],"about":[{"href":"https:\/\/pages.pedf.cuni.cz\/kddd\/wp-json\/wp\/v2\/types\/page"}],"author":[{"embeddable":true,"href":"https:\/\/pages.pedf.cuni.cz\/kddd\/wp-json\/wp\/v2\/users\/402"}],"replies":[{"embeddable":true,"href":"https:\/\/pages.pedf.cuni.cz\/kddd\/wp-json\/wp\/v2\/comments?post=837"}],"version-history":[{"count":7,"href":"https:\/\/pages.pedf.cuni.cz\/kddd\/wp-json\/wp\/v2\/pages\/837\/revisions"}],"predecessor-version":[{"id":6611,"href":"https:\/\/pages.pedf.cuni.cz\/kddd\/wp-json\/wp\/v2\/pages\/837\/revisions\/6611"}],"up":[{"embeddable":true,"href":"https:\/\/pages.pedf.cuni.cz\/kddd\/wp-json\/wp\/v2\/pages\/529"}],"wp:attachment":[{"href":"https:\/\/pages.pedf.cuni.cz\/kddd\/wp-json\/wp\/v2\/media?parent=837"}],"curies":[{"name":"wp","href":"https:\/\/api.w.org\/{rel}","templated":true}]}}