{"id":97,"date":"2015-03-06T16:56:49","date_gmt":"2015-03-06T15:56:49","guid":{"rendered":"http:\/\/pages.pedf.cuni.cz\/kddd\/?page_id=97"},"modified":"2025-07-23T08:49:46","modified_gmt":"2025-07-23T06:49:46","slug":"bakalarske-studium","status":"publish","type":"page","link":"https:\/\/pages.pedf.cuni.cz\/kddd\/studenti\/bakalarske-studium\/","title":{"rendered":"Bakal\u00e1\u0159sk\u00e9 studium"},"content":{"rendered":"<p style=\"text-align: center\"><a href=\"http:\/\/studium.pedf.cuni.cz\/karolinka\/2017\/OB2DJ17.html\">Curriculum od roku 2017 v Karolince<\/a><\/p>\n<p>Od akademick\u00e9ho roku 2021\/2022 za\u010d\u00edn\u00e1me vyu\u010dovat podle nov\u00e9 akreditace, kterou najdete zde: <a href=\"https:\/\/pages.pedf.cuni.cz\/kddd\/files\/2021\/05\/Bc-maior.pdf\">Bc-maior<\/a> <a href=\"https:\/\/pages.pedf.cuni.cz\/kddd\/files\/2021\/05\/Bc-minor.pdf\">Bc-minor<\/a>.<\/p>\n<h3><span style=\"text-decoration: underline\">Obecn\u00e9 informace<\/span><\/h3>\n<ul>\n<li>Kon\u00e1n\u00ed zkou\u0161ek po ukon\u010den\u00ed zkou\u0161kov\u00e9ho obdob\u00ed &#8211; &#8222;Zkou\u0161ky skl\u00e1d\u00e1 student ve zkou\u0161kov\u00e9m obdob\u00ed p\u0159\u00edslu\u0161n\u00e9ho semestru, kter\u00e9 je stanoveno harmonogramem studia. V od\u016fvodn\u011bn\u00fdch p\u0159\u00edpadech m\u016f\u017ee d\u011bkan napokor z\u00e1klad\u011b p\u00edsemn\u00e9 \u017e\u00e1dosti studenta a po vyj\u00e1d\u0159en\u00ed vedouc\u00edho katedry povolit vykon\u00e1n\u00ed zkou\u0161ky ve zkou\u0161kov\u00e9m obdob\u00ed dal\u0161\u00edho semestru. Toto ustanoven\u00ed se nevztahuje na souborn\u00e9 zkou\u0161ky.&#8220; (Pravidla pro organizaci studia \u010dl. 17, odst. 4).<\/li>\n<li><b>V\u0161echny semin\u00e1\u0159e (povinn\u00e9 i povinn\u011b voliteln\u00e9) maj\u00ed povinnou doch\u00e1zku\u00a0&#8211;\u00a0na 80%.<\/b><\/li>\n<li>Ka\u017ed\u00e1 semin\u00e1rn\u00ed pr\u00e1ce \/ odborn\u00e1 esej apod. bude obsahovat prohl\u00e1\u0161en\u00ed, \u017ee v n\u00ed nebylo pou\u017eito jin\u00fdch zdroj\u016f ne\u017e vyjmenovan\u00fdch a \u017ee nebyla p\u0159edlo\u017eena v odevzdan\u00e9 ani podobn\u00e9 verzi v \u017e\u00e1dn\u00e9m jin\u00e9m kurzu.<\/li>\n<li>Informace o <a title=\"Historick\u00e9 exkurze\" href=\"https:\/\/pages.pedf.cuni.cz\/kddd\/studenti\/historicke-exkurze\/\">exkurz\u00edch<\/a>\u00a0plat\u00ed pro v\u0161echny formy studia.<\/li>\n<\/ul>\n<p>&nbsp;<\/p>\n<h3><span style=\"text-decoration: underline\">\u00a0VYU\u010cUJ\u00cdC\u00cd V ROCE 2023\/2024 &#8211; povinn\u00e9 p\u0159edm\u011bty<br \/>\n<\/span><\/h3>\n<p><strong>\u00davod do studia d\u011bjepisu<\/strong> <strong>I, II<\/strong> &#8211; Mgr. Josef Kales, PhDr. V\u00e1clava Kofr\u00e1nkov\u00e1, Ph.D., doc. PhDr. Petr Koura, Ph.D., Mgr. Kate\u0159ina Sl\u00e1dkov\u00e1<strong><br \/>\n<\/strong><\/p>\n<p><strong>Starov\u011bk\u00e9 \u0158ecko a \u0158\u00edm (do 476) <\/strong>&#8211; Doc. PhDr. Jana Kepartov\u00e1, CSc.<\/p>\n<p><strong>\u010cesk\u00e9 a obecn\u00e9 d\u011bjiny I (476 &#8211; 1310) <\/strong>&#8211; prof. PhDr. Kate\u0159ina Charv\u00e1tov\u00e1, CSc. a dal\u0161\u00ed<\/p>\n<p><strong>\u010cesk\u00e9 a obecn\u00e9 d\u011bjiny II (1310 &#8211; 1526) <\/strong>&#8211; Mgr. Kate\u0159ina Sl\u00e1dkov\u00e1 a dal\u0161\u00ed<\/p>\n<p><strong>\u010cesk\u00e9 a obecn\u00e9 d\u011bjiny III (1526 &#8211; 1740) <\/strong>&#8211; Prof. PhDr. Ji\u0159\u00ed Mikulec, CSc. a dal\u0161\u00ed<\/p>\n<p><strong>\u010cesk\u00e9 a obecn\u00e9 d\u011bjiny IV (1740 &#8211; 1914) <\/strong>&#8211; prof. PhDr. Ji\u0159\u00ed Pokorn\u00fd, CSc. a dal\u0161\u00ed<\/p>\n<p><strong>\u010cesk\u00e9 a obecn\u00e9 d\u011bjiny V (1914 &#8211; sou\u010dasnost) <\/strong>&#8211; PhDr. Petr Koura, Ph.D. a dal\u0161\u00ed<\/p>\n<p><strong>Historick\u00e1 regionalistika \u010desk\u00fdch zem\u00ed <\/strong>&#8211; Mgr. Du\u0161an Folt\u00fdn<\/p>\n<p><strong>Antika a k\u0159es\u0165anstv\u00ed v evropsk\u00e9 kultu\u0159e I, II <\/strong>&#8211; doc. PhDr. Jana Kepartov\u00e1, CSc.; PhDr. Jan Zdichynec, Ph.D.<\/p>\n<p><strong>Semin\u00e1\u0159 k p\u0159\u00edprav\u011b bakal\u00e1\u0159sk\u00e9 pr\u00e1ce<\/strong> (povinn\u00fd pro studenty, kte\u0159\u00ed na KDDD p\u00ed\u0161\u00ed bakal\u00e1\u0159skou pr\u00e1ci) &#8211; PhDr. Petr Koura, Ph.D. a dal\u0161\u00ed<\/p>\n<p><strong>Didaktika d\u011bjepisu I, II<\/strong> &#8211; PhDr. Hana Havl\u016fjov\u00e1, Ph.D, PhDr. V\u00e1clava Kofr\u00e1nkov\u00e1, Ph.D., Mgr. Tom\u00e1\u0161 Mikeska, Mgr. Jaroslav Pinkas, Ph.D., Mgr. Iva Vachkov\u00e1, Ph.D.<\/p>\n<p><strong>Oborov\u00e1 praxe s reflex\u00ed &#8211; d\u011bjepis<\/strong> &#8211; PhDr. Hana Havl\u016fjov\u00e1, Ph.D, PhDr. V\u00e1clava Kofr\u00e1nkov\u00e1, Ph.D., Mgr. Jaroslav Pinkas, Ph.D.<\/p>\n<p><strong>Historick\u00e1 exkurze<\/strong> &#8211; Mgr. Du\u0161an Folt\u00fdn, Mgr. Tom\u00e1\u0161 Mikeska, PhDr. V\u00e1clava Kofr\u00e1nkov\u00e1, Ph.D.<\/p>\n<p>&nbsp;<\/p>\n<h3><span style=\"text-decoration: underline\">Bakal\u00e1\u0159sk\u00e1 pr\u00e1ce<\/span><\/h3>\n<ul>\n<li>Pr\u00e1ci odevzd\u00e1vejte jak do SISu (datum kone\u010dn\u00e9ho nahr\u00e1n\u00ed viz <a href=\"https:\/\/pedf.cuni.cz\/PEDF-606.html\">harmonogram akademick\u00e9ho roku<\/a>), tak ve dvou ti\u0161t\u011bn\u00fdch exempl\u00e1\u0159\u00edch k nahl\u00e9dnut\u00ed pro vedouc\u00edho a oponenta (sta\u010d\u00ed v krou\u017ekov\u00e9 vazb\u011b, ti\u0161t\u011bno oboustrann\u011b) p\u0159\u00edmo na kated\u0159e d\u011bjepisu, do podatelny nebo je m\u016f\u017eete zaslat po\u0161tou nejpozd\u011bji do 10 dn\u016f po kone\u010dn\u00e9m term\u00ednu nahr\u00e1v\u00e1n\u00ed pr\u00e1ce do SISu (v l\u00e9t\u011b do konce \u010dervence). Ti\u0161t\u011bn\u00e9 v\u00fdtisky se v\u00e1m po obhajob\u00e1ch vr\u00e1t\u00ed.<\/li>\n<li>Do SISu je t\u0159eba odevzdat pr\u00e1ci v <strong>archivn\u00edm PDF<\/strong> (PDF\/A) &#8211; viz nap\u0159. https:\/\/www.elektronickypodpis.cz\/jak-prevest-soubor-do-formatu-pdf-a\/<\/li>\n<li>Prostudujte si &#8222;Opat\u0159en\u00ed d\u011bkana, kter\u00fdm se stanovuj\u00ed obsahov\u00e9, form\u00e1ln\u00ed a technick\u00e9 n\u00e1le\u017eitosti t\u00fdkaj\u00edc\u00ed se zpracov\u00e1n\u00ed a odevzd\u00e1n\u00ed z\u00e1v\u011bre\u010dn\u00fdch prac\u00ed&#8220; (PDF), kter\u00e9 najdete <a href=\"https:\/\/pedf.cuni.cz\/PEDF-218.html\"><span style=\"color: #ff0000\">zde<\/span><\/a>.<\/li>\n<li>\n<h4>T\u00e9mata bakal\u00e1\u0159sk\u00fdch a diplomov\u00fdch prac\u00ed se do SISu zad\u00e1vaj\u00ed po dohod\u011b s vedouc\u00edm pr\u00e1ce.<\/h4>\n<\/li>\n<li>Pr\u00e1ce je zalo\u017eena na studiu pramen\u016f a sekund\u00e1rn\u00ed literatury. Na KDDD je doporu\u010den\u00fdm rozsahem bakal\u00e1\u0159sk\u00e9 pr\u00e1ce <span style=\"text-decoration: underline\">50 normostran<\/span>, tj. 90 000 znak\u016f s mezerami (zapo\u010d\u00edt\u00e1v\u00e1 se seznam literatury a pozn\u00e1mkov\u00fd apar\u00e1t. P\u0159\u00edlohy se nezapo\u010d\u00edt\u00e1vaj\u00ed). Vedouc\u00edmu po\u0161lete pr\u00e1ci ve wordu, aby mohl v posudku uv\u00e9st skute\u010dn\u00fd po\u010det znak\u016f.<\/li>\n<li><b>Pr\u00e1ce, kter\u00e9 budou obsahovat gramatick\u00e9 chyby, budou bez ohledu na kvalitu obsahov\u00e9 str\u00e1nky vr\u00e1ceny autorovi, ani\u017e byly posuzov\u00e1ny, tud\u00ed\u017e nebudou postoupeny k obhajob\u011b.\u00a0<\/b><\/li>\n<li>P\u0159edm\u011bt <b>P\u0159\u00edprava a odevzd\u00e1n\u00ed bakal\u00e1\u0159sk\u00e9 pr\u00e1ce <\/b>m\u00e1 vypln\u011bn\u00fd atribut, kter\u00fd tento p\u0159edm\u011bt umo\u017e\u0148uje plnit i v n\u00e1sleduj\u00edc\u00edch letech. Pokud si tedy p\u0159edm\u011bt zap\u00ed\u0161ete a ve stejn\u00e9m semestru nespln\u00edte, automaticky se v\u00e1m zap\u00ed\u0161e v ka\u017ed\u00e9m dal\u0161\u00edm semestru. Na nic to nem\u00e1 vliv a v\u0161echno je v naprost\u00e9m po\u0159\u00e1dku.\u00a0 V p\u0159\u00edpad\u011b \u0159\u00e1dn\u00e9ho konzultov\u00e1n\u00ed a odevzd\u00e1n\u00ed pr\u00e1ce, v\u00e1m zap\u00ed\u0161e vedouc\u00ed pr\u00e1ce za tento p\u0159edm\u011bt atest.<\/li>\n<\/ul>\n<h3><span style=\"text-decoration: underline\">St\u00e1tn\u00ed bakal\u00e1\u0159sk\u00e1 zkou\u0161ka z d\u011bjepisu<\/span><\/h3>\n<ul>\n<li><a href=\"https:\/\/pages.pedf.cuni.cz\/kddd\/files\/2020\/01\/Okruhy-temat-k-SZZ-bc-od-2019.pdf\">Okruhy t\u00e9mat k SZZ bc<\/a> (PDF) &#8211; star\u00e1 akreditace<\/li>\n<li><a href=\"https:\/\/pages.pedf.cuni.cz\/kddd\/files\/2024\/02\/Temata-SZZ_bakalarsky-program_nova-akreditace.pdf\">Okruhy t\u00e9mat k SZZ bc <\/a>\u00a0(PDF) &#8211; nov\u00e1 akreditace (od r. 2021)<\/li>\n<\/ul>\n<p>Podle studijn\u00edho \u0159\u00e1du jsou st\u00e1tn\u00ed z\u00e1v\u011bre\u010dn\u00e1 zkou\u0161ka v bakal\u00e1\u0159sk\u00e9m studijn\u00edm programu a obhajoba z\u00e1v\u011bre\u010dn\u00e9 bakal\u00e1\u0159sk\u00e9 pr\u00e1ce\u00a0<b>samostatn\u00fdmi \u010d\u00e1stmi\u00a0<\/b>a je tud\u00ed\u017e mo\u017eno nejprve slo\u017eit st\u00e1tn\u00ed zkou\u0161ku a pot\u00e9 obhajovat pr\u00e1ci. Ke ka\u017ed\u00e9 \u010d\u00e1sti se student p\u0159ihla\u0161uje p\u0159es SIS.<\/p>\n<p><strong>St\u00e1tn\u00ed z\u00e1v\u011bre\u010dn\u00e1 zkou\u0161ka<\/strong> je \u00fastn\u00ed a skl\u00e1d\u00e1 se celkem ze t\u0159\u00ed okruh\u016f \u2013 antick\u00fdch d\u011bjin a ran\u00e9ho st\u0159edov\u011bku, vrcholn\u00e9ho st\u0159edov\u011bku a novov\u011bku a modern\u00edch a soudob\u00fdch d\u011bjin. Zkou\u0161ka je komision\u00e1ln\u00ed, p\u0159i\u010dem\u017e ka\u017edou komisi tvo\u0159\u00ed t\u0159i pedagogov\u00e9 z katedry d\u011bjin a didaktiky d\u011bjepisu. Textace ot\u00e1zek je zve\u0159ejn\u011bna na webov\u00fdch str\u00e1nk\u00e1ch katedry.<\/p>\n<p>Na za\u010d\u00e1tku zkou\u0161ky si student vylosuje z ka\u017ed\u00e9ho okruhu jednu ot\u00e1zku. Zkou\u0161ej\u00edc\u00ed pak mohou vylosovanou ot\u00e1zku z\u00fa\u017eit a studentovi zadat jen vybranou \u010d\u00e1st z ot\u00e1zky, textaci ot\u00e1zek dostane student k dispozici. Pot\u00e9 m\u00e1 student nejm\u00e9n\u011b 30 minut na p\u0159\u00edpravu, b\u011bhem kter\u00e9 m\u016f\u017ee nahl\u00ed\u017eet do historick\u00fdch atlas\u016f, pou\u017e\u00edvan\u00fdch p\u0159i v\u00fduce d\u011bjepisu na z\u00e1kladn\u00edch a st\u0159edn\u00edch \u0161kol\u00e1ch. N\u00e1sledn\u011b za\u010dne student p\u0159ed \u010dleny komise zodpov\u00eddat jednotliv\u00e9 vylosovan\u00e9 ot\u00e1zky, a to v po\u0159ad\u00ed, jak\u00e9 si s\u00e1m zvol\u00ed. Tato \u010d\u00e1st zkou\u0161ky trv\u00e1 takt\u00e9\u017e nejm\u00e9n\u011b 30 minut. Po zodpov\u011bzen\u00ed ot\u00e1zek student opust\u00ed zku\u0161ebn\u00ed m\u00edstnost a komise se porad\u00ed o klasifikaci. V\u00fdsledek zkou\u0161ky pak sd\u011bl\u00ed studentovi p\u0159edseda komise, kter\u00fd t\u00e9\u017e vypracov\u00e1v\u00e1 protokol n\u00e1sledn\u011b zve\u0159ejn\u011bn\u00fd v SISu. V\u00fdsledn\u00e1 klasifikace je stanovena jako pr\u016fm\u011br klasifikace zodpov\u011bzen\u00ed v\u0161ech vylosovan\u00fdch ot\u00e1zek. Klasifikace \u201eneprosp\u011bl\/a\u201c je stanovena tehdy, je-li zodpov\u011bzen\u00ed alespo\u0148 jedn\u00e9 z t\u011bchto t\u0159\u00ed ot\u00e1zek klasifikov\u00e1no jako \u201eneprosp\u011bl\/a\u201c (viz <span data-olk-copy-source=\"MessageBody\">\u010dl\u00e1nek 9 (St\u00e1tn\u00ed zkou\u0161ky), bod 4, s. 12).<\/span><\/p>\n<p><strong>Obhajoba bakal\u00e1\u0159sk\u00e9 pr\u00e1ce<\/strong> takt\u00e9\u017e prob\u00edh\u00e1 p\u0159ed t\u0159\u00ed\u010dlennou komis\u00ed. V\u00a0jej\u00edm \u00favodu student v\u00a0cca 10minutov\u00e9 prezentaci p\u0159edstav\u00ed t\u00e9ma svoj\u00ed bakal\u00e1\u0159sk\u00e9 pr\u00e1ce, metody, kter\u00e9 p\u0159i jej\u00edm vypracov\u00e1n\u00ed pou\u017e\u00edval a z\u00e1v\u011bry, ke kter\u00fdm do\u0161el. Nen\u00ed vy\u017eadov\u00e1no p\u0159edstaven\u00ed bakal\u00e1\u0159sk\u00e9 pr\u00e1ce formou PWP prezentace. \u00a0Pot\u00e9 dost\u00e1v\u00e1 slovo vedouc\u00ed, kter\u00fd zhodnot\u00ed bakal\u00e1\u0159skou pr\u00e1ci, v\u010detn\u011b p\u0159\u00edstupu studenta p\u0159i jej\u00edm vypracov\u00e1n\u00ed. N\u00e1sledn\u011b dost\u00e1v\u00e1 prostor oponent, kter\u00fd p\u0159ednese sv\u00e9 p\u0159ipom\u00ednky k\u00a0pr\u00e1ci. Posl\u00e9ze dostane student mo\u017enost vyj\u00e1d\u0159it se k\u00a0p\u0159ipom\u00ednk\u00e1m a reagovat na p\u0159\u00edpadn\u00e9 dotazy \u010dlen\u016f komise. N\u00e1sleduje diskuse o bakal\u00e1\u0159sk\u00e9 pr\u00e1ci, do kter\u00e9 se mohou zapojit v\u0161ichni \u010dlenov\u00e9 komise. Po jej\u00edm skon\u010den\u00ed opust\u00ed student zku\u0161ebn\u00ed m\u00edstnost a \u010dlenov\u00e9 komise se porad\u00ed o klasifikaci a p\u0159\u00edpadn\u00e9m navr\u017een\u00ed bakal\u00e1\u0159sk\u00e9 pr\u00e1ce na ocen\u011bn\u00ed. V\u00fdsledek obhajoby pak takt\u00e9\u017e sd\u011bl\u00ed studentovi p\u0159edseda komise, kter\u00fd op\u011bt vypracov\u00e1v\u00e1 protokol o obhajob\u011b bakal\u00e1\u0159sk\u00e9 pr\u00e1ce.<\/p>\n<p>&nbsp;<\/p>\n<p>&nbsp;<\/p>\n<p>&nbsp;<\/p>\n<p>&nbsp;<\/p>\n","protected":false},"excerpt":{"rendered":"<p><a href=\"http:\/\/studium.pedf.cuni.cz\/karolinka\/2017\/OB2DJ17.html\">Curriculum od roku 2017 v Karolince<\/a> Od akademick\u00e9ho roku 2021\/2022 za\u010d\u00edn\u00e1me vyu\u010dovat podle nov\u00e9 akreditace, kterou najdete zde: <a href=\"https:\/\/pages.pedf.cuni.cz\/kddd\/files\/2021\/05\/Bc-maior.pdf\">Bc-maior<\/a> <a href=\"https:\/\/pages.pedf.cuni.cz\/kddd\/files\/2021\/05\/Bc-minor.pdf\">Bc-minor<\/a> . Obecn\u00e9 informace Kon\u00e1n\u00ed zkou\u0161ek po ukon\u010den\u00ed zkou\u0161kov\u00e9ho obdob\u00ed &#8211; &#8222;Zkou\u0161ky skl\u00e1d\u00e1 student ve zkou\u0161kov\u00e9m obdob\u00ed p\u0159\u00edslu\u0161n\u00e9ho semestru, kter\u00e9 je stanoveno harmonogramem studia.<strong>&#8230;<\/strong><\/p>\n","protected":false},"author":402,"featured_media":0,"parent":56,"menu_order":10,"comment_status":"closed","ping_status":"closed","template":"","meta":{"_mc_calendar":[],"footnotes":""},"class_list":["post-97","page","type-page","status-publish","hentry"],"_links":{"self":[{"href":"https:\/\/pages.pedf.cuni.cz\/kddd\/wp-json\/wp\/v2\/pages\/97","targetHints":{"allow":["GET"]}}],"collection":[{"href":"https:\/\/pages.pedf.cuni.cz\/kddd\/wp-json\/wp\/v2\/pages"}],"about":[{"href":"https:\/\/pages.pedf.cuni.cz\/kddd\/wp-json\/wp\/v2\/types\/page"}],"author":[{"embeddable":true,"href":"https:\/\/pages.pedf.cuni.cz\/kddd\/wp-json\/wp\/v2\/users\/402"}],"replies":[{"embeddable":true,"href":"https:\/\/pages.pedf.cuni.cz\/kddd\/wp-json\/wp\/v2\/comments?post=97"}],"version-history":[{"count":10,"href":"https:\/\/pages.pedf.cuni.cz\/kddd\/wp-json\/wp\/v2\/pages\/97\/revisions"}],"predecessor-version":[{"id":8078,"href":"https:\/\/pages.pedf.cuni.cz\/kddd\/wp-json\/wp\/v2\/pages\/97\/revisions\/8078"}],"up":[{"embeddable":true,"href":"https:\/\/pages.pedf.cuni.cz\/kddd\/wp-json\/wp\/v2\/pages\/56"}],"wp:attachment":[{"href":"https:\/\/pages.pedf.cuni.cz\/kddd\/wp-json\/wp\/v2\/media?parent=97"}],"curies":[{"name":"wp","href":"https:\/\/api.w.org\/{rel}","templated":true}]}}