{"id":1568,"date":"2016-11-15T21:25:42","date_gmt":"2016-11-15T20:25:42","guid":{"rendered":"http:\/\/pages.pedf.cuni.cz\/khv\/?page_id=1568"},"modified":"2022-12-14T00:09:04","modified_gmt":"2022-12-13T23:09:04","slug":"umelecke-a-didakticke-kurzy","status":"publish","type":"page","link":"https:\/\/pages.pedf.cuni.cz\/khv\/jine\/nabidky-seminaru-a-kurzu\/umelecke-a-didakticke-kurzy\/","title":{"rendered":"Um\u011bleck\u00e9 a didaktick\u00e9 kurzy"},"content":{"rendered":"<p><strong>A)<\/strong> <b>Workshopy podpo\u0159en\u00e9 z Fondu F &#8211; podzim 2022<\/b><\/p>\n<p><strong>Vok\u00e1ln\u00ed akustika pro praxi (nejen) sborov\u00e9ho zp\u011bvu<\/strong><\/p>\n<p>Mgr. Martin Vodr\u00e1\u017eka, 13. 12. 2022 15.15-17h v Celetn\u00e9 13, u\u010debna 205\/C1<\/p>\n<p><b>B) Workshopy podpo\u0159en\u00e9 z Fondu F &#8211; podzim 2020<\/b><b><br \/>\n<\/b><\/p>\n<p><span style=\"text-decoration: underline\"><b>klav\u00edr<\/b><\/span><\/p>\n<p>1) <strong>MgA. Martin Hr\u0161el<\/strong>, 5. 10. 2020, R408 &#8211; Problematika hry v klav\u00edrn\u00edm duu, Klav\u00edrn\u00ed\u00a0 v\u00fduka v zahrani\u010d\u00ed<\/p>\n<p>2) <strong>doc. Tom\u00e1\u0161 V\u00ed\u0161ek, Ph.D.<\/strong> &#8211; Komorn\u00ed hra a korepetice, Klav\u00edrn\u00ed sout\u011b\u017ee &#8211; term\u00edn bude aktualizov\u00e1n podle vl\u00e1dn\u00edch na\u0159\u00edzen\u00ed<\/p>\n<p>3) <strong>MgA. Jaroslava Vernerov\u00e1, Ph.D.<\/strong> &#8211; Tvo\u0159en\u00ed klav\u00edrn\u00edho zvuku, Pedagogick\u00fd p\u0159\u00ednos prof. Ivana Moravce &#8211; term\u00edn bude aktualizov\u00e1n podle vl\u00e1dn\u00edch na\u0159\u00edzen\u00ed<\/p>\n<p>4) <strong>MgA. Petr Toperzer<\/strong> &#8211; Semin\u00e1\u0159 klav\u00edrn\u00ed interpretace a pedagogiky &#8211; term\u00edn bude aktualizov\u00e1n podle vl\u00e1dn\u00edch na\u0159\u00edzen\u00ed<\/p>\n<p><span style=\"text-decoration: underline\"><b>housle<\/b><\/span><\/p>\n<p>5) <strong>MgA. Eva Bublov\u00e1<\/strong> &#8211; Metodika v\u00fduky houslov\u00e9 techniky mal\u00fdch d\u011bt\u00ed &#8211; term\u00edn bude aktualizov\u00e1n podle vl\u00e1dn\u00edch na\u0159\u00edzen\u00ed<\/p>\n<p><span style=\"text-decoration: underline\"><b>sbormistrovstv\u00ed<\/b><\/span><\/p>\n<p>6) <strong>Jan Stan\u011bk<\/strong>, Alikv\u00f3tn\u00ed zp\u011bv &#8211; term\u00edn bude aktualizov\u00e1n podle vl\u00e1dn\u00edch na\u0159\u00edzen\u00ed<\/p>\n<p>7) <strong>PhDr. Marios Christou, Ph.D.<\/strong> &#8211; Teorie a interpretace byzantsk\u00e9 hudby &#8211; term\u00edn bude aktualizov\u00e1n podle vl\u00e1dn\u00edch na\u0159\u00edzen\u00ed<\/p>\n<p><span style=\"text-decoration: underline\"><b>zp\u011bv<\/b><\/span><\/p>\n<p>8) <strong>MgA. Lucie Hilscherov\u00e1<\/strong> &#8211; Interpretace \u010des. um\u011bl\u00e9 p\u00edsn\u011b 19. &#8211; 21. stolet\u00ed &#8211; term\u00edn bude aktualizov\u00e1n podle vl\u00e1dn\u00edch na\u0159\u00edzen\u00ed<\/p>\n<p>9) <strong>Mgr. \u010cen\u011bk Svoboda, Ph.D.<\/strong> &#8211; Interpretace barokn\u00ed \u00e1rie &#8211; term\u00edn bude aktualizov\u00e1n podle vl\u00e1dn\u00edch na\u0159\u00edzen\u00ed<\/p>\n<p><span style=\"text-decoration: underline\"><b>didaktika<\/b><\/span><\/p>\n<p>10) <strong>Mgr. &amp; Mgr. Ludmila Bajerov\u00e1<\/strong> &#8211; Didaktick\u00fd workshop StartUp Music &#8211; term\u00edn bude aktualizov\u00e1n podle vl\u00e1dn\u00edch na\u0159\u00edzen\u00ed<\/p>\n<p>11) <strong>Mgr. Karol\u00edna \u0158epov\u00e1<\/strong> &#8211; Didaktick\u00fd workshop StartUp Music &#8211; term\u00edn bude aktualizov\u00e1n podle vl\u00e1dn\u00edch na\u0159\u00edzen\u00ed<\/p>\n<p>12) <strong>Mgr., Ing. Libor Sl\u00e1dek<\/strong> &#8211; Didaktika HV na 2. a 3. stupni &#8211; term\u00edn bude aktualizov\u00e1n podle vl\u00e1dn\u00edch na\u0159\u00edzen\u00ed<\/p>\n<p>C) absolvov\u00e1n\u00ed vybran\u00e9ho kurzu lze uznat k ud\u011blen\u00ed z\u00e1po\u010dtu z p\u0159edm\u011btu Um\u011bleck\u00e9 a didaktick\u00e9 kurzy.<\/p>\n<p><strong>1) Kurzy PaedDr. Aleny Tich\u00e9, Ph.D. <\/strong>&#8211; kompletn\u00ed informace i p\u0159ihl\u00e1\u0161ky naleznete <a href=\"https:\/\/pages.pedf.cuni.cz\/czv\/zajmove-kurzy\/nabidka-zajmovych-programu\/\">zde<\/a><\/p>\n<p><strong>2) Hudebka na dotek &#8211; hudebn\u00ed d\u00edlny FOK<\/strong><\/p>\n","protected":false},"excerpt":{"rendered":"<p>A) Workshopy podpo\u0159en\u00e9 z Fondu F &#8211; podzim 2022 Vok\u00e1ln\u00ed akustika pro praxi (nejen) sborov\u00e9ho zp\u011bvu Mgr. Martin Vodr\u00e1\u017eka, 13. 12. 2022 15.15-17h v Celetn\u00e9 13, u\u010debna 205\/C1 B) Workshopy podpo\u0159en\u00e9 z Fondu F &#8211; podzim 2020 klav\u00edr 1) MgA. Martin Hr\u0161el, 5. 10. 2020, R408 &#8211; Problematika hry v klav\u00edrn\u00edm duu, Klav\u00edrn\u00ed\u00a0 v\u00fduka v [&hellip;]<\/p>\n","protected":false},"author":422,"featured_media":0,"parent":1074,"menu_order":0,"comment_status":"closed","ping_status":"closed","template":"","meta":{"footnotes":""},"class_list":["post-1568","page","type-page","status-publish","hentry"],"_links":{"self":[{"href":"https:\/\/pages.pedf.cuni.cz\/khv\/wp-json\/wp\/v2\/pages\/1568","targetHints":{"allow":["GET"]}}],"collection":[{"href":"https:\/\/pages.pedf.cuni.cz\/khv\/wp-json\/wp\/v2\/pages"}],"about":[{"href":"https:\/\/pages.pedf.cuni.cz\/khv\/wp-json\/wp\/v2\/types\/page"}],"author":[{"embeddable":true,"href":"https:\/\/pages.pedf.cuni.cz\/khv\/wp-json\/wp\/v2\/users\/422"}],"replies":[{"embeddable":true,"href":"https:\/\/pages.pedf.cuni.cz\/khv\/wp-json\/wp\/v2\/comments?post=1568"}],"version-history":[{"count":21,"href":"https:\/\/pages.pedf.cuni.cz\/khv\/wp-json\/wp\/v2\/pages\/1568\/revisions"}],"predecessor-version":[{"id":5042,"href":"https:\/\/pages.pedf.cuni.cz\/khv\/wp-json\/wp\/v2\/pages\/1568\/revisions\/5042"}],"up":[{"embeddable":true,"href":"https:\/\/pages.pedf.cuni.cz\/khv\/wp-json\/wp\/v2\/pages\/1074"}],"wp:attachment":[{"href":"https:\/\/pages.pedf.cuni.cz\/khv\/wp-json\/wp\/v2\/media?parent=1568"}],"curies":[{"name":"wp","href":"https:\/\/api.w.org\/{rel}","templated":true}]}}

Umělecké a didaktické kurzy

<p><strong>A)</strong> <b>Workshopy podpořené z Fondu F &#8211; podzim 2022</b></p>
<p><strong>Vokální akustika pro praxi (nejen) sborového zpěvu</strong></p>
<p>Mgr. Martin Vodrážka, 13. 12. 2022 15.15-17h v Celetné 13, učebna 205/C1</p>
<p><b>B) Workshopy podpořené z Fondu F &#8211; podzim 2020</b><b><br />
</b></p>
<p><span style="text-decoration: underline"><b>klavír</b></span></p>
<p>1) <strong>MgA. Martin Hršel</strong>, 5. 10. 2020, R408 &#8211; Problematika hry v klavírním duu, Klavírní  výuka v zahraničí</p>
<p>2) <strong>doc. Tomáš Víšek, Ph.D.</strong> &#8211; Komorní hra a korepetice, Klavírní soutěže &#8211; termín bude aktualizován podle vládních nařízení</p>
<p>3) <strong>MgA. Jaroslava Vernerová, Ph.D.</strong> &#8211; Tvoření klavírního zvuku, Pedagogický přínos prof. Ivana Moravce &#8211; termín bude aktualizován podle vládních nařízení</p>
<p>4) <strong>MgA. Petr Toperzer</strong> &#8211; Seminář klavírní interpretace a pedagogiky &#8211; termín bude aktualizován podle vládních nařízení</p>
<p><span style="text-decoration: underline"><b>housle</b></span></p>
<p>5) <strong>MgA. Eva Bublová</strong> &#8211; Metodika výuky houslové techniky malých dětí &#8211; termín bude aktualizován podle vládních nařízení</p>
<p><span style="text-decoration: underline"><b>sbormistrovství</b></span></p>
<p>6) <strong>Jan Staněk</strong>, Alikvótní zpěv &#8211; termín bude aktualizován podle vládních nařízení</p>
<p>7) <strong>PhDr. Marios Christou, Ph.D.</strong> &#8211; Teorie a interpretace byzantské hudby &#8211; termín bude aktualizován podle vládních nařízení</p>
<p><span style="text-decoration: underline"><b>zpěv</b></span></p>
<p>8) <strong>MgA. Lucie Hilscherová</strong> &#8211; Interpretace čes. umělé písně 19. &#8211; 21. století &#8211; termín bude aktualizován podle vládních nařízení</p>
<p>9) <strong>Mgr. Čeněk Svoboda, Ph.D.</strong> &#8211; Interpretace barokní árie &#8211; termín bude aktualizován podle vládních nařízení</p>
<p><span style="text-decoration: underline"><b>didaktika</b></span></p>
<p>10) <strong>Mgr. &amp; Mgr. Ludmila Bajerová</strong> &#8211; Didaktický workshop StartUp Music &#8211; termín bude aktualizován podle vládních nařízení</p>
<p>11) <strong>Mgr. Karolína Řepová</strong> &#8211; Didaktický workshop StartUp Music &#8211; termín bude aktualizován podle vládních nařízení</p>
<p>12) <strong>Mgr., Ing. Libor Sládek</strong> &#8211; Didaktika HV na 2. a 3. stupni &#8211; termín bude aktualizován podle vládních nařízení</p>
<p>C) absolvování vybraného kurzu lze uznat k udělení zápočtu z předmětu Umělecké a didaktické kurzy.</p>
<p><strong>1) Kurzy PaedDr. Aleny Tiché, Ph.D. </strong>&#8211; kompletní informace i přihlášky naleznete <a href="https://pages.pedf.cuni.cz/czv/zajmove-kurzy/nabidka-zajmovych-programu/">zde</a></p>
<p><strong>2) Hudebka na dotek &#8211; hudební dílny FOK</strong></p>

<p>A) Workshopy podpořené z Fondu F &#8211; podzim 2022 Vokální akustika pro praxi (nejen) sborového zpěvu Mgr. Martin Vodrážka, 13. 12. 2022 15.15-17h v Celetné 13, učebna 205/C1 B) Workshopy podpořené z Fondu F &#8211; podzim 2020 klavír 1) MgA. Martin Hršel, 5. 10. 2020, R408 &#8211; Problematika hry v klavírním duu, Klavírní  výuka v [&hellip;]</p>
