{"id":1706,"date":"2017-03-01T15:37:50","date_gmt":"2017-03-01T14:37:50","guid":{"rendered":"http:\/\/pages.pedf.cuni.cz\/khv\/?page_id=1706"},"modified":"2019-03-12T12:13:57","modified_gmt":"2019-03-12T11:13:57","slug":"studijni-pobyty-v-ramci-programu-erasmus-v-akademickem-roce-20172018","status":"publish","type":"page","link":"https:\/\/pages.pedf.cuni.cz\/khv\/erasmus\/studijni-pobyty-v-ramci-programu-erasmus-v-akademickem-roce-20172018\/","title":{"rendered":"Studijn\u00ed pobyty v r\u00e1mci programu Erasmus+ v akademick\u00e9m roce 2018\/2019"},"content":{"rendered":"<div id=\"primary\" class=\"content-area\">\n<div id=\"content\" class=\"site-content\" role=\"main\">\n<article id=\"post-2634\" class=\"post-2634 post type-post status-publish format-standard hentry category-aktuality\">\n<header class=\"entry-header\">\n<h1 class=\"entry-title\">V\u00fdb\u011brov\u00e9 \u0159\u00edzen\u00ed na v\u00fdukov\u00e9 pobyty v r\u00e1mci programu Erasmus+<\/h1>\n<\/header>\n<div class=\"entry-content\">\n<div>V\u00fdb\u011brov\u00e9 \u0159\u00edzen\u00ed na v\u00fdukov\u00e9 pobyty v r\u00e1mci programu Erasmus+ pro akademick\u00fd rok 2019\/2020<\/div>\n<div>\n<p>se uskute\u010dn\u00ed 27. b\u0159ezna v 8: 30 hodin v m\u00edstnosti R 417.<\/p>\n<p align=\"left\">P\u0159ihla\u0161ov\u00e1n\u00ed ke studijn\u00edm pobyt\u016fm Erasmus+ v akademick\u00e9m roce\u00a0<b>2019\/2020<\/b>\u00a0prob\u00edh\u00e1\u00a0<b><u>od 16. 2. 2019 do 17. 3. 2019<\/u>.<\/b><\/p>\n<\/div>\n<div>Seznam partnersk\u00fdch univerzit a nezbytn\u00e9 informace viz\u00a0<a href=\"https:\/\/pedf.cuni.cz\/PEDF-170.html\" target=\"_blank\" rel=\"noopener\">https:\/\/pedf.cuni.cz\/PEDF-170.html<\/a><\/div>\n<div><\/div>\n<div>Pro bli\u017e\u0161\u00ed informace kontaktujte Gabrielu Kub\u00e1tovou (<a href=\"mailto:gabriela.kubatova@pedf.cuni.cz\" target=\"_blank\" rel=\"noopener\">gabriela.kubatova@pedf.cuni.cz<\/a>)<\/div>\n<\/div>\n<\/article>\n<\/div>\n<\/div>\n<p>&nbsp;<\/p>\n","protected":false},"excerpt":{"rendered":"<p>V\u00fdb\u011brov\u00e9 \u0159\u00edzen\u00ed na v\u00fdukov\u00e9 pobyty v r\u00e1mci programu Erasmus+ V\u00fdb\u011brov\u00e9 \u0159\u00edzen\u00ed na v\u00fdukov\u00e9 pobyty v r\u00e1mci programu Erasmus+ pro akademick\u00fd rok 2019\/2020 se uskute\u010dn\u00ed 27. b\u0159ezna v 8: 30 hodin v m\u00edstnosti R 417. P\u0159ihla\u0161ov\u00e1n\u00ed ke studijn\u00edm pobyt\u016fm Erasmus+ v akademick\u00e9m roce\u00a02019\/2020\u00a0prob\u00edh\u00e1\u00a0od 16. 2. 2019 do 17. 3. 2019. Seznam partnersk\u00fdch univerzit a nezbytn\u00e9 informace [&hellip;]<\/p>\n","protected":false},"author":422,"featured_media":0,"parent":207,"menu_order":0,"comment_status":"closed","ping_status":"closed","template":"","meta":{"footnotes":""},"class_list":["post-1706","page","type-page","status-publish","hentry"],"_links":{"self":[{"href":"https:\/\/pages.pedf.cuni.cz\/khv\/wp-json\/wp\/v2\/pages\/1706","targetHints":{"allow":["GET"]}}],"collection":[{"href":"https:\/\/pages.pedf.cuni.cz\/khv\/wp-json\/wp\/v2\/pages"}],"about":[{"href":"https:\/\/pages.pedf.cuni.cz\/khv\/wp-json\/wp\/v2\/types\/page"}],"author":[{"embeddable":true,"href":"https:\/\/pages.pedf.cuni.cz\/khv\/wp-json\/wp\/v2\/users\/422"}],"replies":[{"embeddable":true,"href":"https:\/\/pages.pedf.cuni.cz\/khv\/wp-json\/wp\/v2\/comments?post=1706"}],"version-history":[{"count":6,"href":"https:\/\/pages.pedf.cuni.cz\/khv\/wp-json\/wp\/v2\/pages\/1706\/revisions"}],"predecessor-version":[{"id":2639,"href":"https:\/\/pages.pedf.cuni.cz\/khv\/wp-json\/wp\/v2\/pages\/1706\/revisions\/2639"}],"up":[{"embeddable":true,"href":"https:\/\/pages.pedf.cuni.cz\/khv\/wp-json\/wp\/v2\/pages\/207"}],"wp:attachment":[{"href":"https:\/\/pages.pedf.cuni.cz\/khv\/wp-json\/wp\/v2\/media?parent=1706"}],"curies":[{"name":"wp","href":"https:\/\/api.w.org\/{rel}","templated":true}]}}

Studijní pobyty v rámci programu Erasmus+ v akademickém roce 2018/2019

<div id="primary" class="content-area">
<div id="content" class="site-content" role="main">
<article id="post-2634" class="post-2634 post type-post status-publish format-standard hentry category-aktuality">
<header class="entry-header">
<h1 class="entry-title">Výběrové řízení na výukové pobyty v rámci programu Erasmus+</h1>
</header>
<div class="entry-content">
<div>Výběrové řízení na výukové pobyty v rámci programu Erasmus+ pro akademický rok 2019/2020</div>
<div>
<p>se uskuteční 27. března v 8: 30 hodin v místnosti R 417.</p>
<p align="left">Přihlašování ke studijním pobytům Erasmus+ v akademickém roce <b>2019/2020</b> probíhá <b><u>od 16. 2. 2019 do 17. 3. 2019</u>.</b></p>
</div>
<div>Seznam partnerských univerzit a nezbytné informace viz <a href="https://pedf.cuni.cz/PEDF-170.html" target="_blank" rel="noopener">https://pedf.cuni.cz/PEDF-170.html</a></div>
<div></div>
<div>Pro bližší informace kontaktujte Gabrielu Kubátovou (<a href="mailto:gabriela.kubatova@pedf.cuni.cz" target="_blank" rel="noopener">gabriela.kubatova@pedf.cuni.cz</a>)</div>
</div>
</article>
</div>
</div>
<p>&nbsp;</p>

<p>Výběrové řízení na výukové pobyty v rámci programu Erasmus+ Výběrové řízení na výukové pobyty v rámci programu Erasmus+ pro akademický rok 2019/2020 se uskuteční 27. března v 8: 30 hodin v místnosti R 417. Přihlašování ke studijním pobytům Erasmus+ v akademickém roce 2019/2020 probíhá od 16. 2. 2019 do 17. 3. 2019. Seznam partnerských univerzit a nezbytné informace [&hellip;]</p>
