{"id":2546,"date":"2019-02-21T09:32:18","date_gmt":"2019-02-21T08:32:18","guid":{"rendered":"http:\/\/pages.pedf.cuni.cz\/khv\/?page_id=2546"},"modified":"2019-02-21T09:34:51","modified_gmt":"2019-02-21T08:34:51","slug":"studijni-materialy","status":"publish","type":"page","link":"https:\/\/pages.pedf.cuni.cz\/khv\/jine\/studijni-materialy\/","title":{"rendered":"Studijn\u00ed materi\u00e1ly"},"content":{"rendered":"<ul class=\"list-pages-shortcode child-pages\"><li class=\"page_item page-item-2715\"><a href=\"https:\/\/pages.pedf.cuni.cz\/khv\/jine\/studijni-materialy\/e-book-metodika-suchankova\/\">E-book metodika element\u00e1rn\u00ed v\u00fduky hry na klav\u00edr 5-7let\u00fdch d\u011bt\u00ed<\/a><\/li>\n<li class=\"page_item page-item-2549\"><a href=\"https:\/\/pages.pedf.cuni.cz\/khv\/jine\/studijni-materialy\/holas-testy\/\">Holas &#8211; testy<\/a><\/li>\n<li class=\"page_item page-item-4377\"><a href=\"https:\/\/pages.pedf.cuni.cz\/khv\/jine\/studijni-materialy\/sbornik\/\">Sborn\u00edk Teorie a praxe hudebn\u00ed v\u00fdchovy VII &#8211; p\u0159\u00edlohy<\/a><\/li>\n<li class=\"page_item page-item-3007\"><a href=\"https:\/\/pages.pedf.cuni.cz\/khv\/jine\/studijni-materialy\/tembrovy-sluch\/\">T\u00e9mbrov\u00fd sluch<\/a><\/li>\n<\/ul>\n","protected":false},"excerpt":{"rendered":"","protected":false},"author":422,"featured_media":0,"parent":684,"menu_order":0,"comment_status":"closed","ping_status":"closed","template":"","meta":{"footnotes":""},"class_list":["post-2546","page","type-page","status-publish","hentry"],"_links":{"self":[{"href":"https:\/\/pages.pedf.cuni.cz\/khv\/wp-json\/wp\/v2\/pages\/2546","targetHints":{"allow":["GET"]}}],"collection":[{"href":"https:\/\/pages.pedf.cuni.cz\/khv\/wp-json\/wp\/v2\/pages"}],"about":[{"href":"https:\/\/pages.pedf.cuni.cz\/khv\/wp-json\/wp\/v2\/types\/page"}],"author":[{"embeddable":true,"href":"https:\/\/pages.pedf.cuni.cz\/khv\/wp-json\/wp\/v2\/users\/422"}],"replies":[{"embeddable":true,"href":"https:\/\/pages.pedf.cuni.cz\/khv\/wp-json\/wp\/v2\/comments?post=2546"}],"version-history":[{"count":2,"href":"https:\/\/pages.pedf.cuni.cz\/khv\/wp-json\/wp\/v2\/pages\/2546\/revisions"}],"predecessor-version":[{"id":2548,"href":"https:\/\/pages.pedf.cuni.cz\/khv\/wp-json\/wp\/v2\/pages\/2546\/revisions\/2548"}],"up":[{"embeddable":true,"href":"https:\/\/pages.pedf.cuni.cz\/khv\/wp-json\/wp\/v2\/pages\/684"}],"wp:attachment":[{"href":"https:\/\/pages.pedf.cuni.cz\/khv\/wp-json\/wp\/v2\/media?parent=2546"}],"curies":[{"name":"wp","href":"https:\/\/api.w.org\/{rel}","templated":true}]}}