{"id":271,"date":"2015-05-23T11:31:39","date_gmt":"2015-05-23T09:31:39","guid":{"rendered":"http:\/\/pages.pedf.cuni.cz\/khv\/?page_id=271"},"modified":"2015-05-23T11:37:53","modified_gmt":"2015-05-23T09:37:53","slug":"profily-vyucujicich","status":"publish","type":"page","link":"https:\/\/pages.pedf.cuni.cz\/khv\/profil-katedry\/pracovnici-katedry\/profily-vyucujicich\/","title":{"rendered":"Profily vyu\u010duj\u00edc\u00edch"},"content":{"rendered":"<ul class=\"list-pages-shortcode child-pages\"><li class=\"page_item page-item-2461\"><a href=\"https:\/\/pages.pedf.cuni.cz\/khv\/profil-katedry\/pracovnici-katedry\/profily-vyucujicich\/belohlavkova-petra-phdr-ph-d\/\">B\u011blohl\u00e1vkov\u00e1 Petra, PhDr., Ph.D. 1<\/a><\/li>\n<li class=\"page_item page-item-2915\"><a href=\"https:\/\/pages.pedf.cuni.cz\/khv\/profil-katedry\/pracovnici-katedry\/profily-vyucujicich\/phdr-jirina-jirickova-ph-d\/\">Ji\u0159i\u010dkov\u00e1 Ji\u0159ina, PhDr., Ph.D.<\/a><\/li>\n<li class=\"page_item page-item-2923\"><a href=\"https:\/\/pages.pedf.cuni.cz\/khv\/profil-katedry\/pracovnici-katedry\/profily-vyucujicich\/mgr-milena-kmentova-ph-d\/\">Kmentov\u00e1 Milena, Mgr., Ph.D.<\/a><\/li>\n<li class=\"page_item page-item-265\"><a href=\"https:\/\/pages.pedf.cuni.cz\/khv\/profil-katedry\/pracovnici-katedry\/profily-vyucujicich\/phdr-petra-belohlavkova-ph-d\/\">B\u011blohl\u00e1vkov\u00e1 Petra, PhDr., Ph.D. 2<\/a><\/li>\n<li class=\"page_item page-item-277\"><a href=\"https:\/\/pages.pedf.cuni.cz\/khv\/profil-katedry\/pracovnici-katedry\/profily-vyucujicich\/vit-gregor\/\">Gregor V\u00edt, doc. PhDr. MgA, Ph.D.<\/a><\/li>\n<li class=\"page_item page-item-532\"><a href=\"https:\/\/pages.pedf.cuni.cz\/khv\/profil-katedry\/pracovnici-katedry\/profily-vyucujicich\/hurnikova-katerina\/\">Hurn\u00edkov\u00e1 Kate\u0159ina, PhDr., Ph.D.<\/a><\/li>\n<li class=\"page_item page-item-537\"><a href=\"https:\/\/pages.pedf.cuni.cz\/khv\/profil-katedry\/pracovnici-katedry\/profily-vyucujicich\/kodejska-milos\/\">Kodej\u0161ka Milo\u0161, doc. PaedDr., CSc.<\/a><\/li>\n<li class=\"page_item page-item-541\"><a href=\"https:\/\/pages.pedf.cuni.cz\/khv\/profil-katedry\/pracovnici-katedry\/profily-vyucujicich\/kopecka-vera-doc-mga\/\">Kopeck\u00e1 V\u011bra, doc. MgA.<\/a><\/li>\n<li class=\"page_item page-item-543\"><a href=\"https:\/\/pages.pedf.cuni.cz\/khv\/profil-katedry\/pracovnici-katedry\/profily-vyucujicich\/kubatova-gabriela-phdr-ph-d\/\">Kub\u00e1tov\u00e1 Gabriela, PhDr., Ph.D.<\/a><\/li>\n<li class=\"page_item page-item-549\"><a href=\"https:\/\/pages.pedf.cuni.cz\/khv\/profil-katedry\/pracovnici-katedry\/profily-vyucujicich\/nedelka-michal-prof-paeddr-dr\/\">Ned\u011blka Michal, prof. PaedDr., Dr.<\/a><\/li>\n<li class=\"page_item page-item-553\"><a href=\"https:\/\/pages.pedf.cuni.cz\/khv\/profil-katedry\/pracovnici-katedry\/profily-vyucujicich\/palkovska-jana-doc-mga\/\">Palkovsk\u00e1 Jana, doc. MgA.<\/a><\/li>\n<li class=\"page_item page-item-555\"><a href=\"https:\/\/pages.pedf.cuni.cz\/khv\/profil-katedry\/pracovnici-katedry\/profily-vyucujicich\/pechacek-stanislav-prof-phdr-ph-d\/\">Pech\u00e1\u010dek Stanislav, prof. PhDr., Ph.D.<\/a><\/li>\n<li class=\"page_item page-item-1339\"><a href=\"https:\/\/pages.pedf.cuni.cz\/khv\/profil-katedry\/pracovnici-katedry\/profily-vyucujicich\/paeddr-jan-prchal\/\">PaedDr. Jan Prchal<\/a><\/li>\n<li class=\"page_item page-item-557\"><a href=\"https:\/\/pages.pedf.cuni.cz\/khv\/profil-katedry\/pracovnici-katedry\/profily-vyucujicich\/perglerova-marka-doc-mga\/\">Perglerov\u00e1 Marka, doc. MgA.<\/a><\/li>\n<li class=\"page_item page-item-559\"><a href=\"https:\/\/pages.pedf.cuni.cz\/khv\/profil-katedry\/pracovnici-katedry\/profily-vyucujicich\/salakova-magdalena-phdr\/\">Sal\u00e1kov\u00e1 Magdalena, PhDr., Ph.D.<\/a><\/li>\n<li class=\"page_item page-item-2940\"><a href=\"https:\/\/pages.pedf.cuni.cz\/khv\/profil-katedry\/pracovnici-katedry\/profily-vyucujicich\/selcanova-zuzana-mgr-ph-d\/\">V\u00edtov\u00e1 &#8211; Sel\u010danov\u00e1 Zuzana, Mgr., Ph.D.<\/a><\/li>\n<li class=\"page_item page-item-562\"><a href=\"https:\/\/pages.pedf.cuni.cz\/khv\/profil-katedry\/pracovnici-katedry\/profily-vyucujicich\/562-2\/\">St\u0159\u00edtesk\u00e1 Leona, Mgr. PhDr., Ph.D.<\/a><\/li>\n<li class=\"page_item page-item-565\"><a href=\"https:\/\/pages.pedf.cuni.cz\/khv\/profil-katedry\/pracovnici-katedry\/profily-vyucujicich\/ticha-alena-paeddr-ph-d\/\">Tich\u00e1 Alena, PaedDr., Ph.D.<\/a><\/li>\n<li class=\"page_item page-item-567\"><a href=\"https:\/\/pages.pedf.cuni.cz\/khv\/profil-katedry\/pracovnici-katedry\/profily-vyucujicich\/ticha-libuse-doc-mga-ph-d\/\">Tich\u00e1 Libu\u0161e, doc. MgA., Ph.D.<\/a><\/li>\n<li class=\"page_item page-item-569\"><a href=\"https:\/\/pages.pedf.cuni.cz\/khv\/profil-katedry\/pracovnici-katedry\/profily-vyucujicich\/valasek-marek-mga-mgr-ph-d\/\">Val\u00e1\u0161ek Marek, doc. MgA., Mgr., Ph.D.<\/a><\/li>\n<li class=\"page_item page-item-571\"><a href=\"https:\/\/pages.pedf.cuni.cz\/khv\/profil-katedry\/pracovnici-katedry\/profily-vyucujicich\/vanova-hana-doc-paeddr-csc\/\">V\u00e1\u0148ov\u00e1 Hana, doc. PaedDr., CSc.<\/a><\/li>\n<li class=\"page_item page-item-573\"><a href=\"https:\/\/pages.pedf.cuni.cz\/khv\/profil-katedry\/pracovnici-katedry\/profily-vyucujicich\/veverkova-jana-mgr-et-mgr\/\">Veverkov\u00e1 Jana, Mgr. et Mgr.<\/a><\/li>\n<li class=\"page_item page-item-575\"><a href=\"https:\/\/pages.pedf.cuni.cz\/khv\/profil-katedry\/pracovnici-katedry\/profily-vyucujicich\/volava-iva-mga-mgr\/\">Volav\u00e1 Iva, MgA. Mgr.<\/a><\/li>\n<\/ul>\n","protected":false},"excerpt":{"rendered":"","protected":false},"author":422,"featured_media":0,"parent":158,"menu_order":3,"comment_status":"closed","ping_status":"closed","template":"","meta":{"footnotes":""},"class_list":["post-271","page","type-page","status-publish","hentry"],"_links":{"self":[{"href":"https:\/\/pages.pedf.cuni.cz\/khv\/wp-json\/wp\/v2\/pages\/271","targetHints":{"allow":["GET"]}}],"collection":[{"href":"https:\/\/pages.pedf.cuni.cz\/khv\/wp-json\/wp\/v2\/pages"}],"about":[{"href":"https:\/\/pages.pedf.cuni.cz\/khv\/wp-json\/wp\/v2\/types\/page"}],"author":[{"embeddable":true,"href":"https:\/\/pages.pedf.cuni.cz\/khv\/wp-json\/wp\/v2\/users\/422"}],"replies":[{"embeddable":true,"href":"https:\/\/pages.pedf.cuni.cz\/khv\/wp-json\/wp\/v2\/comments?post=271"}],"version-history":[{"count":0,"href":"https:\/\/pages.pedf.cuni.cz\/khv\/wp-json\/wp\/v2\/pages\/271\/revisions"}],"up":[{"embeddable":true,"href":"https:\/\/pages.pedf.cuni.cz\/khv\/wp-json\/wp\/v2\/pages\/158"}],"wp:attachment":[{"href":"https:\/\/pages.pedf.cuni.cz\/khv\/wp-json\/wp\/v2\/media?parent=271"}],"curies":[{"name":"wp","href":"https:\/\/api.w.org\/{rel}","templated":true}]}}

Profily vyučujících

<ul class="list-pages-shortcode child-pages"><li class="page_item page-item-2461"><a href="https://pages.pedf.cuni.cz/khv/profil-katedry/pracovnici-katedry/profily-vyucujicich/belohlavkova-petra-phdr-ph-d/">Bělohlávková Petra, PhDr., Ph.D. 1</a></li>
<li class="page_item page-item-2915"><a href="https://pages.pedf.cuni.cz/khv/profil-katedry/pracovnici-katedry/profily-vyucujicich/phdr-jirina-jirickova-ph-d/">Jiřičková Jiřina, PhDr., Ph.D.</a></li>
<li class="page_item page-item-2923"><a href="https://pages.pedf.cuni.cz/khv/profil-katedry/pracovnici-katedry/profily-vyucujicich/mgr-milena-kmentova-ph-d/">Kmentová Milena, Mgr., Ph.D.</a></li>
<li class="page_item page-item-265"><a href="https://pages.pedf.cuni.cz/khv/profil-katedry/pracovnici-katedry/profily-vyucujicich/phdr-petra-belohlavkova-ph-d/">Bělohlávková Petra, PhDr., Ph.D. 2</a></li>
<li class="page_item page-item-277"><a href="https://pages.pedf.cuni.cz/khv/profil-katedry/pracovnici-katedry/profily-vyucujicich/vit-gregor/">Gregor Vít, doc. PhDr. MgA, Ph.D.</a></li>
<li class="page_item page-item-532"><a href="https://pages.pedf.cuni.cz/khv/profil-katedry/pracovnici-katedry/profily-vyucujicich/hurnikova-katerina/">Hurníková Kateřina, PhDr., Ph.D.</a></li>
<li class="page_item page-item-537"><a href="https://pages.pedf.cuni.cz/khv/profil-katedry/pracovnici-katedry/profily-vyucujicich/kodejska-milos/">Kodejška Miloš, doc. PaedDr., CSc.</a></li>
<li class="page_item page-item-541"><a href="https://pages.pedf.cuni.cz/khv/profil-katedry/pracovnici-katedry/profily-vyucujicich/kopecka-vera-doc-mga/">Kopecká Věra, doc. MgA.</a></li>
<li class="page_item page-item-543"><a href="https://pages.pedf.cuni.cz/khv/profil-katedry/pracovnici-katedry/profily-vyucujicich/kubatova-gabriela-phdr-ph-d/">Kubátová Gabriela, PhDr., Ph.D.</a></li>
<li class="page_item page-item-549"><a href="https://pages.pedf.cuni.cz/khv/profil-katedry/pracovnici-katedry/profily-vyucujicich/nedelka-michal-prof-paeddr-dr/">Nedělka Michal, prof. PaedDr., Dr.</a></li>
<li class="page_item page-item-553"><a href="https://pages.pedf.cuni.cz/khv/profil-katedry/pracovnici-katedry/profily-vyucujicich/palkovska-jana-doc-mga/">Palkovská Jana, doc. MgA.</a></li>
<li class="page_item page-item-555"><a href="https://pages.pedf.cuni.cz/khv/profil-katedry/pracovnici-katedry/profily-vyucujicich/pechacek-stanislav-prof-phdr-ph-d/">Pecháček Stanislav, prof. PhDr., Ph.D.</a></li>
<li class="page_item page-item-1339"><a href="https://pages.pedf.cuni.cz/khv/profil-katedry/pracovnici-katedry/profily-vyucujicich/paeddr-jan-prchal/">PaedDr. Jan Prchal</a></li>
<li class="page_item page-item-557"><a href="https://pages.pedf.cuni.cz/khv/profil-katedry/pracovnici-katedry/profily-vyucujicich/perglerova-marka-doc-mga/">Perglerová Marka, doc. MgA.</a></li>
<li class="page_item page-item-559"><a href="https://pages.pedf.cuni.cz/khv/profil-katedry/pracovnici-katedry/profily-vyucujicich/salakova-magdalena-phdr/">Saláková Magdalena, PhDr., Ph.D.</a></li>
<li class="page_item page-item-2940"><a href="https://pages.pedf.cuni.cz/khv/profil-katedry/pracovnici-katedry/profily-vyucujicich/selcanova-zuzana-mgr-ph-d/">Vítová &#8211; Selčanová Zuzana, Mgr., Ph.D.</a></li>
<li class="page_item page-item-562"><a href="https://pages.pedf.cuni.cz/khv/profil-katedry/pracovnici-katedry/profily-vyucujicich/562-2/">Stříteská Leona, Mgr. PhDr., Ph.D.</a></li>
<li class="page_item page-item-565"><a href="https://pages.pedf.cuni.cz/khv/profil-katedry/pracovnici-katedry/profily-vyucujicich/ticha-alena-paeddr-ph-d/">Tichá Alena, PaedDr., Ph.D.</a></li>
<li class="page_item page-item-567"><a href="https://pages.pedf.cuni.cz/khv/profil-katedry/pracovnici-katedry/profily-vyucujicich/ticha-libuse-doc-mga-ph-d/">Tichá Libuše, doc. MgA., Ph.D.</a></li>
<li class="page_item page-item-569"><a href="https://pages.pedf.cuni.cz/khv/profil-katedry/pracovnici-katedry/profily-vyucujicich/valasek-marek-mga-mgr-ph-d/">Valášek Marek, doc. MgA., Mgr., Ph.D.</a></li>
<li class="page_item page-item-571"><a href="https://pages.pedf.cuni.cz/khv/profil-katedry/pracovnici-katedry/profily-vyucujicich/vanova-hana-doc-paeddr-csc/">Váňová Hana, doc. PaedDr., CSc.</a></li>
<li class="page_item page-item-573"><a href="https://pages.pedf.cuni.cz/khv/profil-katedry/pracovnici-katedry/profily-vyucujicich/veverkova-jana-mgr-et-mgr/">Veverková Jana, Mgr. et Mgr.</a></li>
<li class="page_item page-item-575"><a href="https://pages.pedf.cuni.cz/khv/profil-katedry/pracovnici-katedry/profily-vyucujicich/volava-iva-mga-mgr/">Volavá Iva, MgA. Mgr.</a></li>
</ul>
