{"id":277,"date":"2015-05-23T11:36:43","date_gmt":"2015-05-23T09:36:43","guid":{"rendered":"http:\/\/pages.pedf.cuni.cz\/khv\/?page_id=277"},"modified":"2024-04-16T09:41:49","modified_gmt":"2024-04-16T07:41:49","slug":"vit-gregor","status":"publish","type":"page","link":"https:\/\/pages.pedf.cuni.cz\/khv\/profil-katedry\/pracovnici-katedry\/profily-vyucujicich\/vit-gregor\/","title":{"rendered":"Gregor V\u00edt, doc. PhDr. MgA, Ph.D."},"content":{"rendered":"<p><strong>doc. MgA. V\u00edt Gregor, Ph.D.<\/strong><\/p>\n<p><em>Vzd\u011bl\u00e1n\u00ed:<\/em><\/p>\n<p>Konzervato\u0159 Brno, obor klav\u00edr, prof. I. Jan\u00ed\u010dkov\u00e1 (1979)<\/p>\n<p>Akademie m\u00fazick\u00fdch um\u011bn\u00ed (HAMU), obor klav\u00edr, prof. Z. J\u00edlek (MgA.- 1984)<\/p>\n<p>Univerzita Karlova Pedagogick\u00e1 fakulta, obor Hudebn\u00ed teorie a pedagogika (Ph.D., PhDr. &#8211; 2007)<\/p>\n<p><em>Pedagogick\u00e1 praxe:<\/em><\/p>\n<p>UK PedF, katedra hudebn\u00ed v\u00fdchovy \u2013 odborn\u00fd asistent od r. 1985 dosud, vedouc\u00ed odd\u011blen\u00ed um\u011bleck\u00e9 v\u00fdchovy<\/p>\n<p>ZU\u0160 Brand\u00fds nad Labem \u2013 Star\u00e1 Boleslav, u\u010ditel od r. 1993 dosud<\/p>\n<p><em>\u00a0<\/em><\/p>\n<p><em>Vyu\u010dovan\u00e9 p\u0159edm\u011bty:<\/em><\/p>\n<p>Hra na klav\u00edr, N\u00e1strojov\u00e1 p\u0159\u00edprava, Komorn\u00ed hra, D\u011bjiny klav\u00edru, Klav\u00edrn\u00ed literatura, Interpreta\u010dn\u00ed semin\u00e1\u0159<\/p>\n<p><em>Publika\u010dn\u00ed \u010dinnost:<\/em><\/p>\n<p>\u010cernob\u00edl\u00e9 tajemstv\u00ed interpretace, Praha 2012, ISBN 978-80-246-2141<\/p>\n<p>Klav\u00edrn\u00ed literatura \u2013 koncerty, Praha 2012, ISBN 978-80-7290-588-1<\/p>\n<p>Jak studovat klav\u00edrn\u00ed reperto\u00e1r, Praha 2012, ISBN 978-80-7290-599-7<\/p>\n<p><em>Koncertn\u00ed \u010dinnost:<\/em><\/p>\n<p>S\u00f3lov\u00fd reperto\u00e1r zam\u011b\u0159en\u00fd hlavn\u011b na klasicismus, ran\u00fd romantismus a hudbu 20. stolet\u00ed, komorn\u00ed hra (klav\u00edrn\u00ed duo, housle a klav\u00edr, zp\u011bv a klav\u00edr aj.), cca 600 vystoupen\u00ed v \u010cR a zahrani\u010d\u00ed, nahr\u00e1vky pro \u010cesk\u00fd rozhlas<\/p>\n","protected":false},"excerpt":{"rendered":"<p>doc. MgA. V\u00edt Gregor, Ph.D. Vzd\u011bl\u00e1n\u00ed: Konzervato\u0159 Brno, obor klav\u00edr, prof. I. Jan\u00ed\u010dkov\u00e1 (1979) Akademie m\u00fazick\u00fdch um\u011bn\u00ed (HAMU), obor klav\u00edr, prof. Z. J\u00edlek (MgA.- 1984) Univerzita Karlova Pedagogick\u00e1 fakulta, obor Hudebn\u00ed teorie a pedagogika (Ph.D., PhDr. &#8211; 2007) Pedagogick\u00e1 praxe: UK PedF, katedra hudebn\u00ed v\u00fdchovy \u2013 odborn\u00fd asistent od r. 1985 dosud, vedouc\u00ed odd\u011blen\u00ed um\u011bleck\u00e9 [&hellip;]<\/p>\n","protected":false},"author":422,"featured_media":0,"parent":271,"menu_order":2,"comment_status":"closed","ping_status":"closed","template":"","meta":{"footnotes":""},"class_list":["post-277","page","type-page","status-publish","hentry"],"_links":{"self":[{"href":"https:\/\/pages.pedf.cuni.cz\/khv\/wp-json\/wp\/v2\/pages\/277","targetHints":{"allow":["GET"]}}],"collection":[{"href":"https:\/\/pages.pedf.cuni.cz\/khv\/wp-json\/wp\/v2\/pages"}],"about":[{"href":"https:\/\/pages.pedf.cuni.cz\/khv\/wp-json\/wp\/v2\/types\/page"}],"author":[{"embeddable":true,"href":"https:\/\/pages.pedf.cuni.cz\/khv\/wp-json\/wp\/v2\/users\/422"}],"replies":[{"embeddable":true,"href":"https:\/\/pages.pedf.cuni.cz\/khv\/wp-json\/wp\/v2\/comments?post=277"}],"version-history":[{"count":2,"href":"https:\/\/pages.pedf.cuni.cz\/khv\/wp-json\/wp\/v2\/pages\/277\/revisions"}],"predecessor-version":[{"id":5766,"href":"https:\/\/pages.pedf.cuni.cz\/khv\/wp-json\/wp\/v2\/pages\/277\/revisions\/5766"}],"up":[{"embeddable":true,"href":"https:\/\/pages.pedf.cuni.cz\/khv\/wp-json\/wp\/v2\/pages\/271"}],"wp:attachment":[{"href":"https:\/\/pages.pedf.cuni.cz\/khv\/wp-json\/wp\/v2\/media?parent=277"}],"curies":[{"name":"wp","href":"https:\/\/api.w.org\/{rel}","templated":true}]}}

Gregor Vít, doc. PhDr. MgA, Ph.D.

<p><strong>doc. MgA. Vít Gregor, Ph.D.</strong></p>
<p><em>Vzdělání:</em></p>
<p>Konzervatoř Brno, obor klavír, prof. I. Janíčková (1979)</p>
<p>Akademie múzických umění (HAMU), obor klavír, prof. Z. Jílek (MgA.- 1984)</p>
<p>Univerzita Karlova Pedagogická fakulta, obor Hudební teorie a pedagogika (Ph.D., PhDr. &#8211; 2007)</p>
<p><em>Pedagogická praxe:</em></p>
<p>UK PedF, katedra hudební výchovy – odborný asistent od r. 1985 dosud, vedoucí oddělení umělecké výchovy</p>
<p>ZUŠ Brandýs nad Labem – Stará Boleslav, učitel od r. 1993 dosud</p>
<p><em> </em></p>
<p><em>Vyučované předměty:</em></p>
<p>Hra na klavír, Nástrojová příprava, Komorní hra, Dějiny klavíru, Klavírní literatura, Interpretační seminář</p>
<p><em>Publikační činnost:</em></p>
<p>Černobílé tajemství interpretace, Praha 2012, ISBN 978-80-246-2141</p>
<p>Klavírní literatura – koncerty, Praha 2012, ISBN 978-80-7290-588-1</p>
<p>Jak studovat klavírní repertoár, Praha 2012, ISBN 978-80-7290-599-7</p>
<p><em>Koncertní činnost:</em></p>
<p>Sólový repertoár zaměřený hlavně na klasicismus, raný romantismus a hudbu 20. století, komorní hra (klavírní duo, housle a klavír, zpěv a klavír aj.), cca 600 vystoupení v ČR a zahraničí, nahrávky pro Český rozhlas</p>

<p>doc. MgA. Vít Gregor, Ph.D. Vzdělání: Konzervatoř Brno, obor klavír, prof. I. Janíčková (1979) Akademie múzických umění (HAMU), obor klavír, prof. Z. Jílek (MgA.- 1984) Univerzita Karlova Pedagogická fakulta, obor Hudební teorie a pedagogika (Ph.D., PhDr. &#8211; 2007) Pedagogická praxe: UK PedF, katedra hudební výchovy – odborný asistent od r. 1985 dosud, vedoucí oddělení umělecké [&hellip;]</p>
