{"id":288,"date":"2015-05-23T12:15:27","date_gmt":"2015-05-23T10:15:27","guid":{"rendered":"http:\/\/pages.pedf.cuni.cz\/khv\/?page_id=288"},"modified":"2015-05-23T12:23:40","modified_gmt":"2015-05-23T10:23:40","slug":"profil-katedry","status":"publish","type":"page","link":"https:\/\/pages.pedf.cuni.cz\/khv\/profil-katedry\/","title":{"rendered":"Profil katedry"},"content":{"rendered":"<ul class=\"list-pages-shortcode child-pages\"><li class=\"page_item page-item-158 page_item_has_children\"><a href=\"https:\/\/pages.pedf.cuni.cz\/khv\/profil-katedry\/pracovnici-katedry\/\">Pracovn\u00edci katedry<\/a>\n<ul class='children'>\n\t<li class=\"page_item page-item-256\"><a href=\"https:\/\/pages.pedf.cuni.cz\/khv\/profil-katedry\/pracovnici-katedry\/interni-zamestnanci-2\/\">Intern\u00ed zam\u011bstnanci<\/a><\/li>\n\t<li class=\"page_item page-item-3340\"><a href=\"https:\/\/pages.pedf.cuni.cz\/khv\/profil-katedry\/pracovnici-katedry\/externi-zamestnanci\/\">Extern\u00ed zam\u011bstnanci<\/a><\/li>\n\t<li class=\"page_item page-item-271 page_item_has_children\"><a href=\"https:\/\/pages.pedf.cuni.cz\/khv\/profil-katedry\/pracovnici-katedry\/profily-vyucujicich\/\">Profily vyu\u010duj\u00edc\u00edch<\/a>\n\t<ul class='children'>\n\t\t<li class=\"page_item page-item-2461\"><a href=\"https:\/\/pages.pedf.cuni.cz\/khv\/profil-katedry\/pracovnici-katedry\/profily-vyucujicich\/belohlavkova-petra-phdr-ph-d\/\">B\u011blohl\u00e1vkov\u00e1 Petra, PhDr., Ph.D. 1<\/a><\/li>\n\t\t<li class=\"page_item page-item-2915\"><a href=\"https:\/\/pages.pedf.cuni.cz\/khv\/profil-katedry\/pracovnici-katedry\/profily-vyucujicich\/phdr-jirina-jirickova-ph-d\/\">Ji\u0159i\u010dkov\u00e1 Ji\u0159ina, PhDr., Ph.D.<\/a><\/li>\n\t\t<li class=\"page_item page-item-2923\"><a href=\"https:\/\/pages.pedf.cuni.cz\/khv\/profil-katedry\/pracovnici-katedry\/profily-vyucujicich\/mgr-milena-kmentova-ph-d\/\">Kmentov\u00e1 Milena, Mgr., Ph.D.<\/a><\/li>\n\t\t<li class=\"page_item page-item-265\"><a href=\"https:\/\/pages.pedf.cuni.cz\/khv\/profil-katedry\/pracovnici-katedry\/profily-vyucujicich\/phdr-petra-belohlavkova-ph-d\/\">B\u011blohl\u00e1vkov\u00e1 Petra, PhDr., Ph.D. 2<\/a><\/li>\n\t\t<li class=\"page_item page-item-277\"><a href=\"https:\/\/pages.pedf.cuni.cz\/khv\/profil-katedry\/pracovnici-katedry\/profily-vyucujicich\/vit-gregor\/\">Gregor V\u00edt, doc. PhDr. MgA, Ph.D.<\/a><\/li>\n\t\t<li class=\"page_item page-item-532\"><a href=\"https:\/\/pages.pedf.cuni.cz\/khv\/profil-katedry\/pracovnici-katedry\/profily-vyucujicich\/hurnikova-katerina\/\">Hurn\u00edkov\u00e1 Kate\u0159ina, PhDr., Ph.D.<\/a><\/li>\n\t\t<li class=\"page_item page-item-537\"><a href=\"https:\/\/pages.pedf.cuni.cz\/khv\/profil-katedry\/pracovnici-katedry\/profily-vyucujicich\/kodejska-milos\/\">Kodej\u0161ka Milo\u0161, doc. PaedDr., CSc.<\/a><\/li>\n\t\t<li class=\"page_item page-item-541\"><a href=\"https:\/\/pages.pedf.cuni.cz\/khv\/profil-katedry\/pracovnici-katedry\/profily-vyucujicich\/kopecka-vera-doc-mga\/\">Kopeck\u00e1 V\u011bra, doc. MgA.<\/a><\/li>\n\t\t<li class=\"page_item page-item-543\"><a href=\"https:\/\/pages.pedf.cuni.cz\/khv\/profil-katedry\/pracovnici-katedry\/profily-vyucujicich\/kubatova-gabriela-phdr-ph-d\/\">Kub\u00e1tov\u00e1 Gabriela, PhDr., Ph.D.<\/a><\/li>\n\t\t<li class=\"page_item page-item-549\"><a href=\"https:\/\/pages.pedf.cuni.cz\/khv\/profil-katedry\/pracovnici-katedry\/profily-vyucujicich\/nedelka-michal-prof-paeddr-dr\/\">Ned\u011blka Michal, prof. PaedDr., Dr.<\/a><\/li>\n\t\t<li class=\"page_item page-item-553\"><a href=\"https:\/\/pages.pedf.cuni.cz\/khv\/profil-katedry\/pracovnici-katedry\/profily-vyucujicich\/palkovska-jana-doc-mga\/\">Palkovsk\u00e1 Jana, doc. MgA.<\/a><\/li>\n\t\t<li class=\"page_item page-item-555\"><a href=\"https:\/\/pages.pedf.cuni.cz\/khv\/profil-katedry\/pracovnici-katedry\/profily-vyucujicich\/pechacek-stanislav-prof-phdr-ph-d\/\">Pech\u00e1\u010dek Stanislav, prof. PhDr., Ph.D.<\/a><\/li>\n\t\t<li class=\"page_item page-item-1339\"><a href=\"https:\/\/pages.pedf.cuni.cz\/khv\/profil-katedry\/pracovnici-katedry\/profily-vyucujicich\/paeddr-jan-prchal\/\">PaedDr. Jan Prchal<\/a><\/li>\n\t\t<li class=\"page_item page-item-557\"><a href=\"https:\/\/pages.pedf.cuni.cz\/khv\/profil-katedry\/pracovnici-katedry\/profily-vyucujicich\/perglerova-marka-doc-mga\/\">Perglerov\u00e1 Marka, doc. MgA.<\/a><\/li>\n\t\t<li class=\"page_item page-item-559\"><a href=\"https:\/\/pages.pedf.cuni.cz\/khv\/profil-katedry\/pracovnici-katedry\/profily-vyucujicich\/salakova-magdalena-phdr\/\">Sal\u00e1kov\u00e1 Magdalena, PhDr., Ph.D.<\/a><\/li>\n\t\t<li class=\"page_item page-item-2940\"><a href=\"https:\/\/pages.pedf.cuni.cz\/khv\/profil-katedry\/pracovnici-katedry\/profily-vyucujicich\/selcanova-zuzana-mgr-ph-d\/\">V\u00edtov\u00e1 &#8211; Sel\u010danov\u00e1 Zuzana, Mgr., Ph.D.<\/a><\/li>\n\t\t<li class=\"page_item page-item-562\"><a href=\"https:\/\/pages.pedf.cuni.cz\/khv\/profil-katedry\/pracovnici-katedry\/profily-vyucujicich\/562-2\/\">St\u0159\u00edtesk\u00e1 Leona, Mgr. PhDr., Ph.D.<\/a><\/li>\n\t\t<li class=\"page_item page-item-565\"><a href=\"https:\/\/pages.pedf.cuni.cz\/khv\/profil-katedry\/pracovnici-katedry\/profily-vyucujicich\/ticha-alena-paeddr-ph-d\/\">Tich\u00e1 Alena, PaedDr., Ph.D.<\/a><\/li>\n\t\t<li class=\"page_item page-item-567\"><a href=\"https:\/\/pages.pedf.cuni.cz\/khv\/profil-katedry\/pracovnici-katedry\/profily-vyucujicich\/ticha-libuse-doc-mga-ph-d\/\">Tich\u00e1 Libu\u0161e, doc. MgA., Ph.D.<\/a><\/li>\n\t\t<li class=\"page_item page-item-569\"><a href=\"https:\/\/pages.pedf.cuni.cz\/khv\/profil-katedry\/pracovnici-katedry\/profily-vyucujicich\/valasek-marek-mga-mgr-ph-d\/\">Val\u00e1\u0161ek Marek, doc. MgA., Mgr., Ph.D.<\/a><\/li>\n\t\t<li class=\"page_item page-item-571\"><a href=\"https:\/\/pages.pedf.cuni.cz\/khv\/profil-katedry\/pracovnici-katedry\/profily-vyucujicich\/vanova-hana-doc-paeddr-csc\/\">V\u00e1\u0148ov\u00e1 Hana, doc. PaedDr., CSc.<\/a><\/li>\n\t\t<li class=\"page_item page-item-573\"><a href=\"https:\/\/pages.pedf.cuni.cz\/khv\/profil-katedry\/pracovnici-katedry\/profily-vyucujicich\/veverkova-jana-mgr-et-mgr\/\">Veverkov\u00e1 Jana, Mgr. et Mgr.<\/a><\/li>\n\t\t<li class=\"page_item page-item-575\"><a href=\"https:\/\/pages.pedf.cuni.cz\/khv\/profil-katedry\/pracovnici-katedry\/profily-vyucujicich\/volava-iva-mga-mgr\/\">Volav\u00e1 Iva, MgA. Mgr.<\/a><\/li>\n\t<\/ul>\n<\/li>\n<\/ul>\n<\/li>\n<li class=\"page_item page-item-512 page_item_has_children\"><a href=\"https:\/\/pages.pedf.cuni.cz\/khv\/profil-katedry\/cinnost-katedry\/\">\u010cinnost katedry<\/a>\n<ul class='children'>\n\t<li class=\"page_item page-item-367\"><a href=\"https:\/\/pages.pedf.cuni.cz\/khv\/profil-katedry\/cinnost-katedry\/hudebne-pedagogicka-cinnost\/\">Hudebn\u011b pedagogick\u00e1 \u010dinnost<\/a><\/li>\n\t<li class=\"page_item page-item-310 page_item_has_children\"><a href=\"https:\/\/pages.pedf.cuni.cz\/khv\/profil-katedry\/cinnost-katedry\/umelecka-a-koncertni-cinnost\/\">Um\u011bleck\u00e1 a koncertn\u00ed \u010dinnost<\/a>\n\t<ul class='children'>\n\t\t<li class=\"page_item page-item-308 page_item_has_children\"><a href=\"https:\/\/pages.pedf.cuni.cz\/khv\/profil-katedry\/cinnost-katedry\/umelecka-a-koncertni-cinnost\/pevecke-sbory-a-orchestry\/\">P\u011bveck\u00e9 sbory a orchestry<\/a>\n\t\t<ul class='children'>\n\t\t\t<li class=\"page_item page-item-317\"><a href=\"https:\/\/pages.pedf.cuni.cz\/khv\/profil-katedry\/cinnost-katedry\/umelecka-a-koncertni-cinnost\/pevecke-sbory-a-orchestry\/smiseny-sbor-pedf-uk-v-praze\/\">Collegium paedagogicum, sm\u00ed\u0161en\u00fd sbor PedF UK v Praze<\/a><\/li>\n\t\t\t<li class=\"page_item page-item-314\"><a href=\"https:\/\/pages.pedf.cuni.cz\/khv\/profil-katedry\/cinnost-katedry\/umelecka-a-koncertni-cinnost\/pevecke-sbory-a-orchestry\/zensky-komorni-sbor-pedf-uk\/\">Komorn\u00ed \u017eensk\u00fd sbor PedF UK v Praze<\/a><\/li>\n\t\t\t<li class=\"page_item page-item-320\"><a href=\"https:\/\/pages.pedf.cuni.cz\/khv\/profil-katedry\/cinnost-katedry\/umelecka-a-koncertni-cinnost\/pevecke-sbory-a-orchestry\/komorni-orchestr-collegium-paedagogicum\/\">Komorn\u00ed orchestr Collegium paedagogicum<\/a><\/li>\n\t\t<\/ul>\n<\/li>\n\t\t<li class=\"page_item page-item-339\"><a href=\"https:\/\/pages.pedf.cuni.cz\/khv\/profil-katedry\/cinnost-katedry\/umelecka-a-koncertni-cinnost\/diskografie-a-nahravky\/\">Diskografie a nahr\u00e1vky<\/a><\/li>\n\t<\/ul>\n<\/li>\n\t<li class=\"page_item page-item-175 page_item_has_children\"><a href=\"https:\/\/pages.pedf.cuni.cz\/khv\/profil-katedry\/cinnost-katedry\/publikacni-cinnost\/\">V\u011bdecko-publika\u010dn\u00ed \u010dinnost<\/a>\n\t<ul class='children'>\n\t\t<li class=\"page_item page-item-172\"><a href=\"https:\/\/pages.pedf.cuni.cz\/khv\/profil-katedry\/cinnost-katedry\/publikacni-cinnost\/vedecka-cinnost\/\">Granty<\/a><\/li>\n\t\t<li class=\"page_item page-item-297\"><a href=\"https:\/\/pages.pedf.cuni.cz\/khv\/profil-katedry\/cinnost-katedry\/publikacni-cinnost\/konference\/\">Konference<\/a><\/li>\n\t\t<li class=\"page_item page-item-305\"><a href=\"https:\/\/pages.pedf.cuni.cz\/khv\/profil-katedry\/cinnost-katedry\/publikacni-cinnost\/publikace\/\">Publikace<\/a><\/li>\n\t<\/ul>\n<\/li>\n<\/ul>\n<\/li>\n<li class=\"page_item page-item-161\"><a href=\"https:\/\/pages.pedf.cuni.cz\/khv\/profil-katedry\/ze-zivota-katedry\/\">Sou\u010dasnost katedry<\/a><\/li>\n<li class=\"page_item page-item-285\"><a href=\"https:\/\/pages.pedf.cuni.cz\/khv\/profil-katedry\/historie-katedry\/\">Historie katedry<\/a><\/li>\n<li class=\"page_item page-item-385\"><a href=\"https:\/\/pages.pedf.cuni.cz\/khv\/profil-katedry\/spolupracujici-instituce\/\">Spolupracuj\u00edc\u00ed instituce<\/a><\/li>\n<\/ul>\n","protected":false},"excerpt":{"rendered":"","protected":false},"author":422,"featured_media":0,"parent":0,"menu_order":0,"comment_status":"closed","ping_status":"closed","template":"","meta":{"footnotes":""},"class_list":["post-288","page","type-page","status-publish","hentry"],"_links":{"self":[{"href":"https:\/\/pages.pedf.cuni.cz\/khv\/wp-json\/wp\/v2\/pages\/288","targetHints":{"allow":["GET"]}}],"collection":[{"href":"https:\/\/pages.pedf.cuni.cz\/khv\/wp-json\/wp\/v2\/pages"}],"about":[{"href":"https:\/\/pages.pedf.cuni.cz\/khv\/wp-json\/wp\/v2\/types\/page"}],"author":[{"embeddable":true,"href":"https:\/\/pages.pedf.cuni.cz\/khv\/wp-json\/wp\/v2\/users\/422"}],"replies":[{"embeddable":true,"href":"https:\/\/pages.pedf.cuni.cz\/khv\/wp-json\/wp\/v2\/comments?post=288"}],"version-history":[{"count":0,"href":"https:\/\/pages.pedf.cuni.cz\/khv\/wp-json\/wp\/v2\/pages\/288\/revisions"}],"wp:attachment":[{"href":"https:\/\/pages.pedf.cuni.cz\/khv\/wp-json\/wp\/v2\/media?parent=288"}],"curies":[{"name":"wp","href":"https:\/\/api.w.org\/{rel}","templated":true}]}}