{"id":30,"date":"2015-03-25T10:19:28","date_gmt":"2015-03-25T10:19:28","guid":{"rendered":"http:\/\/pages.pedf.cuni.cz\/khv\/?page_id=30"},"modified":"2015-10-25T13:51:35","modified_gmt":"2015-10-25T12:51:35","slug":"bc-studium","status":"publish","type":"page","link":"https:\/\/pages.pedf.cuni.cz\/khv\/studium\/bc-studium\/","title":{"rendered":"Bakal\u00e1\u0159sk\u00e9 studium"},"content":{"rendered":"<ul class=\"list-pages-shortcode child-pages\"><li class=\"page_item page-item-420 page_item_has_children\"><a href=\"https:\/\/pages.pedf.cuni.cz\/khv\/studium\/bc-studium\/hudebni-vychova\/\">Hudebn\u00ed v\u00fdchova<\/a>\n<ul class='children'>\n\t<li class=\"page_item page-item-490\"><a href=\"https:\/\/pages.pedf.cuni.cz\/khv\/studium\/bc-studium\/hudebni-vychova\/statni-bakalarska-zkouska\/\">St\u00e1tn\u00ed bakal\u00e1\u0159sk\u00e1 zkou\u0161ka &#8211; HV<\/a><\/li>\n<\/ul>\n<\/li>\n<li class=\"page_item page-item-422 page_item_has_children\"><a href=\"https:\/\/pages.pedf.cuni.cz\/khv\/studium\/bc-studium\/hra-na-nastroj\/\">Hra na n\u00e1stroj<\/a>\n<ul class='children'>\n\t<li class=\"page_item page-item-852\"><a href=\"https:\/\/pages.pedf.cuni.cz\/khv\/studium\/bc-studium\/hra-na-nastroj\/hra-na-housle-ramcove-pokyny-pro-sestaveni-isp\/\">Hra na housle &#8211; r\u00e1mcov\u00e9 pokyny pro sestavov\u00e1n\u00ed ISP<\/a><\/li>\n\t<li class=\"page_item page-item-848\"><a href=\"https:\/\/pages.pedf.cuni.cz\/khv\/studium\/bc-studium\/hra-na-nastroj\/hra-na-klavir-ramcove-pokyny-pro-isp\/\">Hra na klav\u00edr &#8211; r\u00e1mcov\u00e9 pokyny pro sestavov\u00e1n\u00ed ISP<\/a><\/li>\n\t<li class=\"page_item page-item-494\"><a href=\"https:\/\/pages.pedf.cuni.cz\/khv\/studium\/bc-studium\/hra-na-nastroj\/statni-bakalarska-zkouska\/\">St\u00e1tn\u00ed bakal\u00e1\u0159sk\u00e1 zkou\u0161ka<\/a><\/li>\n<\/ul>\n<\/li>\n<li class=\"page_item page-item-424 page_item_has_children\"><a href=\"https:\/\/pages.pedf.cuni.cz\/khv\/studium\/bc-studium\/sbormistrovstvi\/\">Sbormistrovstv\u00ed<\/a>\n<ul class='children'>\n\t<li class=\"page_item page-item-496\"><a href=\"https:\/\/pages.pedf.cuni.cz\/khv\/studium\/bc-studium\/sbormistrovstvi\/statni-bakalarska-zkouska\/\">St\u00e1tn\u00ed bakal\u00e1\u0159sk\u00e1 zkou\u0161ka<\/a><\/li>\n<\/ul>\n<\/li>\n<\/ul>\n","protected":false},"excerpt":{"rendered":"","protected":false},"author":421,"featured_media":0,"parent":27,"menu_order":1,"comment_status":"closed","ping_status":"closed","template":"","meta":{"footnotes":""},"class_list":["post-30","page","type-page","status-publish","hentry"],"_links":{"self":[{"href":"https:\/\/pages.pedf.cuni.cz\/khv\/wp-json\/wp\/v2\/pages\/30","targetHints":{"allow":["GET"]}}],"collection":[{"href":"https:\/\/pages.pedf.cuni.cz\/khv\/wp-json\/wp\/v2\/pages"}],"about":[{"href":"https:\/\/pages.pedf.cuni.cz\/khv\/wp-json\/wp\/v2\/types\/page"}],"author":[{"embeddable":true,"href":"https:\/\/pages.pedf.cuni.cz\/khv\/wp-json\/wp\/v2\/users\/421"}],"replies":[{"embeddable":true,"href":"https:\/\/pages.pedf.cuni.cz\/khv\/wp-json\/wp\/v2\/comments?post=30"}],"version-history":[{"count":0,"href":"https:\/\/pages.pedf.cuni.cz\/khv\/wp-json\/wp\/v2\/pages\/30\/revisions"}],"up":[{"embeddable":true,"href":"https:\/\/pages.pedf.cuni.cz\/khv\/wp-json\/wp\/v2\/pages\/27"}],"wp:attachment":[{"href":"https:\/\/pages.pedf.cuni.cz\/khv\/wp-json\/wp\/v2\/media?parent=30"}],"curies":[{"name":"wp","href":"https:\/\/api.w.org\/{rel}","templated":true}]}}