{"id":317,"date":"2015-05-23T13:57:10","date_gmt":"2015-05-23T11:57:10","guid":{"rendered":"http:\/\/pages.pedf.cuni.cz\/khv\/?page_id=317"},"modified":"2026-04-09T18:07:20","modified_gmt":"2026-04-09T16:07:20","slug":"smiseny-sbor-pedf-uk-v-praze","status":"publish","type":"page","link":"https:\/\/pages.pedf.cuni.cz\/khv\/profil-katedry\/cinnost-katedry\/umelecka-a-koncertni-cinnost\/pevecke-sbory-a-orchestry\/smiseny-sbor-pedf-uk-v-praze\/","title":{"rendered":"Collegium paedagogicum, sm\u00ed\u0161en\u00fd sbor PedF UK v Praze"},"content":{"rendered":"\n<p><b><a href=\"https:\/\/pages.pedf.cuni.cz\/khv\/profil-katedry\/cinnost-katedry\/umelecka-a-koncertni-cinnost\/pevecke-sbory-a-orchestry\/smiseny-sbor-pedf-uk-v-praze\/collegium-paedagogicum-pedf-uk\/#main\" rel=\"attachment wp-att-2984\"><img loading=\"lazy\" decoding=\"async\" width=\"300\" height=\"200\" class=\"alignnone size-medium wp-image-2984\" src=\"https:\/\/pages.pedf.cuni.cz\/khv\/files\/2019\/10\/Collegium-paedagogicum-PedF-UK-300x200.jpg\" alt=\"\" srcset=\"https:\/\/pages.pedf.cuni.cz\/khv\/files\/2019\/10\/Collegium-paedagogicum-PedF-UK-300x200.jpg 300w, https:\/\/pages.pedf.cuni.cz\/khv\/files\/2019\/10\/Collegium-paedagogicum-PedF-UK-768x512.jpg 768w, https:\/\/pages.pedf.cuni.cz\/khv\/files\/2019\/10\/Collegium-paedagogicum-PedF-UK-1024x683.jpg 1024w, https:\/\/pages.pedf.cuni.cz\/khv\/files\/2019\/10\/Collegium-paedagogicum-PedF-UK-619x413.jpg 619w\" sizes=\"auto, (max-width: 300px) 100vw, 300px\" \/><\/a>Collegium paedagogicum<\/b>, sm\u00ed\u0161en\u00fd p\u011bveck\u00fd sbor PedF UK zah\u00e1jil \u010dinnost v roce 1993, p\u016fvodn\u011b jako cvi\u010dn\u00fd sbor nov\u011b koncipovan\u00e9ho oboru Sbormistrovstv\u00ed. Pozd\u011bji se za\u010dal uplat\u0148ovat tak\u00e9 jako koncertn\u00ed sbor katedry HV. V sou\u010dasn\u00e9 dob\u011b tvo\u0159\u00ed v\u011bt\u0161inu tohoto cca 70ti \u010dlenn\u00e9ho t\u011blesa studenti sbormistrovstv\u00ed a hudebn\u00ed v\u00fdchovy, pro kter\u00e9 je \u010dlenstv\u00ed ve sboru sou\u010d\u00e1st\u00ed v\u00fduky; jsou zde ale tak\u00e9 poslucha\u010di jin\u00fdch obor\u016f, fakult a zahrani\u010dn\u00ed studenti.<br>Sbor pravideln\u011b vystupuje p\u0159i slavnostn\u00edch p\u0159\u00edle\u017eitostech fakulty i univerzity, \u010dasto ve spolupr\u00e1ci se smy\u010dcov\u00fdm orchestrem katedry HV, opakovan\u011b se t\u00e9\u017e spolupod\u00edl\u00ed na eduka\u010dn\u00edch koncertech \u010cesk\u00e9 filharmonie. V posledn\u00ed dob\u011b \u010dasto spolupracuje se sbory zahrani\u010dn\u00edch univerzit, nap\u0159. Humboldtovou univerzitou, Univerzitou Heidelberg, Univerzitou Aberdeen nebo <a href=\"https:\/\/4euplus.eu\/4EU-81.html\">Var\u0161avskou<\/a> univerzitou. V roce 2019 v 2025 se stal absolutn\u00edm v\u00edt\u011bzem mezin\u00e1rodn\u00ed sout\u011b\u017ee Akademick\u00e1 Bansk\u00e1 Bystrica a v roce 2023 <a href=\"https:\/\/www.youtube.com\/watch?v=xZzRZ39TPOw&amp;t=1793s\" data-type=\"link\" data-id=\"https:\/\/www.youtube.com\/watch?v=xZzRZ39TPOw&amp;t=1793s\">zv\u00edt\u011bzil<\/a> v kategorii Akademick\u00fdch sbor\u016f na mezin\u00e1rodn\u00ed sout\u011b\u017ei Sv\u00e1tky p\u00edsn\u00ed Olomouc.<br>Sbor m\u00e1 bohat\u00fd reperto\u00e1r, kter\u00fd tvo\u0159\u00ed v\u00fdznamn\u00e1 d\u00edla \u010desk\u00fdch i sv\u011btov\u00fdch autor\u016f v\u0161ech stylov\u00fdch obdob\u00ed.\u00a0 V minulosti provedl nap\u0159\u00edklad H\u00e4ndelova Mesi\u00e1\u0161e, Mozartovo Requiem, Haydnovo Stvo\u0159en\u00ed, Verdiho Requiem, Dvo\u0159\u00e1kovo Te Deum, M\u0161i D dur, Stabat Mater, Mendelssohnova Eli\u00e1\u0161e, Orffova Carmina burana, Poulencovo Stabat Mater, Bachovo Magnificat, Martin\u016f Kytici, Hanu\u0161\u016fv Zp\u011bv nad\u011bje a dal\u0161\u00ed. Mezi nejv\u00fdznamn\u011bj\u0161\u00ed um\u011bleck\u00e9 po\u010diny pat\u0159\u00ed \u00fa\u010dinkov\u00e1n\u00ed p\u0159i \u010desk\u00e9 premi\u00e9\u0159e Hanu\u0161ova oratoria Ecce homo v r\u00e1mci Pra\u017esk\u00e9ho jara 2005 nebo p\u0159i sv\u011btov\u00e9 premi\u00e9\u0159e Hanu\u0161ova Requiem v roce 2009 v Rudolfinu.<br>Sbormist\u0159i:<br>prof. Ji\u0159\u00ed Kol\u00e1\u0159 1993 &#8211; 2000<br>PaedDr. Ivana \u0160t\u00edbrov\u00e1 2000 &#8211; 2002<br>Mgr. Jana Veverkov\u00e1 2002 &#8211; 2013<br>doc. MgA. Marek Val\u00e1\u0161ek, Ph.D. 2013 &#8211; dosud<\/p>\n\n\n\n<p>V p\u0159\u00edpad\u011b z\u00e1jmu o aktivn\u00ed \u00fa\u010dast ve sboru nebo pro v\u00edce informac\u00ed kontaktujte <a href=\"https:\/\/pages.pedf.cuni.cz\/khv\/profil-katedry\/pracovnici-katedry\/profily-vyucujicich\/valasek-marek-mga-mgr-ph-d\/\" target=\"_blank\" rel=\"noopener noreferrer\">doc. Marka Val\u00e1\u0161ka<\/a> na <a href=\"mailto:marek.valasek@pedf.cuni.cz\" target=\"_blank\" rel=\"noopener noreferrer\">marek.valasek@pedf.cuni.cz<\/a><\/p>\n\n\n\n<p><span lang=\"EN\"><b>Collegium paedagogicum<\/b>, a mixed choir of the Faculty of Education, Charles University<\/span><span lang=\"EN\">,<\/span><span lang=\"EN\"> started his activities in 1993, originally as a choir of the newly conceived Choir Conducting field, later as a concert choir of the Department of Music Education. Currently, the majority of <\/span><span lang=\"EN\">its 70 members <\/span><span lang=\"EN\">are students of the Music Education, but there are also students from other disciplines, faculties<\/span><span lang=\"EN\">,<\/span><span lang=\"EN\"> and foreign students.<\/span><\/p>\n\n\n\n<p><span lang=\"EN\">The choir regularly performs at the faculty and university ceremonial occasions, often in collaboration with the string orchestra of the Department of Music Education, and has repeatedly participated in educational concerts of the Czech Philharmonic. <\/span><span lang=\"EN\">It<\/span><span lang=\"EN\"> also participates in international art projects, in cooperation with the Berlin Humboldt-Universit\u00e4t, the Scottish University of Aberdeen, and the University of Heidelberg. In 2019 and 2025 it became the absolute winner of the International Competition Akademick\u00e1 Bansk\u00e1 Bystrica (SK) and in 2023 it won in the category of Academic Choirs at the International Competition Sv\u00e1tky p\u00edsn\u00ed Olomouc (CZ).<br><\/span><\/p>\n\n\n\n<p><span lang=\"EN\">The choir has a rich repertoire, which includes significant works by Czech and world authors of all styles. In the past<\/span><span lang=\"EN\">,<\/span> <span lang=\"EN\">it<\/span><span lang=\"EN\"> performed H\u00e4ndel\u00a8s Messiah, Mozart&#8217;s Requiem, Verdi\u00b4s Requiem, Dvo\u0159\u00e1k&#8217;s Te Deum, Mass in D Major, Stabat Mater, Mendelssohn&#8217;s Elijah, Orff&#8217;s Carmina Burana, Poulenc&#8217;s Stabat Mater, Bach&#8217;s Magnificat, Martin\u016f&#8217;s Kytice. One of the most significant works of art <\/span><span lang=\"EN\">was<\/span><span lang=\"EN\"> performing at the Czech premiere of Hanu\u0161&#8217;s oratorio Ecce Homo during the Prague Spring 2005 or at the world premiere of Hanu\u0161&#8217;s Requiem in 2009 at the Rudolfinum.<\/span><\/p>\n","protected":false},"excerpt":{"rendered":"<p>Collegium paedagogicum, sm\u00ed\u0161en\u00fd p\u011bveck\u00fd sbor PedF UK zah\u00e1jil \u010dinnost v roce 1993, p\u016fvodn\u011b jako cvi\u010dn\u00fd sbor nov\u011b koncipovan\u00e9ho oboru Sbormistrovstv\u00ed. Pozd\u011bji se za\u010dal uplat\u0148ovat tak\u00e9 jako koncertn\u00ed sbor katedry HV. V sou\u010dasn\u00e9 dob\u011b tvo\u0159\u00ed v\u011bt\u0161inu tohoto cca 70ti \u010dlenn\u00e9ho t\u011blesa studenti sbormistrovstv\u00ed a hudebn\u00ed v\u00fdchovy, pro kter\u00e9 je \u010dlenstv\u00ed ve sboru sou\u010d\u00e1st\u00ed v\u00fduky; jsou zde [&hellip;]<\/p>\n","protected":false},"author":422,"featured_media":0,"parent":308,"menu_order":0,"comment_status":"closed","ping_status":"closed","template":"","meta":{"footnotes":""},"class_list":["post-317","page","type-page","status-publish","hentry"],"_links":{"self":[{"href":"https:\/\/pages.pedf.cuni.cz\/khv\/wp-json\/wp\/v2\/pages\/317","targetHints":{"allow":["GET"]}}],"collection":[{"href":"https:\/\/pages.pedf.cuni.cz\/khv\/wp-json\/wp\/v2\/pages"}],"about":[{"href":"https:\/\/pages.pedf.cuni.cz\/khv\/wp-json\/wp\/v2\/types\/page"}],"author":[{"embeddable":true,"href":"https:\/\/pages.pedf.cuni.cz\/khv\/wp-json\/wp\/v2\/users\/422"}],"replies":[{"embeddable":true,"href":"https:\/\/pages.pedf.cuni.cz\/khv\/wp-json\/wp\/v2\/comments?post=317"}],"version-history":[{"count":8,"href":"https:\/\/pages.pedf.cuni.cz\/khv\/wp-json\/wp\/v2\/pages\/317\/revisions"}],"predecessor-version":[{"id":6586,"href":"https:\/\/pages.pedf.cuni.cz\/khv\/wp-json\/wp\/v2\/pages\/317\/revisions\/6586"}],"up":[{"embeddable":true,"href":"https:\/\/pages.pedf.cuni.cz\/khv\/wp-json\/wp\/v2\/pages\/308"}],"wp:attachment":[{"href":"https:\/\/pages.pedf.cuni.cz\/khv\/wp-json\/wp\/v2\/media?parent=317"}],"curies":[{"name":"wp","href":"https:\/\/api.w.org\/{rel}","templated":true}]}}

Collegium paedagogicum, smíšený sbor PedF UK v Praze

<p><b><a href="https://pages.pedf.cuni.cz/khv/profil-katedry/cinnost-katedry/umelecka-a-koncertni-cinnost/pevecke-sbory-a-orchestry/smiseny-sbor-pedf-uk-v-praze/collegium-paedagogicum-pedf-uk/#main" rel="attachment wp-att-2984"><img loading="lazy" decoding="async" width="300" height="200" class="alignnone size-medium wp-image-2984" src="https://pages.pedf.cuni.cz/khv/files/2019/10/Collegium-paedagogicum-PedF-UK-300x200.jpg" alt="" srcset="https://pages.pedf.cuni.cz/khv/files/2019/10/Collegium-paedagogicum-PedF-UK-300x200.jpg 300w, https://pages.pedf.cuni.cz/khv/files/2019/10/Collegium-paedagogicum-PedF-UK-768x512.jpg 768w, https://pages.pedf.cuni.cz/khv/files/2019/10/Collegium-paedagogicum-PedF-UK-1024x683.jpg 1024w, https://pages.pedf.cuni.cz/khv/files/2019/10/Collegium-paedagogicum-PedF-UK-619x413.jpg 619w" sizes="auto, (max-width: 300px) 100vw, 300px" /></a>Collegium paedagogicum</b>, smíšený pěvecký sbor PedF UK zahájil činnost v roce 1993, původně jako cvičný sbor nově koncipovaného oboru Sbormistrovství. Později se začal uplatňovat také jako koncertní sbor katedry HV. V současné době tvoří většinu tohoto cca 70ti členného tělesa studenti sbormistrovství a hudební výchovy, pro které je členství ve sboru součástí výuky; jsou zde ale také posluchači jiných oborů, fakult a zahraniční studenti.<br>Sbor pravidelně vystupuje při slavnostních příležitostech fakulty i univerzity, často ve spolupráci se smyčcovým orchestrem katedry HV, opakovaně se též spolupodílí na edukačních koncertech České filharmonie. V poslední době často spolupracuje se sbory zahraničních univerzit, např. Humboldtovou univerzitou, Univerzitou Heidelberg, Univerzitou Aberdeen nebo <a href="https://4euplus.eu/4EU-81.html">Varšavskou</a> univerzitou. V roce 2019 v 2025 se stal absolutním vítězem mezinárodní soutěže Akademická Banská Bystrica a v roce 2023 <a href="https://www.youtube.com/watch?v=xZzRZ39TPOw&amp;t=1793s" data-type="link" data-id="https://www.youtube.com/watch?v=xZzRZ39TPOw&amp;t=1793s">zvítězil</a> v kategorii Akademických sborů na mezinárodní soutěži Svátky písní Olomouc.<br>Sbor má bohatý repertoár, který tvoří významná díla českých i světových autorů všech stylových období.  V minulosti provedl například Händelova Mesiáše, Mozartovo Requiem, Haydnovo Stvoření, Verdiho Requiem, Dvořákovo Te Deum, Mši D dur, Stabat Mater, Mendelssohnova Eliáše, Orffova Carmina burana, Poulencovo Stabat Mater, Bachovo Magnificat, Martinů Kytici, Hanušův Zpěv naděje a další. Mezi nejvýznamnější umělecké počiny patří účinkování při české premiéře Hanušova oratoria Ecce homo v rámci Pražského jara 2005 nebo při světové premiéře Hanušova Requiem v roce 2009 v Rudolfinu.<br>Sbormistři:<br>prof. Jiří Kolář 1993 &#8211; 2000<br>PaedDr. Ivana Štíbrová 2000 &#8211; 2002<br>Mgr. Jana Veverková 2002 &#8211; 2013<br>doc. MgA. Marek Valášek, Ph.D. 2013 &#8211; dosud</p>



<p>V případě zájmu o aktivní účast ve sboru nebo pro více informací kontaktujte <a href="https://pages.pedf.cuni.cz/khv/profil-katedry/pracovnici-katedry/profily-vyucujicich/valasek-marek-mga-mgr-ph-d/" target="_blank" rel="noopener noreferrer">doc. Marka Valáška</a> na <a href="mailto:marek.valasek@pedf.cuni.cz" target="_blank" rel="noopener noreferrer">marek.valasek@pedf.cuni.cz</a></p>



<p><span lang="EN"><b>Collegium paedagogicum</b>, a mixed choir of the Faculty of Education, Charles University</span><span lang="EN">,</span><span lang="EN"> started his activities in 1993, originally as a choir of the newly conceived Choir Conducting field, later as a concert choir of the Department of Music Education. Currently, the majority of </span><span lang="EN">its 70 members </span><span lang="EN">are students of the Music Education, but there are also students from other disciplines, faculties</span><span lang="EN">,</span><span lang="EN"> and foreign students.</span></p>



<p><span lang="EN">The choir regularly performs at the faculty and university ceremonial occasions, often in collaboration with the string orchestra of the Department of Music Education, and has repeatedly participated in educational concerts of the Czech Philharmonic. </span><span lang="EN">It</span><span lang="EN"> also participates in international art projects, in cooperation with the Berlin Humboldt-Universität, the Scottish University of Aberdeen, and the University of Heidelberg. In 2019 and 2025 it became the absolute winner of the International Competition Akademická Banská Bystrica (SK) and in 2023 it won in the category of Academic Choirs at the International Competition Svátky písní Olomouc (CZ).<br></span></p>



<p><span lang="EN">The choir has a rich repertoire, which includes significant works by Czech and world authors of all styles. In the past</span><span lang="EN">,</span> <span lang="EN">it</span><span lang="EN"> performed Händel¨s Messiah, Mozart&#8217;s Requiem, Verdi´s Requiem, Dvořák&#8217;s Te Deum, Mass in D Major, Stabat Mater, Mendelssohn&#8217;s Elijah, Orff&#8217;s Carmina Burana, Poulenc&#8217;s Stabat Mater, Bach&#8217;s Magnificat, Martinů&#8217;s Kytice. One of the most significant works of art </span><span lang="EN">was</span><span lang="EN"> performing at the Czech premiere of Hanuš&#8217;s oratorio Ecce Homo during the Prague Spring 2005 or at the world premiere of Hanuš&#8217;s Requiem in 2009 at the Rudolfinum.</span></p>

<p>Collegium paedagogicum, smíšený pěvecký sbor PedF UK zahájil činnost v roce 1993, původně jako cvičný sbor nově koncipovaného oboru Sbormistrovství. Později se začal uplatňovat také jako koncertní sbor katedry HV. V současné době tvoří většinu tohoto cca 70ti členného tělesa studenti sbormistrovství a hudební výchovy, pro které je členství ve sboru součástí výuky; jsou zde [&hellip;]</p>
