{"id":377,"date":"2015-05-24T16:46:23","date_gmt":"2015-05-24T14:46:23","guid":{"rendered":"http:\/\/pages.pedf.cuni.cz\/khv\/?page_id=377"},"modified":"2015-05-24T16:51:57","modified_gmt":"2015-05-24T14:51:57","slug":"fotogalerie","status":"publish","type":"page","link":"https:\/\/pages.pedf.cuni.cz\/khv\/fotogalerie\/","title":{"rendered":"Fotogalerie"},"content":{"rendered":"<ul class=\"list-pages-shortcode child-pages\"><li class=\"page_item page-item-380 page_item_has_children\"><a href=\"https:\/\/pages.pedf.cuni.cz\/khv\/fotogalerie\/koncerty\/\">Koncerty<\/a>\n<ul class='children'>\n\t<li class=\"page_item page-item-6291\"><a href=\"https:\/\/pages.pedf.cuni.cz\/khv\/fotogalerie\/koncerty\/majovy-koncert-studentu-katedry-hudebni-vychovy-19-5-2025\/\">M\u00e1jov\u00fd koncert student\u016f katedry hudebn\u00ed v\u00fdchovy 19. 5. 2025<\/a><\/li>\n\t<li class=\"page_item page-item-5396\"><a href=\"https:\/\/pages.pedf.cuni.cz\/khv\/fotogalerie\/koncerty\/koncert-duchovni-hudby-4-5-2023\/\">Koncert duchovn\u00ed hudby 4. 5. 2023<\/a><\/li>\n\t<li class=\"page_item page-item-3666\"><a href=\"https:\/\/pages.pedf.cuni.cz\/khv\/fotogalerie\/koncerty\/karolinum-17-11-2019\/\">Karolinum, 17. 11. 2019<\/a><\/li>\n\t<li class=\"page_item page-item-3474\"><a href=\"https:\/\/pages.pedf.cuni.cz\/khv\/fotogalerie\/koncerty\/rudolfinum-22-1-2019\/\">Rudolfinum, 22. 1. 2019<\/a><\/li>\n\t<li class=\"page_item page-item-3477\"><a href=\"https:\/\/pages.pedf.cuni.cz\/khv\/fotogalerie\/koncerty\/karolinum-16-11-2016\/\">Karolinum, 16. 11. 2016<\/a><\/li>\n\t<li class=\"page_item page-item-442\"><a href=\"https:\/\/pages.pedf.cuni.cz\/khv\/fotogalerie\/koncerty\/rudolfinum-11-5-2015\/\">Rudolfinum, 11. 5. 2015<\/a><\/li>\n<\/ul>\n<\/li>\n<li class=\"page_item page-item-383\"><a href=\"https:\/\/pages.pedf.cuni.cz\/khv\/fotogalerie\/vyuka\/\">V\u00fduka<\/a><\/li>\n<\/ul>\n","protected":false},"excerpt":{"rendered":"","protected":false},"author":422,"featured_media":0,"parent":0,"menu_order":0,"comment_status":"closed","ping_status":"closed","template":"","meta":{"footnotes":""},"class_list":["post-377","page","type-page","status-publish","hentry"],"_links":{"self":[{"href":"https:\/\/pages.pedf.cuni.cz\/khv\/wp-json\/wp\/v2\/pages\/377","targetHints":{"allow":["GET"]}}],"collection":[{"href":"https:\/\/pages.pedf.cuni.cz\/khv\/wp-json\/wp\/v2\/pages"}],"about":[{"href":"https:\/\/pages.pedf.cuni.cz\/khv\/wp-json\/wp\/v2\/types\/page"}],"author":[{"embeddable":true,"href":"https:\/\/pages.pedf.cuni.cz\/khv\/wp-json\/wp\/v2\/users\/422"}],"replies":[{"embeddable":true,"href":"https:\/\/pages.pedf.cuni.cz\/khv\/wp-json\/wp\/v2\/comments?post=377"}],"version-history":[{"count":0,"href":"https:\/\/pages.pedf.cuni.cz\/khv\/wp-json\/wp\/v2\/pages\/377\/revisions"}],"wp:attachment":[{"href":"https:\/\/pages.pedf.cuni.cz\/khv\/wp-json\/wp\/v2\/media?parent=377"}],"curies":[{"name":"wp","href":"https:\/\/api.w.org\/{rel}","templated":true}]}}