{"id":494,"date":"2015-05-25T13:32:25","date_gmt":"2015-05-25T11:32:25","guid":{"rendered":"http:\/\/pages.pedf.cuni.cz\/khv\/?page_id=494"},"modified":"2022-06-02T17:28:31","modified_gmt":"2022-06-02T15:28:31","slug":"statni-bakalarska-zkouska","status":"publish","type":"page","link":"https:\/\/pages.pedf.cuni.cz\/khv\/studium\/bc-studium\/hra-na-nastroj\/statni-bakalarska-zkouska\/","title":{"rendered":"St\u00e1tn\u00ed bakal\u00e1\u0159sk\u00e1 zkou\u0161ka"},"content":{"rendered":"<p>Bakal\u00e1\u0159sk\u00e1 st\u00e1tn\u00ed zkou\u0161ka (BSZ) <strong>oboru Hra na n\u00e1stroj <\/strong>sest\u00e1v\u00e1 ze dvou \u010d\u00e1st\u00ed:<\/p>\n<div id=\"primary\" class=\"content-area\">\n<div id=\"content\" class=\"site-content\">\n<article id=\"post-496\" class=\"post-496 page type-page status-publish hentry\">\n<div class=\"entry-content\">\n<ul>\n<li>bakal\u00e1\u0159sk\u00e9 koncertn\u00ed vystoupen\u00ed a jeho obhajoba<\/li>\n<li>\u00fastn\u00ed zkou\u0161ka z d\u011bjin n\u00e1stroje a n\u00e1strojov\u00e9 literatury &#8211; p\u0159edn\u00e1\u0161ka v trv\u00e1n\u00ed cca 10 minut a n\u00e1sledn\u00e1 diskuze v jednom ze zvolen\u00fdch okruh\u016f:<\/li>\n<\/ul>\n<p>a) klav\u00edr:<\/p>\n<ol>\n<li>V\u00fdvoj kl\u00e1vesov\u00fdch n\u00e1stroj\u016f, klav\u00edr<\/li>\n<li>Baroko, klasicismus \u2013 hudba pro strunn\u00e9 kl\u00e1vesov\u00e9 n\u00e1stroje. (klavichord, cembalo) a klav\u00edr, v\u00fdznamn\u00e9 osobnosti v t\u00e9to oblasti.<\/li>\n<li>Romantismus \u2013 klav\u00edrn\u00ed literatura a v\u00fdznamn\u00e9 osobnosti t\u00e9to epochy.<\/li>\n<li>20. stolet\u00ed v klav\u00edrn\u00ed literatu\u0159e.<\/li>\n<li>\u010cesk\u00e1 klav\u00edrn\u00ed literatura.<\/li>\n<li>Kl\u00ed\u010dov\u00e9 momenty v\u00fdvoje klav\u00edrn\u00ed metodiky<\/li>\n<\/ol>\n<p>b) housle:<\/p>\n<ol>\n<li>V\u00fdvoj strunn\u00fdch smy\u010dcov\u00fdch n\u00e1stroj\u016f.<\/li>\n<li>V\u00fdrazn\u00e9 osobnosti v\u00a0barokn\u00ed a klasick\u00e9 houslov\u00e9 literatu\u0159e.<\/li>\n<li>V\u00fdrazn\u00e9 osobnosti v\u00a0romantick\u00e9 houslov\u00e9 literatu\u0159e.<\/li>\n<li>20. stolet\u00ed v\u00a0houslov\u00e9 literatu\u0159e.<\/li>\n<li>\u010cesk\u00e1 houslov\u00e1 literatura.<\/li>\n<li>Kl\u00ed\u010dov\u00e9 momenty v\u00fdvoje houslov\u00e9 metodiky.<\/li>\n<\/ol>\n<\/div>\n<\/article>\n<\/div>\n<\/div>\n","protected":false},"excerpt":{"rendered":"<p>Bakal\u00e1\u0159sk\u00e1 st\u00e1tn\u00ed zkou\u0161ka (BSZ) oboru Hra na n\u00e1stroj sest\u00e1v\u00e1 ze dvou \u010d\u00e1st\u00ed: bakal\u00e1\u0159sk\u00e9 koncertn\u00ed vystoupen\u00ed a jeho obhajoba \u00fastn\u00ed zkou\u0161ka z d\u011bjin n\u00e1stroje a n\u00e1strojov\u00e9 literatury &#8211; p\u0159edn\u00e1\u0161ka v trv\u00e1n\u00ed cca 10 minut a n\u00e1sledn\u00e1 diskuze v jednom ze zvolen\u00fdch okruh\u016f: a) klav\u00edr: V\u00fdvoj kl\u00e1vesov\u00fdch n\u00e1stroj\u016f, klav\u00edr Baroko, klasicismus \u2013 hudba pro strunn\u00e9 kl\u00e1vesov\u00e9 n\u00e1stroje. [&hellip;]<\/p>\n","protected":false},"author":422,"featured_media":0,"parent":422,"menu_order":2,"comment_status":"closed","ping_status":"closed","template":"","meta":{"footnotes":""},"class_list":["post-494","page","type-page","status-publish","hentry"],"_links":{"self":[{"href":"https:\/\/pages.pedf.cuni.cz\/khv\/wp-json\/wp\/v2\/pages\/494","targetHints":{"allow":["GET"]}}],"collection":[{"href":"https:\/\/pages.pedf.cuni.cz\/khv\/wp-json\/wp\/v2\/pages"}],"about":[{"href":"https:\/\/pages.pedf.cuni.cz\/khv\/wp-json\/wp\/v2\/types\/page"}],"author":[{"embeddable":true,"href":"https:\/\/pages.pedf.cuni.cz\/khv\/wp-json\/wp\/v2\/users\/422"}],"replies":[{"embeddable":true,"href":"https:\/\/pages.pedf.cuni.cz\/khv\/wp-json\/wp\/v2\/comments?post=494"}],"version-history":[{"count":4,"href":"https:\/\/pages.pedf.cuni.cz\/khv\/wp-json\/wp\/v2\/pages\/494\/revisions"}],"predecessor-version":[{"id":4802,"href":"https:\/\/pages.pedf.cuni.cz\/khv\/wp-json\/wp\/v2\/pages\/494\/revisions\/4802"}],"up":[{"embeddable":true,"href":"https:\/\/pages.pedf.cuni.cz\/khv\/wp-json\/wp\/v2\/pages\/422"}],"wp:attachment":[{"href":"https:\/\/pages.pedf.cuni.cz\/khv\/wp-json\/wp\/v2\/media?parent=494"}],"curies":[{"name":"wp","href":"https:\/\/api.w.org\/{rel}","templated":true}]}}

Státní bakalářská zkouška

<p>Bakalářská státní zkouška (BSZ) <strong>oboru Hra na nástroj </strong>sestává ze dvou částí:</p>
<div id="primary" class="content-area">
<div id="content" class="site-content">
<article id="post-496" class="post-496 page type-page status-publish hentry">
<div class="entry-content">
<ul>
<li>bakalářské koncertní vystoupení a jeho obhajoba</li>
<li>ústní zkouška z dějin nástroje a nástrojové literatury &#8211; přednáška v trvání cca 10 minut a následná diskuze v jednom ze zvolených okruhů:</li>
</ul>
<p>a) klavír:</p>
<ol>
<li>Vývoj klávesových nástrojů, klavír</li>
<li>Baroko, klasicismus – hudba pro strunné klávesové nástroje. (klavichord, cembalo) a klavír, významné osobnosti v této oblasti.</li>
<li>Romantismus – klavírní literatura a významné osobnosti této epochy.</li>
<li>20. století v klavírní literatuře.</li>
<li>Česká klavírní literatura.</li>
<li>Klíčové momenty vývoje klavírní metodiky</li>
</ol>
<p>b) housle:</p>
<ol>
<li>Vývoj strunných smyčcových nástrojů.</li>
<li>Výrazné osobnosti v barokní a klasické houslové literatuře.</li>
<li>Výrazné osobnosti v romantické houslové literatuře.</li>
<li>20. století v houslové literatuře.</li>
<li>Česká houslová literatura.</li>
<li>Klíčové momenty vývoje houslové metodiky.</li>
</ol>
</div>
</article>
</div>
</div>

<p>Bakalářská státní zkouška (BSZ) oboru Hra na nástroj sestává ze dvou částí: bakalářské koncertní vystoupení a jeho obhajoba ústní zkouška z dějin nástroje a nástrojové literatury &#8211; přednáška v trvání cca 10 minut a následná diskuze v jednom ze zvolených okruhů: a) klavír: Vývoj klávesových nástrojů, klavír Baroko, klasicismus – hudba pro strunné klávesové nástroje. [&hellip;]</p>
