{"id":543,"date":"2015-05-25T15:48:16","date_gmt":"2015-05-25T13:48:16","guid":{"rendered":"http:\/\/pages.pedf.cuni.cz\/khv\/?page_id=543"},"modified":"2015-05-25T15:48:16","modified_gmt":"2015-05-25T13:48:16","slug":"kubatova-gabriela-phdr-ph-d","status":"publish","type":"page","link":"https:\/\/pages.pedf.cuni.cz\/khv\/profil-katedry\/pracovnici-katedry\/profily-vyucujicich\/kubatova-gabriela-phdr-ph-d\/","title":{"rendered":"Kub\u00e1tov\u00e1 Gabriela, PhDr., Ph.D."},"content":{"rendered":"<p>str\u00e1nka ve v\u00fdstavb\u011b<\/p>\n","protected":false},"excerpt":{"rendered":"<p>str\u00e1nka ve v\u00fdstavb\u011b<\/p>\n","protected":false},"author":422,"featured_media":0,"parent":271,"menu_order":6,"comment_status":"closed","ping_status":"closed","template":"","meta":{"footnotes":""},"class_list":["post-543","page","type-page","status-publish","hentry"],"_links":{"self":[{"href":"https:\/\/pages.pedf.cuni.cz\/khv\/wp-json\/wp\/v2\/pages\/543","targetHints":{"allow":["GET"]}}],"collection":[{"href":"https:\/\/pages.pedf.cuni.cz\/khv\/wp-json\/wp\/v2\/pages"}],"about":[{"href":"https:\/\/pages.pedf.cuni.cz\/khv\/wp-json\/wp\/v2\/types\/page"}],"author":[{"embeddable":true,"href":"https:\/\/pages.pedf.cuni.cz\/khv\/wp-json\/wp\/v2\/users\/422"}],"replies":[{"embeddable":true,"href":"https:\/\/pages.pedf.cuni.cz\/khv\/wp-json\/wp\/v2\/comments?post=543"}],"version-history":[{"count":0,"href":"https:\/\/pages.pedf.cuni.cz\/khv\/wp-json\/wp\/v2\/pages\/543\/revisions"}],"up":[{"embeddable":true,"href":"https:\/\/pages.pedf.cuni.cz\/khv\/wp-json\/wp\/v2\/pages\/271"}],"wp:attachment":[{"href":"https:\/\/pages.pedf.cuni.cz\/khv\/wp-json\/wp\/v2\/media?parent=543"}],"curies":[{"name":"wp","href":"https:\/\/api.w.org\/{rel}","templated":true}]}}