{"id":562,"date":"2015-05-25T16:43:02","date_gmt":"2015-05-25T14:43:02","guid":{"rendered":"http:\/\/pages.pedf.cuni.cz\/khv\/?page_id=562"},"modified":"2015-10-29T21:51:22","modified_gmt":"2015-10-29T20:51:22","slug":"562-2","status":"publish","type":"page","link":"https:\/\/pages.pedf.cuni.cz\/khv\/profil-katedry\/pracovnici-katedry\/profily-vyucujicich\/562-2\/","title":{"rendered":"St\u0159\u00edtesk\u00e1 Leona, Mgr. PhDr., Ph.D."},"content":{"rendered":"<p><strong>VZD\u011aL\u00c1N\u00cd<\/strong><\/p>\n<p>2010\u20132013 \u00a0\u00a0\u00a0\u00a0\u00a0\u00a0\u00a0 Katolick\u00e1 teologick\u00e1 fakulta UK Praha \u2013 obor Teologick\u00e9 nauky (Mgr.)<\/p>\n<p>2006\u20132010\u00a0\u00a0\u00a0\u00a0\u00a0\u00a0\u00a0\u00a0 Katolick\u00e1 teologick\u00e1 fakulta UK Praha \u2013 obor Teologick\u00e9 nauky (Bc.)<\/p>\n<p>2003\u20132006\u00a0\u00a0\u00a0\u00a0\u00a0\u00a0\u00a0\u00a0 Pedagogick\u00e1 fakulta UK Praha \u2013 postgradu\u00e1ln\u00ed studium (PhDr., Ph.D.)<\/p>\n<p>1998\u20132003\u00a0\u00a0\u00a0\u00a0\u00a0\u00a0\u00a0\u00a0 Pedagogick\u00e1 fakulta UK Praha, obor Hudebn\u00ed v\u00fdchova \u2013 Sbormistrovstv\u00ed\u00a0 (Mgr.)<\/p>\n<p>1992\u20131998\u00a0\u00a0\u00a0\u00a0\u00a0\u00a0\u00a0\u00a0 Gymn\u00e1zium Otokara B\u0159eziny Tel\u010d<\/p>\n<p>&nbsp;<\/p>\n<p><strong>ZAM\u011aSTN\u00c1N\u00cd<\/strong><\/p>\n<p>2007\u2013dosud\u00a0\u00a0\u00a0\u00a0\u00a0\u00a0 Farnost Matky Bo\u017e\u00ed p\u0159ed T\u00fdnem, Praha<\/p>\n<p>2006\u2013dosud\u00a0\u00a0\u00a0\u00a0\u00a0\u00a0 Pedagogick\u00e1 fakulta UK Praha, katedra hudebn\u00ed v\u00fdchovy<\/p>\n<p>2006\u20132008\u00a0\u00a0\u00a0\u00a0\u00a0\u00a0\u00a0\u00a0 ZU\u0160 Jana Hanu\u0161e, Praha 6<\/p>\n<p>2003\u20132005\u00a0\u00a0\u00a0\u00a0\u00a0\u00a0\u00a0\u00a0 Arcibiskupsk\u00e9 gymn\u00e1zium, Praha<\/p>\n<p>2001\u20132006\u00a0\u00a0\u00a0\u00a0\u00a0\u00a0\u00a0\u00a0 ZU\u0160 \u0160tef\u00e1nikova, Praha 5<\/p>\n<p><strong>\u00a0<\/strong><\/p>\n<p><strong>ODBORN\u00c1 A UM\u011aLECK\u00c1 \u010cINNOST<\/strong><\/p>\n<p>2005\u2013dosud\u00a0\u00a0\u00a0\u00a0\u00a0\u00a0 sbormistryn\u011b sboru Notre Dame (p\u0159i chr\u00e1mu Matky Bo\u017e\u00ed p\u0159ed T\u00fdnem v\u00a0Praze)<\/p>\n<p>2001\u20132008\u00a0\u00a0\u00a0\u00a0\u00a0\u00a0\u00a0\u00a0 sbormistryn\u011b sboru Ml\u00e1d\u00ed, Praha<\/p>\n<p>2001\u20132006\u00a0\u00a0\u00a0\u00a0\u00a0\u00a0\u00a0\u00a0 sbormistryn\u011b sboru Srd\u00ed\u010dko, Tel\u010d<\/p>\n<p>1999\u20132006\u00a0\u00a0\u00a0\u00a0\u00a0\u00a0\u00a0\u00a0 sbormistryn\u011b sboru Cordia, Tel\u010d<\/p>\n<p>korepetitorka s\u00f3lov\u00fdch zp\u011bv\u00e1k\u016f (klav\u00edr, varhany)<\/p>\n<p>&nbsp;<\/p>\n<p>2011\u00a0\u00a0\u00a0\u00a0\u00a0\u00a0\u00a0\u00a0\u00a0\u00a0\u00a0\u00a0\u00a0\u00a0\u00a0\u00a0\u00a0 \u010dlenka organiza\u010dn\u00edho t\u00fdmu v\u00fdstavy <em>Svat\u00e1 Ane\u017eka, princezna a \u0159eholnice<\/em>, po\u0159\u00e1dan\u00e9 Arcibiskupstv\u00edm pra\u017esk\u00fdm a N\u00e1rodn\u00ed galeri\u00ed v\u00a0Ane\u017esk\u00e9m kl\u00e1\u0161te\u0159e v\u00a0Praze<\/p>\n<p>2008\u20132009\u00a0\u00a0\u00a0\u00a0\u00a0\u00a0\u00a0\u00a0 \u010dlenka organiza\u010dn\u00edho t\u00fdmu v\u00fdstavy <em>Svat\u00fd V\u00e1clav, ochr\u00e1nce \u010cesk\u00e9 zem\u011b<\/em>, po\u0159\u00e1dan\u00e9 Arcibiskupstv\u00edm pra\u017esk\u00fdm a N\u00e1rodn\u00ed galeri\u00ed v\u00a0Ane\u017esk\u00e9m kl\u00e1\u0161te\u0159e v\u00a0Praze<\/p>\n<p>2008\u00a0\u00a0\u00a0\u00a0\u00a0\u00a0\u00a0\u00a0\u00a0\u00a0\u00a0\u00a0\u00a0\u00a0\u00a0\u00a0\u00a0 editorka katalogu k\u00a0v\u00fdstav\u011b <em>Svat\u00fd V\u00e1clav, ochr\u00e1nce \u010cesk\u00e9 zem\u011b<\/em><\/p>\n<p>2001\u2013dosud\u00a0\u00a0\u00a0\u00a0\u00a0\u00a0 spolupr\u00e1ce s\u00a0Diec\u00e9zn\u00edm konzerv\u00e1torsk\u00fdm centrem p\u0159i Arcibiskupstv\u00ed pra\u017esk\u00e9m \u2013 ochrana pam\u00e1tek<\/p>\n<p><strong>\u00a0<\/strong><\/p>\n<p><strong>SOUT\u011a\u017dE, OCEN\u011aN\u00cd<\/strong><\/p>\n<p>2011 \u00a0\u00a0\u00a0\u00a0\u00a0\u00a0 Festival adventn\u00ed a v\u00e1no\u010dn\u00ed hudby s\u00a0cenou Petra Ebena\u00a0 st\u0159\u00edbrn\u00e9 p\u00e1smo<\/p>\n<p>2005 \u00a0\u00a0\u00a0\u00a0\u00a0\u00a0 ud\u011blena Cena m\u011bsta Tel\u010de<\/p>\n<p>2002\u00a0\u00a0\u00a0\u00a0\u00a0\u00a0\u00a0 Festival duchovn\u00ed hudby Tibi laus Most \u2013 zvl\u00e1\u0161tn\u00ed cena za nejlep\u0161\u00ed proveden\u00ed skladby J. Laburdy<\/p>\n<p>2002 \u00a0\u00a0\u00a0\u00a0\u00a0\u00a0 II. Sbormistrovsk\u00e1 sout\u011b\u017e student\u016f\u00a0PedF\u00a0\u010cR Praha 2002\u00a0 absolutn\u00ed v\u00edt\u011bz<\/p>\n<p>2000\u00a0\u00a0\u00a0\u00a0\u00a0\u00a0\u00a0 I. Sbormistrovsk\u00e1 sout\u011b\u017e student\u016f\u00a0PedF\u00a0\u010cR\u00a0\u00a0 zlat\u00e9 p\u00e1smo<\/p>\n<p>2012\u00a0\u00a0\u00a0\u00a0\u00a0\u00a0\u00a0 Mezin\u00e1rodn\u00ed festival Praga Cantat &#8211; zlat\u00e9 p\u00e1smo<\/p>\n","protected":false},"excerpt":{"rendered":"<p>VZD\u011aL\u00c1N\u00cd 2010\u20132013 \u00a0\u00a0\u00a0\u00a0\u00a0\u00a0\u00a0 Katolick\u00e1 teologick\u00e1 fakulta UK Praha \u2013 obor Teologick\u00e9 nauky (Mgr.) 2006\u20132010\u00a0\u00a0\u00a0\u00a0\u00a0\u00a0\u00a0\u00a0 Katolick\u00e1 teologick\u00e1 fakulta UK Praha \u2013 obor Teologick\u00e9 nauky (Bc.) 2003\u20132006\u00a0\u00a0\u00a0\u00a0\u00a0\u00a0\u00a0\u00a0 Pedagogick\u00e1 fakulta UK Praha \u2013 postgradu\u00e1ln\u00ed studium (PhDr., Ph.D.) 1998\u20132003\u00a0\u00a0\u00a0\u00a0\u00a0\u00a0\u00a0\u00a0 Pedagogick\u00e1 fakulta UK Praha, obor Hudebn\u00ed v\u00fdchova \u2013 Sbormistrovstv\u00ed\u00a0 (Mgr.) 1992\u20131998\u00a0\u00a0\u00a0\u00a0\u00a0\u00a0\u00a0\u00a0 Gymn\u00e1zium Otokara B\u0159eziny Tel\u010d &nbsp; ZAM\u011aSTN\u00c1N\u00cd 2007\u2013dosud\u00a0\u00a0\u00a0\u00a0\u00a0\u00a0 Farnost Matky [&hellip;]<\/p>\n","protected":false},"author":422,"featured_media":0,"parent":271,"menu_order":12,"comment_status":"closed","ping_status":"closed","template":"","meta":{"footnotes":""},"class_list":["post-562","page","type-page","status-publish","hentry"],"_links":{"self":[{"href":"https:\/\/pages.pedf.cuni.cz\/khv\/wp-json\/wp\/v2\/pages\/562","targetHints":{"allow":["GET"]}}],"collection":[{"href":"https:\/\/pages.pedf.cuni.cz\/khv\/wp-json\/wp\/v2\/pages"}],"about":[{"href":"https:\/\/pages.pedf.cuni.cz\/khv\/wp-json\/wp\/v2\/types\/page"}],"author":[{"embeddable":true,"href":"https:\/\/pages.pedf.cuni.cz\/khv\/wp-json\/wp\/v2\/users\/422"}],"replies":[{"embeddable":true,"href":"https:\/\/pages.pedf.cuni.cz\/khv\/wp-json\/wp\/v2\/comments?post=562"}],"version-history":[{"count":0,"href":"https:\/\/pages.pedf.cuni.cz\/khv\/wp-json\/wp\/v2\/pages\/562\/revisions"}],"up":[{"embeddable":true,"href":"https:\/\/pages.pedf.cuni.cz\/khv\/wp-json\/wp\/v2\/pages\/271"}],"wp:attachment":[{"href":"https:\/\/pages.pedf.cuni.cz\/khv\/wp-json\/wp\/v2\/media?parent=562"}],"curies":[{"name":"wp","href":"https:\/\/api.w.org\/{rel}","templated":true}]}}

Stříteská Leona, Mgr. PhDr., Ph.D.

<p><strong>VZDĚLÁNÍ</strong></p>
<p>2010–2013         Katolická teologická fakulta UK Praha – obor Teologické nauky (Mgr.)</p>
<p>2006–2010         Katolická teologická fakulta UK Praha – obor Teologické nauky (Bc.)</p>
<p>2003–2006         Pedagogická fakulta UK Praha – postgraduální studium (PhDr., Ph.D.)</p>
<p>1998–2003         Pedagogická fakulta UK Praha, obor Hudební výchova – Sbormistrovství  (Mgr.)</p>
<p>1992–1998         Gymnázium Otokara Březiny Telč</p>
<p>&nbsp;</p>
<p><strong>ZAMĚSTNÁNÍ</strong></p>
<p>2007–dosud       Farnost Matky Boží před Týnem, Praha</p>
<p>2006–dosud       Pedagogická fakulta UK Praha, katedra hudební výchovy</p>
<p>2006–2008         ZUŠ Jana Hanuše, Praha 6</p>
<p>2003–2005         Arcibiskupské gymnázium, Praha</p>
<p>2001–2006         ZUŠ Štefánikova, Praha 5</p>
<p><strong> </strong></p>
<p><strong>ODBORNÁ A UMĚLECKÁ ČINNOST</strong></p>
<p>2005–dosud       sbormistryně sboru Notre Dame (při chrámu Matky Boží před Týnem v Praze)</p>
<p>2001–2008         sbormistryně sboru Mládí, Praha</p>
<p>2001–2006         sbormistryně sboru Srdíčko, Telč</p>
<p>1999–2006         sbormistryně sboru Cordia, Telč</p>
<p>korepetitorka sólových zpěváků (klavír, varhany)</p>
<p>&nbsp;</p>
<p>2011                  členka organizačního týmu výstavy <em>Svatá Anežka, princezna a řeholnice</em>, pořádané Arcibiskupstvím pražským a Národní galerií v Anežském klášteře v Praze</p>
<p>2008–2009         členka organizačního týmu výstavy <em>Svatý Václav, ochránce České země</em>, pořádané Arcibiskupstvím pražským a Národní galerií v Anežském klášteře v Praze</p>
<p>2008                  editorka katalogu k výstavě <em>Svatý Václav, ochránce České země</em></p>
<p>2001–dosud       spolupráce s Diecézním konzervátorským centrem při Arcibiskupství pražském – ochrana památek</p>
<p><strong> </strong></p>
<p><strong>SOUTĚŽE, OCENĚNÍ</strong></p>
<p>2011        Festival adventní a vánoční hudby s cenou Petra Ebena  stříbrné pásmo</p>
<p>2005        udělena Cena města Telče</p>
<p>2002        Festival duchovní hudby Tibi laus Most – zvláštní cena za nejlepší provedení skladby J. Laburdy</p>
<p>2002        II. Sbormistrovská soutěž studentů PedF ČR Praha 2002  absolutní vítěz</p>
<p>2000        I. Sbormistrovská soutěž studentů PedF ČR   zlaté pásmo</p>
<p>2012        Mezinárodní festival Praga Cantat &#8211; zlaté pásmo</p>

<p>VZDĚLÁNÍ 2010–2013         Katolická teologická fakulta UK Praha – obor Teologické nauky (Mgr.) 2006–2010         Katolická teologická fakulta UK Praha – obor Teologické nauky (Bc.) 2003–2006         Pedagogická fakulta UK Praha – postgraduální studium (PhDr., Ph.D.) 1998–2003         Pedagogická fakulta UK Praha, obor Hudební výchova – Sbormistrovství  (Mgr.) 1992–1998         Gymnázium Otokara Březiny Telč &nbsp; ZAMĚSTNÁNÍ 2007–dosud       Farnost Matky [&hellip;]</p>
