{"id":5911,"date":"2024-09-12T13:00:34","date_gmt":"2024-09-12T11:00:34","guid":{"rendered":"https:\/\/pages.pedf.cuni.cz\/khv\/?page_id=5911"},"modified":"2024-10-22T17:52:19","modified_gmt":"2024-10-22T15:52:19","slug":"studenti_spu","status":"publish","type":"page","link":"https:\/\/pages.pedf.cuni.cz\/khv\/studenti_spu\/","title":{"rendered":"Studenti_SPU"},"content":{"rendered":"<div class=\"container pageHolder\">\n<div class=\"row d-block\">\n<div class=\"dright   \">\n<div class=\"subPageMargin\">\n<div class=\"overflowHidden\">\n<h2><span style=\"color: #ff0000\">Informace pro studenty se SPU<br \/><\/span><\/h2>\n<\/div>\n<\/div>\n<\/div>\n<\/div>\n<\/div>\n\n\n<p>P\u0159em\u00fd\u0161l\u00edte o statutu studenta se specifick\u00fdmi pot\u0159ebami? Nev\u00edte, co to obn\u00e1\u0161\u00ed?<\/p>\n\n\n\n<p>Jste studuj\u00edc\u00ed se specifick\u00fdmi pot\u0159ebami a pot\u0159ebujete se zorientovat na kated\u0159e, poradit se o studijn\u00edch pl\u00e1nech \u010di aktivit\u00e1ch katedry?&nbsp;Pot\u0159ebujete jinou konzultaci \u010di podporu v r\u00e1mci sv\u00e9ho studia?&nbsp;<\/p>\n\n\n\n<p>Pros\u00edm, obra\u0165te se na n\u00e1s&nbsp;a my se budeme sna\u017eit pomoci.&nbsp;<\/p>\n\n\n\n<p>Na term\u00ednu konzultac\u00ed se, pros\u00edm, v\u017edy domluvte emailem.<br><br>Koordin\u00e1torka KHV pro studenty se specifick\u00fdmi pot\u0159ebami:\u00a0<br>PhDr. Magdalena Sal\u00e1kov\u00e1, Ph.D.<br>e-mail:\u00a0<a href=\"mailto:magdalena.salakova@pedf.cuni.cz\" target=\"_blank\" rel=\"noreferrer noopener\">magdalena.salakova@pedf.cuni.cz<\/a><\/p>\n\n\n\n<p>D\u00e1le je mo\u017en\u00e9 bez p\u0159edchoz\u00edho objedn\u00e1n\u00ed nav\u0161t\u00edvit poradnu, kter\u00e1 m\u00e1 v roce 2024-25 otev\u0159en\u00e9 konzultace v t\u011bchto term\u00ednech:&nbsp;<\/p>\n\n\n\n<p>\u2022&nbsp;<strong>Pond\u011bl\u00ed 14:00-15:00 \/&nbsp;<\/strong>&nbsp;PhDr.Olga Ku\u010derov\u00e1, Ph.D.<\/p>\n\n\n\n<p>\u2022&nbsp;<strong>\u00dater\u00fd 9:00-11:00<\/strong>&nbsp;\/ Bc. Veronika Chalupov\u00e1:<\/p>\n\n\n\n<p>\u2022&nbsp;<strong>St\u0159eda 9:00-11:00<\/strong>&nbsp;\/ Mgr. Krist\u00fdna Jany\u0161kov\u00e1, Ph.D.<\/p>\n\n\n\n<p>\u2022&nbsp;<strong>\u010ctvrtek 10:00-11:00 \/<\/strong>&nbsp;PhDr. Pavla Presslerov\u00e1, Ph.D.<\/p>\n\n\n\n<p>Pro konzultace v jin\u00e9 \u010dasy se lze objednat na&nbsp;<a href=\"mailto:@\">poradna@pedf.cuni.cz<\/a>, p\u0159\u00edpadn\u011b i osobn\u011b v otev\u0159en\u00fdch konzultac\u00edch, s mo\u017enost\u00ed domluvy na n\u00e1sleduj\u00edc\u00edm term\u00ednu.<\/p>\n\n\n\n<p>Odkaz na str\u00e1nky poradny:&nbsp;&nbsp;<\/p>\n\n\n\n<figure class=\"wp-block-embed is-type-wp-embed is-provider-akademick-poradna wp-block-embed-akademick-poradna\"><div class=\"wp-block-embed__wrapper\">\n<blockquote class=\"wp-embedded-content\" data-secret=\"MDZU6dpcIs\"><a href=\"https:\/\/pages.pedf.cuni.cz\/poradna\/specialne-pedagogicke-poradenstvi\/\">Speci\u00e1ln\u011b pedagogick\u00e9 poradenstv\u00ed<\/a><\/blockquote><iframe loading=\"lazy\" class=\"wp-embedded-content\" sandbox=\"allow-scripts\" security=\"restricted\" style=\"position: absolute; visibility: hidden;\" title=\"&#8222;Speci\u00e1ln\u011b pedagogick\u00e9 poradenstv\u00ed&#8220; &#8212; Akademick\u00e1 poradna\" src=\"https:\/\/pages.pedf.cuni.cz\/poradna\/specialne-pedagogicke-poradenstvi\/embed\/#?secret=ql1pS08ovO#?secret=MDZU6dpcIs\" data-secret=\"MDZU6dpcIs\" width=\"600\" height=\"338\" frameborder=\"0\" marginwidth=\"0\" marginheight=\"0\" scrolling=\"no\"><\/iframe>\n<\/div><\/figure>\n","protected":false},"excerpt":{"rendered":"<p>Informace pro studenty se SPU P\u0159em\u00fd\u0161l\u00edte o statutu studenta se specifick\u00fdmi pot\u0159ebami? Nev\u00edte, co to obn\u00e1\u0161\u00ed? Jste studuj\u00edc\u00ed se specifick\u00fdmi pot\u0159ebami a pot\u0159ebujete se zorientovat na kated\u0159e, poradit se o studijn\u00edch pl\u00e1nech \u010di aktivit\u00e1ch katedry?&nbsp;Pot\u0159ebujete jinou konzultaci \u010di podporu v r\u00e1mci sv\u00e9ho studia?&nbsp; Pros\u00edm, obra\u0165te se na n\u00e1s&nbsp;a my se budeme sna\u017eit pomoci.&nbsp; Na term\u00ednu [&hellip;]<\/p>\n","protected":false},"author":422,"featured_media":0,"parent":0,"menu_order":0,"comment_status":"closed","ping_status":"closed","template":"","meta":{"footnotes":""},"class_list":["post-5911","page","type-page","status-publish","hentry"],"_links":{"self":[{"href":"https:\/\/pages.pedf.cuni.cz\/khv\/wp-json\/wp\/v2\/pages\/5911","targetHints":{"allow":["GET"]}}],"collection":[{"href":"https:\/\/pages.pedf.cuni.cz\/khv\/wp-json\/wp\/v2\/pages"}],"about":[{"href":"https:\/\/pages.pedf.cuni.cz\/khv\/wp-json\/wp\/v2\/types\/page"}],"author":[{"embeddable":true,"href":"https:\/\/pages.pedf.cuni.cz\/khv\/wp-json\/wp\/v2\/users\/422"}],"replies":[{"embeddable":true,"href":"https:\/\/pages.pedf.cuni.cz\/khv\/wp-json\/wp\/v2\/comments?post=5911"}],"version-history":[{"count":14,"href":"https:\/\/pages.pedf.cuni.cz\/khv\/wp-json\/wp\/v2\/pages\/5911\/revisions"}],"predecessor-version":[{"id":5979,"href":"https:\/\/pages.pedf.cuni.cz\/khv\/wp-json\/wp\/v2\/pages\/5911\/revisions\/5979"}],"wp:attachment":[{"href":"https:\/\/pages.pedf.cuni.cz\/khv\/wp-json\/wp\/v2\/media?parent=5911"}],"curies":[{"name":"wp","href":"https:\/\/api.w.org\/{rel}","templated":true}]}}